46.246.36.199 - - [02/Jun/2014:00:18:49 +0200] "GET /wp-login.php?registration=disabled HTTP/1.1" 200 3193 "http://www.a-und-h.de/" "Mozilla/5.0 (Windows NT 6.2) AppleWebKit/537.36 (KHTML, like Gecko) Chrome/27.0.1453.116 Safari/537.36"
217.69.133.239 - - [02/Jun/2014:00:36:25 +0200] "GET /robots.txt HTTP/1.1" 200 59 "-" "Mozilla/5.0 (compatible; Linux x86_64; Mail.RU_Bot/2.0; +http://go.mail.ru/help/robots)"
217.69.133.70 - - [02/Jun/2014:00:36:27 +0200] "GET /expertise HTTP/1.1" 200 20653 "-" "Mozilla/5.0 (compatible; Linux x86_64; Mail.RU_Bot/2.0; +http://go.mail.ru/help/robots)"
217.69.133.235 - - [02/Jun/2014:00:36:30 +0200] "GET /downloads-ru HTTP/1.1" 200 19279 "-" "Mozilla/5.0 (compatible; Linux x86_64; Mail.RU_Bot/2.0; +http://go.mail.ru/help/robots)"
217.69.133.237 - - [02/Jun/2014:00:36:32 +0200] "GET /%D0%BE%D1%81%D1%83%D1%88%D0%B5%D0%BD%D0%B8%D0%B5-%D0%B2%D0%BE%D0%B7%D0%B4%D1%83%D1%85%D0%B0/%D0%BE%D1%81%D1%83%D1%88%D0%B5%D0%BD%D0%B8%D0%B5-%D0%B2%D0%BE%D0%B7%D0%B4%D1%83%D1%85%D0%B0-%D0%BF%D1%80%D0%B8%D0%BD%D1%86%D0%B8%D0%BF-%D1%80%D0%B0%D0%B1%D0%BE%D1%82%D1%8B HTTP/1.1" 200 20112 "-" "Mozilla/5.0 (compatible; Linux x86_64; Mail.RU_Bot/2.0; +http://go.mail.ru/help/robots)"
69.164.111.198 - - [02/Jun/2014:00:37:28 +0200] "GET /WP-CONTENT/UPLOADS/2012/03/MSR-SYMBOLE+KENNBUCHSTABEN.PDF HTTP/1.1" 404 16578 "-" "Mozilla/4.0 (compatible; MSIE 8.0; Windows NT 6.1; WOW64; Trident/4.0; SLCC2; .NET CLR 2.0.50727; .NET CLR 3.5.30729; .NET CLR 3.0.30729; Media Center PC 6.0; MDDC)"
93.219.164.242 - - [02/Jun/2014:00:56:49 +0200] "GET /impressum HTTP/1.1" 200 17843 "-" "Mozilla/5.0 (Windows; U; Windows NT 6.0; de; rv:1.9.2.3) Gecko/20100401 Firefox/3.6.3 ( .NET CLR 3.5.30729)"
93.219.164.242 - - [02/Jun/2014:00:57:06 +0200] "GET /downloads-de HTTP/1.1" 200 22717 "-" "Mozilla/5.0 (Windows; U; Windows NT 6.0; de; rv:1.9.2.3) Gecko/20100401 Firefox/3.6.3 ( .NET CLR 3.5.30729)"
157.55.39.115 - - [02/Jun/2014:01:01:58 +0200] "GET /air-dehumidification/principle-of-air-dehumidification HTTP/1.1" 200 18484 "-" "Mozilla/5.0 (compatible; bingbot/2.0; +http://www.bing.com/bingbot.htm)"
64.34.173.227 - - [02/Jun/2014:01:26:39 +0200] "POST /wp-login.php HTTP/1.1" 200 3368 "http://www.a-und-h.de/wp-login.php" "Mozilla/5.0 (Windows NT 6.1; WOW64) AppleWebKit/537.36 (KHTML, like Gecko) Chrome/33.0.1750.154 Safari/537.36"
31.13.97.119 - - [02/Jun/2014:01:28:04 +0200] "GET /index.swf HTTP/1.1" 404 16530 "-" "facebookexternalhit/1.1 (+http://www.facebook.com/externalhit_uatext.php)"
173.252.102.119 - - [02/Jun/2014:01:28:11 +0200] "GET /wp-content/plugins/polylang/flags/de_DE.png HTTP/1.1" 206 545 "-" "facebookexternalhit/1.1 (+http://www.facebook.com/externalhit_uatext.php)"
173.252.102.114 - - [02/Jun/2014:01:28:12 +0200] "GET /wp-content/themes/purevision/styles/style1/images/menu-active-btn_l.png HTTP/1.1" 206 754 "-" "facebookexternalhit/1.1 (+http://www.facebook.com/externalhit_uatext.php)"
173.252.102.119 - - [02/Jun/2014:01:28:12 +0200] "GET /wp-content/themes/purevision/styles/style1/images/menu-btn_l.png HTTP/1.1" 206 767 "-" "facebookexternalhit/1.1 (+http://www.facebook.com/externalhit_uatext.php)"
173.252.102.112 - - [02/Jun/2014:01:28:12 +0200] "GET /wp-content/themes/purevision/styles/style1/images/menu-with-arrow-btn_r.png HTTP/1.1" 206 322 "-" "facebookexternalhit/1.1 (+http://www.facebook.com/externalhit_uatext.php)"
173.252.102.114 - - [02/Jun/2014:01:28:11 +0200] "GET /wp-content/themes/purevision/styles/style1/images/menu-btn_r.png HTTP/1.1" 206 670 "-" "facebookexternalhit/1.1 (+http://www.facebook.com/externalhit_uatext.php)"
173.252.102.119 - - [02/Jun/2014:01:28:11 +0200] "GET /wp-content/themes/purevision/styles/style1/images/menu-active-with-arrow-btn_r.png HTTP/1.1" 206 318 "-" "facebookexternalhit/1.1 (+http://www.facebook.com/externalhit_uatext.php)"
173.252.102.115 - - [02/Jun/2014:01:28:12 +0200] "GET /wp-content/themes/purevision/styles/style1/images/menu-active-btn_r.png HTTP/1.1" 206 967 "-" "facebookexternalhit/1.1 (+http://www.facebook.com/externalhit_uatext.php)"
173.252.102.116 - - [02/Jun/2014:01:28:12 +0200] "GET /wp-content/plugins/polylang/flags/ru_RU.png HTTP/1.1" 206 420 "-" "facebookexternalhit/1.1 (+http://www.facebook.com/externalhit_uatext.php)"
173.252.102.114 - - [02/Jun/2014:01:28:12 +0200] "GET /wp-content/plugins/polylang/flags/en_US.png HTTP/1.1" 206 599 "-" "facebookexternalhit/1.1 (+http://www.facebook.com/externalhit_uatext.php)"
173.252.102.112 - - [02/Jun/2014:01:28:12 +0200] "GET /wp-content/themes/purevision/scripts/superfish-1.4.8/images/auto-arrows.png HTTP/1.1" 206 295 "-" "facebookexternalhit/1.1 (+http://www.facebook.com/externalhit_uatext.php)"
157.55.39.98 - - [02/Jun/2014:02:03:52 +0200] "GET / HTTP/1.1" 302 - "-" "Mozilla/5.0 (compatible; bingbot/2.0; +http://www.bing.com/bingbot.htm)"
157.55.33.108 - - [02/Jun/2014:02:21:58 +0200] "GET /english.html HTTP/1.1" 301 318 "-" "Mozilla/5.0 (compatible; bingbot/2.0; +http://www.bing.com/bingbot.htm)"
93.219.164.242 - - [02/Jun/2014:02:32:38 +0200] "GET /agb HTTP/1.1" 200 24133 "-" "Mozilla/5.0 (Windows; U; Windows NT 6.0; de; rv:1.9.2.3) Gecko/20100401 Firefox/3.6.3 ( .NET CLR 3.5.30729)"
94.153.10.193 - - [02/Jun/2014:02:33:52 +0200] "GET / HTTP/1.1" 302 - "http://lampokrat.ws/" "Mozilla/4.76 [en] (Windows NT 5.0; U)"
94.153.10.193 - - [02/Jun/2014:02:33:52 +0200] "GET / HTTP/1.1" 302 - "http://games.kolossale.ru/" "Mozilla/4.0 (compatible; MSIE 6.0; Windows NT 5.1) Netscape/8.0.4"
94.153.10.193 - - [02/Jun/2014:02:33:53 +0200] "GET / HTTP/1.1" 302 - "http://lampokrat.ws/" "Mozilla/4.76 [en] (Windows NT 5.0; U)"
94.153.10.193 - - [02/Jun/2014:02:33:53 +0200] "GET / HTTP/1.1" 302 - "http://games.kolossale.ru/" "Mozilla/4.0 (compatible; MSIE 6.0; Windows NT 5.1) Netscape/8.0.4"
94.153.10.193 - - [02/Jun/2014:02:33:53 +0200] "GET / HTTP/1.1" 302 - "http://lampokrat.ws/" "Mozilla/4.76 [en] (Windows NT 5.0; U)"
94.153.10.193 - - [02/Jun/2014:02:33:54 +0200] "GET / HTTP/1.1" 302 - "http://www.tiens2010.ru/" "Mozilla/4.0 (compatible- MSIE 6.0- Windows NT 5.1- SV1- .NET CLR 1.1.4322"
94.153.10.193 - - [02/Jun/2014:02:33:54 +0200] "GET / HTTP/1.1" 302 - "http://games.kolossale.ru/" "Mozilla/4.0 (compatible; MSIE 6.0; Windows NT 5.1) Netscape/8.0.4"
94.153.10.193 - - [02/Jun/2014:02:33:54 +0200] "GET / HTTP/1.1" 302 - "http://www.tiens2010.ru/" "Mozilla/4.0 (compatible- MSIE 6.0- Windows NT 5.1- SV1- .NET CLR 1.1.4322"
94.153.10.193 - - [02/Jun/2014:02:33:55 +0200] "GET / HTTP/1.1" 302 - "http://www.tiens2010.ru/" "Mozilla/4.0 (compatible- MSIE 6.0- Windows NT 5.1- SV1- .NET CLR 1.1.4322"
94.153.10.193 - - [02/Jun/2014:02:34:24 +0200] "GET / HTTP/1.1" 302 - "http://www.prostitutki-tyumeni.org/" "Mozilla/4.0 (compatible; MSIE 5.5; Windows NT 5.0; .NET CLR 1.1.4322)"
94.153.10.193 - - [02/Jun/2014:02:34:28 +0200] "GET / HTTP/1.1" 302 - "http://www.prostitutki-tyumeni.org/" "Mozilla/4.0 (compatible; MSIE 5.5; Windows NT 5.0; .NET CLR 1.1.4322)"
93.219.164.242 - - [02/Jun/2014:02:35:34 +0200] "GET /partner HTTP/1.1" 200 17403 "-" "Mozilla/5.0 (Windows; U; Windows NT 6.0; de; rv:1.9.2.3) Gecko/20100401 Firefox/3.6.3 ( .NET CLR 3.5.30729)"
93.219.164.242 - - [02/Jun/2014:02:48:41 +0200] "GET /en/ HTTP/1.1" 200 20814 "-" "Mozilla/5.0 (Windows; U; Windows NT 6.0; de; rv:1.9.2.3) Gecko/20100401 Firefox/3.6.3 ( .NET CLR 3.5.30729)"
93.219.164.242 - - [02/Jun/2014:02:48:58 +0200] "GET /company HTTP/1.1" 200 18971 "-" "Mozilla/5.0 (Windows; U; Windows NT 6.0; de; rv:1.9.2.3) Gecko/20100401 Firefox/3.6.3 ( .NET CLR 3.5.30729)"
198.245.61.43 - - [02/Jun/2014:02:52:26 +0200] "GET /en/ HTTP/1.1" 200 20814 "http://www.a-und-h.de/" "Mozilla/5.0 (Windows NT 6.2; WOW64) AppleWebKit/537.36 (KHTML, like Gecko) Chrome/27.0.1453.116 Safari/537.36"
198.245.61.43 - - [02/Jun/2014:02:52:26 +0200] "GET /wp-login.php?action=register HTTP/1.1" 302 - "http://www.a-und-h.de/" "Mozilla/5.0 (Windows NT 6.2; WOW64) AppleWebKit/537.36 (KHTML, like Gecko) Chrome/27.0.1453.116 Safari/537.36"
198.245.61.43 - - [02/Jun/2014:02:52:27 +0200] "GET /wp-login.php?registration=disabled HTTP/1.1" 200 3193 "http://www.a-und-h.de/" "Mozilla/5.0 (Windows NT 6.2; WOW64) AppleWebKit/537.36 (KHTML, like Gecko) Chrome/27.0.1453.116 Safari/537.36"
188.92.76.167 - - [02/Jun/2014:03:02:43 +0200] "HEAD / HTTP/1.1" 301 - "http://wmaid.com/explore/a-und-h.net" "Mozilla/5.0 (compatible; WebMasterAid/1.0; +http://wmaid.com/explore/)"
188.92.76.167 - - [02/Jun/2014:03:02:43 +0200] "HEAD / HTTP/1.1" 301 - "http://wmaid.com/explore/a-und-h.net" "Mozilla/5.0 (compatible; WebMasterAid/1.0; +http://wmaid.com/explore/)"
188.92.76.167 - - [02/Jun/2014:03:02:43 +0200] "HEAD / HTTP/1.1" 301 - "http://wmaid.com/explore/a-und-h.net" "Mozilla/5.0 (compatible; WebMasterAid/1.0; +http://wmaid.com/explore/)"
188.27.111.60 - - [02/Jun/2014:03:09:59 +0200] "GET / HTTP/1.1" 301 305 "-" "Mozilla/5.0 (Windows NT 6.1; WOW64) AppleWebKit/537.36 (KHTML, like Gecko) Chrome/34.0.1847.131 Safari/537.36"
46.4.60.237 - - [02/Jun/2014:03:11:23 +0200] "GET /?author=0 HTTP/1.0" 301 314 "-" "-"
46.4.60.237 - - [02/Jun/2014:03:11:23 +0200] "GET /?author=1 HTTP/1.0" 301 314 "-" "-"
46.4.60.237 - - [02/Jun/2014:03:11:23 +0200] "GET /?author=2 HTTP/1.0" 301 314 "-" "-"
46.4.60.237 - - [02/Jun/2014:03:11:23 +0200] "GET /?author=3 HTTP/1.0" 301 314 "-" "-"
46.4.60.237 - - [02/Jun/2014:03:11:23 +0200] "GET /?author=4 HTTP/1.0" 301 314 "-" "-"
208.115.111.75 - - [02/Jun/2014:03:13:18 +0200] "GET /robots.txt HTTP/1.1" 200 59 "-" "Mozilla/5.0 (compatible; DotBot/1.1; http://www.opensiteexplorer.org/dotbot, help@moz.com)"
208.115.113.91 - - [02/Jun/2014:03:23:18 +0200] "GET /robots.txt HTTP/1.1" 200 59 "-" "Mozilla/5.0 (compatible; DotBot/1.1; http://www.opensiteexplorer.org/dotbot, help@moz.com)"
66.249.67.11 - - [02/Jun/2014:03:30:21 +0200] "GET /expertise HTTP/1.1" 200 20653 "-" "Mozilla/5.0 (compatible; Googlebot/2.1; +http://www.google.com/bot.html)"
66.249.67.11 - - [02/Jun/2014:03:45:22 +0200] "GET /downloads HTTP/1.1" 200 20563 "-" "Mozilla/5.0 (compatible; Googlebot/2.1; +http://www.google.com/bot.html)"
166.63.127.244 - - [02/Jun/2014:03:56:18 +0200] "POST /wp-login.php HTTP/1.1" 200 3368 "http://www.a-und-h.de/wp-login.php" "Mozilla/5.0 (Windows NT 6.1; WOW64) AppleWebKit/537.36 (KHTML, like Gecko) Chrome/33.0.1750.154 Safari/537.36"
46.165.206.78 - - [02/Jun/2014:03:56:28 +0200] "POST /wp-login.php HTTP/1.1" 200 3368 "http://www.a-und-h.de/wp-login.php" "Mozilla/5.0 (Windows NT 6.1; WOW64) AppleWebKit/537.36 (KHTML, like Gecko) Chrome/33.0.1750.154 Safari/537.36"
83.96.132.85 - - [02/Jun/2014:03:56:35 +0200] "POST /wp-login.php HTTP/1.1" 200 3368 "http://www.a-und-h.de/wp-login.php" "Mozilla/5.0 (Windows NT 6.1; WOW64) AppleWebKit/537.36 (KHTML, like Gecko) Chrome/33.0.1750.154 Safari/537.36"
66.249.67.128 - - [02/Jun/2014:04:00:22 +0200] "GET /terms-conditions HTTP/1.1" 200 23763 "-" "Mozilla/5.0 (compatible; Googlebot/2.1; +http://www.google.com/bot.html)"
176.9.106.78 - - [02/Jun/2014:04:03:53 +0200] "GET /?author=1 HTTP/1.1" 301 315 "-" "-"
176.9.106.78 - - [02/Jun/2014:04:03:53 +0200] "GET /?author=1 HTTP/1.1" 301 - "-" "-"
176.9.106.78 - - [02/Jun/2014:04:03:53 +0200] "GET /de/author/admin HTTP/1.1" 200 18183 "-" "-"
164.78.252.244 - - [02/Jun/2014:04:06:50 +0200] "GET /favicon.ico HTTP/1.1" 200 1406 "-" "Mozilla/5.0 (Windows NT 6.1; WOW64) AppleWebKit/537.36 (KHTML, like Gecko) Chrome/35.0.1916.114 Safari/537.36"
164.78.252.244 - - [02/Jun/2014:04:06:49 +0200] "GET /wp-content/uploads/downloads/Powder.pdf HTTP/1.1" 200 72514 "https://www.google.com.sg/" "Mozilla/5.0 (Windows NT 6.1; WOW64) AppleWebKit/537.36 (KHTML, like Gecko) Chrome/35.0.1916.114 Safari/537.36"
164.78.252.244 - - [02/Jun/2014:04:06:51 +0200] "GET /wp-content/uploads/downloads/Powder.pdf HTTP/1.1" 206 39746 "http://www.a-und-h.de/wp-content/uploads/downloads/Powder.pdf" "Mozilla/5.0 (Windows NT 6.1; WOW64) AppleWebKit/537.36 (KHTML, like Gecko) Chrome/35.0.1916.114 Safari/537.36"
184.80.134.50 - - [02/Jun/2014:04:10:11 +0200] "GET / HTTP/1.1" 301 305 "-" "Java/1.4.1_04"
184.80.134.50 - - [02/Jun/2014:04:10:12 +0200] "GET / HTTP/1.1" 302 - "-" "Java/1.4.1_04"
184.80.134.50 - - [02/Jun/2014:04:10:12 +0200] "GET /de HTTP/1.1" 301 - "-" "Java/1.4.1_04"
184.80.134.50 - - [02/Jun/2014:04:10:13 +0200] "GET /de/ HTTP/1.1" 200 20901 "-" "Java/1.4.1_04"
184.80.134.50 - - [02/Jun/2014:04:10:14 +0200] "GET /wp-includes/images/partner-logos.png HTTP/1.1" 301 341 "-" "Java/1.4.1_04"
184.80.134.50 - - [02/Jun/2014:04:10:14 +0200] "GET /wp-includes/images/partner-logos.png HTTP/1.1" 200 51457 "-" "Java/1.4.1_04"
195.2.240.106 - - [02/Jun/2014:04:15:50 +0200] "GET /xmlrpc.php HTTP/1.1" 200 42 "-" "Mozilla/5.0 (Windows NT 6.1; WOW64; rv:26.1) Gecko/20100101 Firefox/26.0"
123.125.71.103 - - [02/Jun/2014:04:16:32 +0200] "GET /wp-content/uploads/Teaser-Produkte.jpg HTTP/1.1" 200 9420 "-" "Baiduspider-image+(+http://www.baidu.com/search/spider.htm)\\nReferer: http://image.baidu.com/i?ct=503316480&z=0&tn=baiduimagedetail"
180.76.5.148 - - [02/Jun/2014:04:27:42 +0200] "GET / HTTP/1.1" 301 306 "-" "Mozilla/5.0 (compatible; Baiduspider/2.0; +http://www.baidu.com/search/spider.html)"
180.76.5.143 - - [02/Jun/2014:04:27:42 +0200] "GET / HTTP/1.1" 302 - "-" "Mozilla/5.0 (compatible; Baiduspider/2.0; +http://www.baidu.com/search/spider.html)"
180.76.6.149 - - [02/Jun/2014:04:27:43 +0200] "GET /en HTTP/1.1" 301 - "-" "Mozilla/5.0 (compatible; Baiduspider/2.0; +http://www.baidu.com/search/spider.html)"
180.76.5.144 - - [02/Jun/2014:04:27:44 +0200] "GET /en/ HTTP/1.1" 200 20814 "-" "Mozilla/5.0 (compatible; Baiduspider/2.0; +http://www.baidu.com/search/spider.html)"
46.119.115.144 - - [02/Jun/2014:04:38:07 +0200] "GET / HTTP/1.1" 302 - "http://brus-vsem.ru/" "Opera/8.01 (Windows NT 5.1)"
46.119.115.144 - - [02/Jun/2014:04:38:08 +0200] "GET / HTTP/1.1" 302 - "http://brus-vsem.ru/" "Opera/8.01 (Windows NT 5.1)"
46.119.115.144 - - [02/Jun/2014:04:38:08 +0200] "GET / HTTP/1.1" 302 - "http://brus-vsem.ru/" "Opera/8.01 (Windows NT 5.1)"
166.63.127.244 - - [02/Jun/2014:04:55:26 +0200] "POST /wp-login.php HTTP/1.1" 200 3368 "http://www.a-und-h.de/wp-login.php" "Mozilla/5.0 (Windows NT 6.1; WOW64) AppleWebKit/537.36 (KHTML, like Gecko) Chrome/33.0.1750.154 Safari/537.36"
188.40.35.97 - - [02/Jun/2014:04:55:26 +0200] "POST /wp-cron.php?doing_wp_cron=1401677726.3623158931732177734375 HTTP/1.0" 200 - "-" "WordPress/3.9.1; http://www.a-und-h.de"
66.249.67.11 - - [02/Jun/2014:05:00:02 +0200] "GET /de/feed HTTP/1.1" 200 26119 "-" "Mozilla/5.0 (compatible; Googlebot/2.1; +http://www.google.com/bot.html)"
93.219.164.242 - - [02/Jun/2014:05:07:42 +0200] "GET /unternehmen/referenzen HTTP/1.1" 200 17970 "-" "Mozilla/5.0 (Windows; U; Windows NT 6.0; de; rv:1.9.2.3) Gecko/20100401 Firefox/3.6.3 ( .NET CLR 3.5.30729)"
188.40.35.97 - - [02/Jun/2014:05:07:42 +0200] "POST /wp-cron.php?doing_wp_cron=1401678462.8118729591369628906250 HTTP/1.0" 200 - "-" "WordPress/3.9.1; http://www.a-und-h.de"
148.251.69.136 - - [02/Jun/2014:05:08:23 +0200] "GET /wp-content/uploads/2012/03/MSR-Symbole+Kennbuchstaben.pdf HTTP/1.1" 200 511716 "-" "Mozilla/5.0 (Macintosh; Intel Mac OS X 10_7_5) AppleWebKit/537.31 (KHTML, like Gecko) Chrome/26.0.1410.65 Safari/537.31"
208.115.111.75 - - [02/Jun/2014:05:14:17 +0200] "GET /contakt-service/inquiry HTTP/1.1" 301 - "-" "Mozilla/5.0 (compatible; DotBot/1.1; http://www.opensiteexplorer.org/dotbot, help@moz.com)"
141.8.147.20 - - [02/Jun/2014:05:16:12 +0200] "GET /robots.txt HTTP/1.1" 200 59 "-" "Mozilla/5.0 (compatible; YandexBot/3.0; +http://yandex.com/bots)"
93.219.164.242 - - [02/Jun/2014:05:34:39 +0200] "GET /sitemap HTTP/1.1" 200 19579 "-" "Mozilla/5.0 (Windows; U; Windows NT 6.0; de; rv:1.9.2.3) Gecko/20100401 Firefox/3.6.3 ( .NET CLR 3.5.30729)"
93.219.164.242 - - [02/Jun/2014:05:36:58 +0200] "GET /en HTTP/1.1" 301 - "-" "Mozilla/5.0 (Windows; U; Windows NT 6.0; de; rv:1.9.2.3) Gecko/20100401 Firefox/3.6.3 ( .NET CLR 3.5.30729)"
193.200.241.28 - - [02/Jun/2014:05:42:47 +0200] "GET / HTTP/1.1" 302 - "-" "Mozilla/5.0 (Windows; U; Windows NT 5.1; en-US; rv:1.8.1.1) Gecko/20061204 Firefox/2.0.0.1"
193.200.241.28 - - [02/Jun/2014:05:42:48 +0200] "GET /de HTTP/1.1" 301 - "-" "Mozilla/5.0 (Windows; U; Windows NT 5.1; en-US; rv:1.8.1.1) Gecko/20061204 Firefox/2.0.0.1"
193.200.241.28 - - [02/Jun/2014:05:42:48 +0200] "GET /de/ HTTP/1.1" 200 19171 "-" "Mozilla/5.0 (Windows; U; Windows NT 5.1; en-US; rv:1.8.1.1) Gecko/20061204 Firefox/2.0.0.1"
66.249.67.11 - - [02/Jun/2014:05:46:07 +0200] "GET /da-160-da-250 HTTP/1.1" 200 23469 "-" "Mozilla/5.0 (compatible; Googlebot/2.1; +http://www.google.com/bot.html)"
66.249.67.11 - - [02/Jun/2014:05:46:08 +0200] "GET /wp-content/plugins/contact-form-7/includes/css/styles.css?ver=3.8.1 HTTP/1.1" 200 1103 "http://www.a-und-h.de/da-160-da-250" "Mozilla/5.0 (compatible; Googlebot/2.1; +http://www.google.com/bot.html)"
66.249.67.11 - - [02/Jun/2014:05:46:09 +0200] "GET /wp-content/themes/purevision/styles/style1/css/style.css?ver=1.0 HTTP/1.1" 200 72045 "http://www.a-und-h.de/da-160-da-250" "Mozilla/5.0 (compatible; Googlebot/2.1; +http://www.google.com/bot.html)"
66.249.67.115 - - [02/Jun/2014:05:46:10 +0200] "GET /wp-content/themes/purevision/style.css?ver=1.0 HTTP/1.1" 200 885 "http://www.a-und-h.de/da-160-da-250" "Mozilla/5.0 (compatible; Googlebot/2.1; +http://www.google.com/bot.html)"
66.249.67.128 - - [02/Jun/2014:05:46:11 +0200] "GET /wp-content/themes/purevision/styles/custom/custom_style.php?ver=3.9.1 HTTP/1.1" 200 4550 "http://www.a-und-h.de/da-160-da-250" "Mozilla/5.0 (compatible; Googlebot/2.1; +http://www.google.com/bot.html)"
66.249.67.11 - - [02/Jun/2014:05:46:11 +0200] "GET /wp-content/themes/purevision/styles/style1/css/text.css?ver=1.0 HTTP/1.1" 200 1819 "http://www.a-und-h.de/da-160-da-250" "Mozilla/5.0 (compatible; Googlebot/2.1; +http://www.google.com/bot.html)"
66.249.67.115 - - [02/Jun/2014:05:46:12 +0200] "GET /wp-content/themes/purevision/styles/common-css/reset.css?ver=1.0 HTTP/1.1" 200 1004 "http://www.a-und-h.de/da-160-da-250" "Mozilla/5.0 (compatible; Googlebot/2.1; +http://www.google.com/bot.html)"
66.249.67.128 - - [02/Jun/2014:05:46:13 +0200] "GET /wp-content/plugins/wp-slimbox2/css/slimbox2.css?ver=1.1 HTTP/1.1" 200 917 "http://www.a-und-h.de/da-160-da-250" "Mozilla/5.0 (compatible; Googlebot/2.1; +http://www.google.com/bot.html)"
66.249.67.11 - - [02/Jun/2014:05:46:15 +0200] "GET /wp-content/themes/purevision/styles/common-css/960.css?ver=1.0 HTTP/1.1" 200 7707 "http://www.a-und-h.de/da-160-da-250" "Mozilla/5.0 (compatible; Googlebot/2.1; +http://www.google.com/bot.html)"
66.249.67.11 - - [02/Jun/2014:05:46:16 +0200] "GET /wp-content/plugins/wp-table-reloaded/css/datatables.css?ver=1.9.4 HTTP/1.1" 200 2329 "http://www.a-und-h.de/da-160-da-250" "Mozilla/5.0 (compatible; Googlebot/2.1; +http://www.google.com/bot.html)"
66.249.67.128 - - [02/Jun/2014:05:46:17 +0200] "GET /wp-content/themes/purevision/scripts/superfish-1.4.8/css/superfish.css?ver=1.0 HTTP/1.1" 200 3275 "http://www.a-und-h.de/da-160-da-250" "Mozilla/5.0 (compatible; Googlebot/2.1; +http://www.google.com/bot.html)"
66.249.67.11 - - [02/Jun/2014:05:46:17 +0200] "GET /wp-content/plugins/wp-table-reloaded/css/plugin.css?ver=1.9.4 HTTP/1.1" 200 980 "http://www.a-und-h.de/da-160-da-250" "Mozilla/5.0 (compatible; Googlebot/2.1; +http://www.google.com/bot.html)"
66.249.67.128 - - [02/Jun/2014:05:46:18 +0200] "GET /wp-content/themes/purevision/styles/style1/images/menu-active-with-arrow-btn_r.png HTTP/1.1" 200 318 "http://www.a-und-h.de/da-160-da-250" "Mozilla/5.0 (compatible; Googlebot/2.1; +http://www.google.com/bot.html)"
66.249.67.115 - - [02/Jun/2014:05:46:19 +0200] "GET /wp-content/themes/purevision/styles/style1/images/menu-active-btn_r.png HTTP/1.1" 200 967 "http://www.a-und-h.de/da-160-da-250" "Mozilla/5.0 (compatible; Googlebot/2.1; +http://www.google.com/bot.html)"
66.249.67.128 - - [02/Jun/2014:05:46:20 +0200] "GET /wp-content/plugins/polylang/flags/en_US.png HTTP/1.1" 200 599 "http://www.a-und-h.de/da-160-da-250" "Mozilla/5.0 (compatible; Googlebot/2.1; +http://www.google.com/bot.html)"
66.249.67.115 - - [02/Jun/2014:05:46:21 +0200] "GET /wp-content/plugins/polylang/flags/ru_RU.png HTTP/1.1" 200 420 "http://www.a-und-h.de/da-160-da-250" "Mozilla/5.0 (compatible; Googlebot/2.1; +http://www.google.com/bot.html)"
66.249.67.11 - - [02/Jun/2014:05:46:22 +0200] "GET /wp-content/plugins/polylang/flags/de_DE.png HTTP/1.1" 200 545 "http://www.a-und-h.de/da-160-da-250" "Mozilla/5.0 (compatible; Googlebot/2.1; +http://www.google.com/bot.html)"
66.249.67.115 - - [02/Jun/2014:05:46:23 +0200] "GET /wp-content/themes/purevision/styles/style1/images/menu-btn_l.png HTTP/1.1" 200 767 "http://www.a-und-h.de/da-160-da-250" "Mozilla/5.0 (compatible; Googlebot/2.1; +http://www.google.com/bot.html)"
66.249.67.11 - - [02/Jun/2014:05:46:24 +0200] "GET /wp-content/themes/purevision/styles/style1/images/menu-active-btn_l.png HTTP/1.1" 200 754 "http://www.a-und-h.de/da-160-da-250" "Mozilla/5.0 (compatible; Googlebot/2.1; +http://www.google.com/bot.html)"
66.249.67.11 - - [02/Jun/2014:05:46:24 +0200] "GET /wp-content/themes/purevision/styles/style1/images/menu-btn_r.png HTTP/1.1" 200 670 "http://www.a-und-h.de/da-160-da-250" "Mozilla/5.0 (compatible; Googlebot/2.1; +http://www.google.com/bot.html)"
66.249.67.128 - - [02/Jun/2014:05:46:25 +0200] "GET /wp-content/themes/purevision/styles/style1/images/menu-with-arrow-btn_r.png HTTP/1.1" 200 322 "http://www.a-und-h.de/da-160-da-250" "Mozilla/5.0 (compatible; Googlebot/2.1; +http://www.google.com/bot.html)"
66.249.67.11 - - [02/Jun/2014:05:46:26 +0200] "GET /wp-content/themes/purevision/scripts/superfish-1.4.8/images/auto-arrows.png HTTP/1.1" 200 295 "http://www.a-und-h.de/da-160-da-250" "Mozilla/5.0 (compatible; Googlebot/2.1; +http://www.google.com/bot.html)"
66.249.67.128 - - [02/Jun/2014:05:46:27 +0200] "GET /wp-content/uploads/2012/03/da_160_81-300x225.jpg HTTP/1.1" 200 9732 "http://www.a-und-h.de/da-160-da-250" "Mozilla/5.0 (compatible; Googlebot/2.1; +http://www.google.com/bot.html)"
66.249.67.11 - - [02/Jun/2014:05:46:28 +0200] "GET /wp-content/themes/purevision/styles/style1/images/feedback-btn.png HTTP/1.1" 200 2384 "http://www.a-und-h.de/da-160-da-250" "Mozilla/5.0 (compatible; Googlebot/2.1; +http://www.google.com/bot.html)"
66.249.67.11 - - [02/Jun/2014:05:46:29 +0200] "GET /wp-content/themes/purevision/styles/style1/images/searchbox.png HTTP/1.1" 200 2646 "http://www.a-und-h.de/da-160-da-250" "Mozilla/5.0 (compatible; Googlebot/2.1; +http://www.google.com/bot.html)"
66.249.67.115 - - [02/Jun/2014:05:46:29 +0200] "GET /wp-content/themes/purevision/styles/style1/images/heading_underline.png HTTP/1.1" 200 115 "http://www.a-und-h.de/da-160-da-250" "Mozilla/5.0 (compatible; Googlebot/2.1; +http://www.google.com/bot.html)"
66.249.67.115 - - [02/Jun/2014:05:46:30 +0200] "GET /wp-content/themes/purevision/styles/style1/images/double-arrow.png HTTP/1.1" 200 197 "http://www.a-und-h.de/da-160-da-250" "Mozilla/5.0 (compatible; Googlebot/2.1; +http://www.google.com/bot.html)"
66.249.67.115 - - [02/Jun/2014:05:46:31 +0200] "GET /wp-content/themes/purevision/scripts/superfish-1.4.8/images/sf-menu-bg.png HTTP/1.1" 200 1869 "http://www.a-und-h.de/da-160-da-250" "Mozilla/5.0 (compatible; Googlebot/2.1; +http://www.google.com/bot.html)"
66.249.67.201 - - [02/Jun/2014:05:46:32 +0200] "GET /robots.txt HTTP/1.1" 301 315 "-" "Mozilla/5.0 (compatible; Googlebot/2.1; +http://www.google.com/bot.html)"
66.249.67.128 - - [02/Jun/2014:05:46:32 +0200] "GET /robots.txt HTTP/1.1" 200 59 "-" "Mozilla/5.0 (compatible; Googlebot/2.1; +http://www.google.com/bot.html)"
66.249.67.188 - - [02/Jun/2014:05:46:33 +0200] "GET /wp-content/uploads/2012/03/a_und_h_logo.jpg HTTP/1.1" 301 348 "http://www.a-und-h.de/da-160-da-250" "Mozilla/5.0 (compatible; Googlebot/2.1; +http://www.google.com/bot.html)"
66.249.67.201 - - [02/Jun/2014:05:46:33 +0200] "GET /wp-content/uploads/2012/03/background3.png HTTP/1.1" 301 347 "http://www.a-und-h.de/da-160-da-250" "Mozilla/5.0 (compatible; Googlebot/2.1; +http://www.google.com/bot.html)"
66.249.67.128 - - [02/Jun/2014:05:46:34 +0200] "GET /wp-content/uploads/2012/03/a_und_h_logo.jpg HTTP/1.1" 200 5378 "http://www.a-und-h.de/da-160-da-250" "Mozilla/5.0 (compatible; Googlebot/2.1; +http://www.google.com/bot.html)"
66.249.67.115 - - [02/Jun/2014:05:46:34 +0200] "GET /wp-content/uploads/2012/03/background3.png HTTP/1.1" 200 6997 "http://www.a-und-h.de/da-160-da-250" "Mozilla/5.0 (compatible; Googlebot/2.1; +http://www.google.com/bot.html)"
66.249.67.115 - - [02/Jun/2014:05:46:47 +0200] "GET /wp-content/plugins/polylang/flags/en_US.png HTTP/1.1" 200 599 "http://www.a-und-h.de/da-160-da-250" "Mozilla/5.0 (compatible; Googlebot/2.1; +http://www.google.com/bot.html)"
66.249.67.11 - - [02/Jun/2014:05:46:48 +0200] "GET /wp-content/themes/purevision/styles/style1/images/menu-btn_l.png HTTP/1.1" 200 767 "http://www.a-und-h.de/da-160-da-250" "Mozilla/5.0 (compatible; Googlebot/2.1; +http://www.google.com/bot.html)"
66.249.67.115 - - [02/Jun/2014:05:46:48 +0200] "GET /wp-content/themes/purevision/styles/style1/images/menu-active-btn_l.png HTTP/1.1" 200 754 "http://www.a-und-h.de/da-160-da-250" "Mozilla/5.0 (compatible; Googlebot/2.1; +http://www.google.com/bot.html)"
66.249.67.128 - - [02/Jun/2014:05:46:49 +0200] "GET /wp-content/themes/purevision/styles/style1/images/menu-active-with-arrow-btn_r.png HTTP/1.1" 200 318 "http://www.a-und-h.de/da-160-da-250" "Mozilla/5.0 (compatible; Googlebot/2.1; +http://www.google.com/bot.html)"
66.249.67.115 - - [02/Jun/2014:05:46:50 +0200] "GET /wp-content/uploads/2012/03/da_160_81-300x225.jpg HTTP/1.1" 200 9732 "http://www.a-und-h.de/da-160-da-250" "Mozilla/5.0 (compatible; Googlebot/2.1; +http://www.google.com/bot.html)"
66.249.67.115 - - [02/Jun/2014:05:46:50 +0200] "GET /wp-content/plugins/polylang/flags/ru_RU.png HTTP/1.1" 200 420 "http://www.a-und-h.de/da-160-da-250" "Mozilla/5.0 (compatible; Googlebot/2.1; +http://www.google.com/bot.html)"
66.249.67.11 - - [02/Jun/2014:05:46:51 +0200] "GET /wp-content/plugins/wp-table-reloaded/css/datatables.css?ver=1.9.4 HTTP/1.1" 200 2329 "http://www.a-und-h.de/da-160-da-250" "Mozilla/5.0 (compatible; Googlebot/2.1; +http://www.google.com/bot.html)"
66.249.67.115 - - [02/Jun/2014:05:46:52 +0200] "GET /wp-content/plugins/polylang/flags/de_DE.png HTTP/1.1" 200 545 "http://www.a-und-h.de/da-160-da-250" "Mozilla/5.0 (compatible; Googlebot/2.1; +http://www.google.com/bot.html)"
66.249.67.11 - - [02/Jun/2014:05:46:53 +0200] "GET /wp-content/plugins/wp-table-reloaded/css/plugin.css?ver=1.9.4 HTTP/1.1" 200 980 "http://www.a-und-h.de/da-160-da-250" "Mozilla/5.0 (compatible; Googlebot/2.1; +http://www.google.com/bot.html)"
66.249.67.128 - - [02/Jun/2014:05:46:53 +0200] "GET /wp-content/themes/purevision/scripts/superfish-1.4.8/images/auto-arrows.png HTTP/1.1" 200 295 "http://www.a-und-h.de/da-160-da-250" "Mozilla/5.0 (compatible; Googlebot/2.1; +http://www.google.com/bot.html)"
66.249.67.11 - - [02/Jun/2014:05:46:54 +0200] "GET /wp-content/themes/purevision/styles/style1/images/menu-active-btn_r.png HTTP/1.1" 200 967 "http://www.a-und-h.de/da-160-da-250" "Mozilla/5.0 (compatible; Googlebot/2.1; +http://www.google.com/bot.html)"
66.249.67.11 - - [02/Jun/2014:05:46:55 +0200] "GET /wp-content/themes/purevision/styles/style1/images/menu-with-arrow-btn_r.png HTTP/1.1" 200 322 "http://www.a-und-h.de/da-160-da-250" "Mozilla/5.0 (compatible; Googlebot/2.1; +http://www.google.com/bot.html)"
66.249.67.128 - - [02/Jun/2014:05:46:55 +0200] "GET /wp-content/themes/purevision/styles/style1/images/menu-btn_r.png HTTP/1.1" 200 670 "http://www.a-und-h.de/da-160-da-250" "Mozilla/5.0 (compatible; Googlebot/2.1; +http://www.google.com/bot.html)"
205.237.88.142 - - [02/Jun/2014:05:54:48 +0200] "GET / HTTP/1.0" 301 305 "-" "=Mozilla/5.0 (Windows; U; Windows NT 6.1; en-US) AppleWebKit/534.16 (KHTML, like Gecko) Chrome/10.0.648.204 Safari/534.16"
205.237.88.142 - - [02/Jun/2014:05:54:49 +0200] "GET / HTTP/1.0" 302 - "-" "=Mozilla/5.0 (Windows; U; Windows NT 6.1; en-US) AppleWebKit/534.16 (KHTML, like Gecko) Chrome/10.0.648.204 Safari/534.16"
205.237.88.142 - - [02/Jun/2014:05:54:49 +0200] "GET /de HTTP/1.0" 301 - "-" "=Mozilla/5.0 (Windows; U; Windows NT 6.1; en-US) AppleWebKit/534.16 (KHTML, like Gecko) Chrome/10.0.648.204 Safari/534.16"
205.237.88.142 - - [02/Jun/2014:05:54:50 +0200] "GET /de/ HTTP/1.0" 200 20901 "-" "=Mozilla/5.0 (Windows; U; Windows NT 6.1; en-US) AppleWebKit/534.16 (KHTML, like Gecko) Chrome/10.0.648.204 Safari/534.16"
93.219.164.242 - - [02/Jun/2014:06:04:06 +0200] "GET /kontakt-service HTTP/1.1" 200 17923 "-" "Mozilla/5.0 (Windows; U; Windows NT 6.0; de; rv:1.9.2.3) Gecko/20100401 Firefox/3.6.3 ( .NET CLR 3.5.30729)"
37.58.100.164 - - [02/Jun/2014:06:09:55 +0200] "GET /de/ HTTP/1.1" 200 20901 "-" "Mozilla/5.0 (compatible; AhrefsBot/5.0; +http://ahrefs.com/robot/)"
66.249.67.128 - - [02/Jun/2014:06:10:24 +0200] "GET /legal-notice HTTP/1.1" 200 17521 "-" "Mozilla/5.0 (compatible; Googlebot/2.1; +http://www.google.com/bot.html)"
93.219.164.242 - - [02/Jun/2014:06:16:06 +0200] "GET /luftentfeuchtung HTTP/1.1" 200 19354 "-" "Mozilla/5.0 (Windows; U; Windows NT 6.0; de; rv:1.9.2.3) Gecko/20100401 Firefox/3.6.3 ( .NET CLR 3.5.30729)"
93.219.164.242 - - [02/Jun/2014:06:18:43 +0200] "GET /kontakt-service/infomaterial-bestellen HTTP/1.1" 200 19307 "-" "Mozilla/5.0 (Windows; U; Windows NT 6.0; de; rv:1.9.2.3) Gecko/20100401 Firefox/3.6.3 ( .NET CLR 3.5.30729)"
5.135.165.206 - - [02/Jun/2014:06:19:12 +0200] "POST /wp-login.php HTTP/1.1" 200 3368 "http://www.a-und-h.de/wp-login.php" "Mozilla/5.0 (Windows NT 6.1; WOW64) AppleWebKit/537.36 (KHTML, like Gecko) Chrome/33.0.1750.154 Safari/537.36"
66.249.67.11 - - [02/Jun/2014:07:02:57 +0200] "GET /wp-content/themes/purevision/sliders/slider_de/piecemaker.swf?random_number=3082 HTTP/1.1" 200 208139 "-" "Mozilla/5.0 (compatible; Googlebot/2.1; +http://www.google.com/bot.html)"
93.219.164.242 - - [02/Jun/2014:07:05:05 +0200] "GET /kontakt-service/anfrage HTTP/1.1" 200 19705 "-" "Mozilla/5.0 (Windows; U; Windows NT 6.0; de; rv:1.9.2.3) Gecko/20100401 Firefox/3.6.3 ( .NET CLR 3.5.30729)"
113.75.157.7 - - [02/Jun/2014:07:07:46 +0200] "GET /manage/fckeditor/editor/filemanager/browser/default/connectors/test.html HTTP/1.0" 301 377 "http://a-und-h.de/manage/fckeditor/editor/filemanager/browser/default/connectors/test.html" "Mozilla/4.0 (compatible; MSIE 6.0; Windows NT 5.1; SV1; .NET CLR 2.0.50727)"
93.219.164.242 - - [02/Jun/2014:07:07:48 +0200] "GET /luftentfeuchtung/prinzip HTTP/1.1" 200 19074 "-" "Mozilla/5.0 (Windows; U; Windows NT 6.0; de; rv:1.9.2.3) Gecko/20100401 Firefox/3.6.3 ( .NET CLR 3.5.30729)"
113.75.157.7 - - [02/Jun/2014:07:07:50 +0200] "GET /system/fckeditor/editor/filemanager/browser/default/connectors/test.html HTTP/1.0" 301 377 "http://a-und-h.de/system/fckeditor/editor/filemanager/browser/default/connectors/test.html" "Mozilla/4.0 (compatible; MSIE 6.0; Windows NT 5.1; SV1; .NET CLR 2.0.50727)"
91.207.7.254 - - [02/Jun/2014:07:10:11 +0200] "GET /da-160-da-250-2 HTTP/1.1" 200 23666 "-" "Mozilla/4.0 (compatible; MSIE 6.0; Windows NT 5.1; SV1)"
93.219.164.242 - - [02/Jun/2014:07:22:23 +0200] "GET /produkte HTTP/1.1" 200 19328 "-" "Mozilla/5.0 (Windows; U; Windows NT 6.0; de; rv:1.9.2.3) Gecko/20100401 Firefox/3.6.3 ( .NET CLR 3.5.30729)"
66.249.67.128 - - [02/Jun/2014:07:30:24 +0200] "GET /en/feed HTTP/1.1" 200 26045 "-" "Mozilla/5.0 (compatible; Googlebot/2.1; +http://www.google.com/bot.html)"
93.159.230.28 - - [02/Jun/2014:07:32:24 +0200] "GET / HTTP/1.1" 301 305 "-" "Mozilla/4.0 (compatible; MSIE 8.0; Windows NT 5.1; Trident/4.0; .NET CLR 2.0.50727; InfoPath.1; .NET CLR 3.0.04506.648; .NET CLR 3.5.21022; .NET CLR 3.0.4506.2152; .NET CLR 3.5.30729)"
93.159.230.28 - - [02/Jun/2014:07:32:24 +0200] "GET / HTTP/1.1" 302 - "-" "Mozilla/4.0 (compatible; MSIE 8.0; Windows NT 5.1; Trident/4.0; .NET CLR 2.0.50727; InfoPath.1; .NET CLR 3.0.04506.648; .NET CLR 3.5.21022; .NET CLR 3.0.4506.2152; .NET CLR 3.5.30729)"
93.159.230.28 - - [02/Jun/2014:07:32:25 +0200] "GET /en HTTP/1.1" 301 - "-" "Mozilla/4.0 (compatible; MSIE 8.0; Windows NT 5.1; Trident/4.0; .NET CLR 2.0.50727; InfoPath.1; .NET CLR 3.0.04506.648; .NET CLR 3.5.21022; .NET CLR 3.0.4506.2152; .NET CLR 3.5.30729)"
93.159.230.28 - - [02/Jun/2014:07:32:25 +0200] "GET /en/ HTTP/1.1" 200 20814 "-" "Mozilla/4.0 (compatible; MSIE 8.0; Windows NT 5.1; Trident/4.0; .NET CLR 2.0.50727; InfoPath.1; .NET CLR 3.0.04506.648; .NET CLR 3.5.21022; .NET CLR 3.0.4506.2152; .NET CLR 3.5.30729)"
93.159.230.28 - - [02/Jun/2014:07:32:25 +0200] "GET /wp-content/plugins/contact-form-7/includes/css/styles.css?ver=3.8.1 HTTP/1.1" 200 1103 "http://www.a-und-h.de/en/" "Mozilla/4.0 (compatible; MSIE 8.0; Windows NT 5.1; Trident/4.0; .NET CLR 2.0.50727; InfoPath.1; .NET CLR 3.0.04506.648; .NET CLR 3.5.21022; .NET CLR 3.0.4506.2152; .NET CLR 3.5.30729)"
93.159.230.28 - - [02/Jun/2014:07:32:25 +0200] "GET /wp-content/plugins/wp-slimbox2/css/slimbox2.css?ver=1.1 HTTP/1.1" 200 917 "http://www.a-und-h.de/en/" "Mozilla/4.0 (compatible; MSIE 8.0; Windows NT 5.1; Trident/4.0; .NET CLR 2.0.50727; InfoPath.1; .NET CLR 3.0.04506.648; .NET CLR 3.5.21022; .NET CLR 3.0.4506.2152; .NET CLR 3.5.30729)"
93.159.230.28 - - [02/Jun/2014:07:32:25 +0200] "GET /wp-content/themes/purevision/styles/common-css/reset.css?ver=1.0 HTTP/1.1" 200 1004 "http://www.a-und-h.de/en/" "Mozilla/4.0 (compatible; MSIE 8.0; Windows NT 5.1; Trident/4.0; .NET CLR 2.0.50727; InfoPath.1; .NET CLR 3.0.04506.648; .NET CLR 3.5.21022; .NET CLR 3.0.4506.2152; .NET CLR 3.5.30729)"
93.159.230.28 - - [02/Jun/2014:07:32:25 +0200] "GET /wp-content/themes/purevision/styles/common-css/960.css?ver=1.0 HTTP/1.1" 200 7707 "http://www.a-und-h.de/en/" "Mozilla/4.0 (compatible; MSIE 8.0; Windows NT 5.1; Trident/4.0; .NET CLR 2.0.50727; InfoPath.1; .NET CLR 3.0.04506.648; .NET CLR 3.5.21022; .NET CLR 3.0.4506.2152; .NET CLR 3.5.30729)"
93.159.230.28 - - [02/Jun/2014:07:32:25 +0200] "GET /wp-content/themes/purevision/styles/style1/css/text.css?ver=1.0 HTTP/1.1" 200 1819 "http://www.a-und-h.de/en/" "Mozilla/4.0 (compatible; MSIE 8.0; Windows NT 5.1; Trident/4.0; .NET CLR 2.0.50727; InfoPath.1; .NET CLR 3.0.04506.648; .NET CLR 3.5.21022; .NET CLR 3.0.4506.2152; .NET CLR 3.5.30729)"
93.159.230.28 - - [02/Jun/2014:07:32:25 +0200] "GET /wp-content/themes/purevision/scripts/superfish-1.4.8/css/superfish.css?ver=1.0 HTTP/1.1" 200 3275 "http://www.a-und-h.de/en/" "Mozilla/4.0 (compatible; MSIE 8.0; Windows NT 5.1; Trident/4.0; .NET CLR 2.0.50727; InfoPath.1; .NET CLR 3.0.04506.648; .NET CLR 3.5.21022; .NET CLR 3.0.4506.2152; .NET CLR 3.5.30729)"
93.159.230.28 - - [02/Jun/2014:07:32:26 +0200] "GET /wp-content/themes/purevision/style.css?ver=1.0 HTTP/1.1" 200 885 "http://www.a-und-h.de/en/" "Mozilla/4.0 (compatible; MSIE 8.0; Windows NT 5.1; Trident/4.0; .NET CLR 2.0.50727; InfoPath.1; .NET CLR 3.0.04506.648; .NET CLR 3.5.21022; .NET CLR 3.0.4506.2152; .NET CLR 3.5.30729)"
93.159.230.28 - - [02/Jun/2014:07:32:26 +0200] "GET /wp-includes/js/jquery/jquery-migrate.min.js?ver=1.2.1 HTTP/1.1" 200 7200 "http://www.a-und-h.de/en/" "Mozilla/4.0 (compatible; MSIE 8.0; Windows NT 5.1; Trident/4.0; .NET CLR 2.0.50727; InfoPath.1; .NET CLR 3.0.04506.648; .NET CLR 3.5.21022; .NET CLR 3.0.4506.2152; .NET CLR 3.5.30729)"
93.159.230.28 - - [02/Jun/2014:07:32:26 +0200] "GET /wp-content/plugins/wp-slimbox2/javascript/slimbox2.js?ver=2.04 HTTP/1.1" 200 3777 "http://www.a-und-h.de/en/" "Mozilla/4.0 (compatible; MSIE 8.0; Windows NT 5.1; Trident/4.0; .NET CLR 2.0.50727; InfoPath.1; .NET CLR 3.0.04506.648; .NET CLR 3.5.21022; .NET CLR 3.0.4506.2152; .NET CLR 3.5.30729)"
93.159.230.28 - - [02/Jun/2014:07:32:26 +0200] "GET /wp-content/plugins/wp-slimbox2/javascript/slimbox2_autoload.js?ver=1.0.4b HTTP/1.1" 200 3027 "http://www.a-und-h.de/en/" "Mozilla/4.0 (compatible; MSIE 8.0; Windows NT 5.1; Trident/4.0; .NET CLR 2.0.50727; InfoPath.1; .NET CLR 3.0.04506.648; .NET CLR 3.5.21022; .NET CLR 3.0.4506.2152; .NET CLR 3.5.30729)"
93.159.230.28 - - [02/Jun/2014:07:32:26 +0200] "GET /wp-content/themes/purevision/styles/custom/custom_style.php?ver=3.9.1 HTTP/1.1" 200 4550 "http://www.a-und-h.de/en/" "Mozilla/4.0 (compatible; MSIE 8.0; Windows NT 5.1; Trident/4.0; .NET CLR 2.0.50727; InfoPath.1; .NET CLR 3.0.04506.648; .NET CLR 3.5.21022; .NET CLR 3.0.4506.2152; .NET CLR 3.5.30729)"
93.159.230.28 - - [02/Jun/2014:07:32:26 +0200] "GET /wp-content/themes/purevision/scripts/superfish-1.4.8/js/superfish.combined.js?ver=1.0.0 HTTP/1.1" 200 5387 "http://www.a-und-h.de/en/" "Mozilla/4.0 (compatible; MSIE 8.0; Windows NT 5.1; Trident/4.0; .NET CLR 2.0.50727; InfoPath.1; .NET CLR 3.0.04506.648; .NET CLR 3.5.21022; .NET CLR 3.0.4506.2152; .NET CLR 3.5.30729)"
93.159.230.28 - - [02/Jun/2014:07:32:26 +0200] "GET /wp-content/themes/purevision/sliders/piecemaker/js/swfobject.js?ver=1.5 HTTP/1.1" 200 6880 "http://www.a-und-h.de/en/" "Mozilla/4.0 (compatible; MSIE 8.0; Windows NT 5.1; Trident/4.0; .NET CLR 2.0.50727; InfoPath.1; .NET CLR 3.0.04506.648; .NET CLR 3.5.21022; .NET CLR 3.0.4506.2152; .NET CLR 3.5.30729)"
93.159.230.28 - - [02/Jun/2014:07:32:26 +0200] "GET /wp-includes/js/jquery/jquery.js?ver=1.11.0 HTTP/1.1" 200 96402 "http://www.a-und-h.de/en/" "Mozilla/4.0 (compatible; MSIE 8.0; Windows NT 5.1; Trident/4.0; .NET CLR 2.0.50727; InfoPath.1; .NET CLR 3.0.04506.648; .NET CLR 3.5.21022; .NET CLR 3.0.4506.2152; .NET CLR 3.5.30729)"
93.159.230.28 - - [02/Jun/2014:07:32:26 +0200] "GET /wp-content/themes/purevision/styles/style1/css/style.css?ver=1.0 HTTP/1.1" 200 72045 "http://www.a-und-h.de/en/" "Mozilla/4.0 (compatible; MSIE 8.0; Windows NT 5.1; Trident/4.0; .NET CLR 2.0.50727; InfoPath.1; .NET CLR 3.0.04506.648; .NET CLR 3.5.21022; .NET CLR 3.0.4506.2152; .NET CLR 3.5.30729)"
93.159.230.28 - - [02/Jun/2014:07:32:26 +0200] "GET /wp-content/themes/purevision/scripts/script.js?ver=1.0 HTTP/1.1" 200 7495 "http://www.a-und-h.de/en/" "Mozilla/4.0 (compatible; MSIE 8.0; Windows NT 5.1; Trident/4.0; .NET CLR 2.0.50727; InfoPath.1; .NET CLR 3.0.04506.648; .NET CLR 3.5.21022; .NET CLR 3.0.4506.2152; .NET CLR 3.5.30729)"
93.159.230.28 - - [02/Jun/2014:07:32:26 +0200] "GET /wp-content/plugins/wp-table-reloaded/css/plugin.css?ver=1.9.4 HTTP/1.1" 200 980 "http://www.a-und-h.de/en/" "Mozilla/4.0 (compatible; MSIE 8.0; Windows NT 5.1; Trident/4.0; .NET CLR 2.0.50727; InfoPath.1; .NET CLR 3.0.04506.648; .NET CLR 3.5.21022; .NET CLR 3.0.4506.2152; .NET CLR 3.5.30729)"
93.159.230.28 - - [02/Jun/2014:07:32:26 +0200] "GET /wp-content/plugins/wp-table-reloaded/css/datatables.css?ver=1.9.4 HTTP/1.1" 200 2329 "http://www.a-und-h.de/en/" "Mozilla/4.0 (compatible; MSIE 8.0; Windows NT 5.1; Trident/4.0; .NET CLR 2.0.50727; InfoPath.1; .NET CLR 3.0.04506.648; .NET CLR 3.5.21022; .NET CLR 3.0.4506.2152; .NET CLR 3.5.30729)"
93.159.230.28 - - [02/Jun/2014:07:32:26 +0200] "GET /wp-content/plugins/contact-form-7/includes/js/scripts.js?ver=3.8.1 HTTP/1.1" 200 9630 "http://www.a-und-h.de/en/" "Mozilla/4.0 (compatible; MSIE 8.0; Windows NT 5.1; Trident/4.0; .NET CLR 2.0.50727; InfoPath.1; .NET CLR 3.0.04506.648; .NET CLR 3.5.21022; .NET CLR 3.0.4506.2152; .NET CLR 3.5.30729)"
93.159.230.28 - - [02/Jun/2014:07:32:26 +0200] "GET /wp-includes/js/jquery/jquery-migrate.min.js?ver=1.2.1 HTTP/1.1" 200 7200 "http://www.a-und-h.de/en/" "Mozilla/4.0 (compatible; MSIE 8.0; Windows NT 5.1; Trident/4.0; .NET CLR 2.0.50727; InfoPath.1; .NET CLR 3.0.04506.648; .NET CLR 3.5.21022; .NET CLR 3.0.4506.2152; .NET CLR 3.5.30729)"
93.159.230.28 - - [02/Jun/2014:07:32:26 +0200] "GET /wp-content/plugins/contact-form-7/includes/js/jquery.form.min.js?ver=3.50.0-2014.02.05 HTTP/1.1" 200 16305 "http://www.a-und-h.de/en/" "Mozilla/4.0 (compatible; MSIE 8.0; Windows NT 5.1; Trident/4.0; .NET CLR 2.0.50727; InfoPath.1; .NET CLR 3.0.04506.648; .NET CLR 3.5.21022; .NET CLR 3.0.4506.2152; .NET CLR 3.5.30729)"
93.159.230.28 - - [02/Jun/2014:07:32:26 +0200] "GET /wp-content/plugins/wp-slimbox2/javascript/slimbox2.js?ver=2.04 HTTP/1.1" 200 3777 "http://www.a-und-h.de/en/" "Mozilla/4.0 (compatible; MSIE 8.0; Windows NT 5.1; Trident/4.0; .NET CLR 2.0.50727; InfoPath.1; .NET CLR 3.0.04506.648; .NET CLR 3.5.21022; .NET CLR 3.0.4506.2152; .NET CLR 3.5.30729)"
93.159.230.28 - - [02/Jun/2014:07:32:26 +0200] "GET /wp-content/plugins/wp-slimbox2/javascript/slimbox2_autoload.js?ver=1.0.4b HTTP/1.1" 200 3027 "http://www.a-und-h.de/en/" "Mozilla/4.0 (compatible; MSIE 8.0; Windows NT 5.1; Trident/4.0; .NET CLR 2.0.50727; InfoPath.1; .NET CLR 3.0.04506.648; .NET CLR 3.5.21022; .NET CLR 3.0.4506.2152; .NET CLR 3.5.30729)"
93.159.230.28 - - [02/Jun/2014:07:32:27 +0200] "GET /wp-content/themes/purevision/sliders/piecemaker/js/swfobject.js?ver=1.5 HTTP/1.1" 200 6880 "http://www.a-und-h.de/en/" "Mozilla/4.0 (compatible; MSIE 8.0; Windows NT 5.1; Trident/4.0; .NET CLR 2.0.50727; InfoPath.1; .NET CLR 3.0.04506.648; .NET CLR 3.5.21022; .NET CLR 3.0.4506.2152; .NET CLR 3.5.30729)"
93.159.230.28 - - [02/Jun/2014:07:32:27 +0200] "GET /wp-content/themes/purevision/scripts/superfish-1.4.8/js/superfish.combined.js?ver=1.0.0 HTTP/1.1" 200 5387 "http://www.a-und-h.de/en/" "Mozilla/4.0 (compatible; MSIE 8.0; Windows NT 5.1; Trident/4.0; .NET CLR 2.0.50727; InfoPath.1; .NET CLR 3.0.04506.648; .NET CLR 3.5.21022; .NET CLR 3.0.4506.2152; .NET CLR 3.5.30729)"
93.159.230.28 - - [02/Jun/2014:07:32:27 +0200] "GET /wp-content/themes/purevision/scripts/script.js?ver=1.0 HTTP/1.1" 200 7495 "http://www.a-und-h.de/en/" "Mozilla/4.0 (compatible; MSIE 8.0; Windows NT 5.1; Trident/4.0; .NET CLR 2.0.50727; InfoPath.1; .NET CLR 3.0.04506.648; .NET CLR 3.5.21022; .NET CLR 3.0.4506.2152; .NET CLR 3.5.30729)"
93.159.230.28 - - [02/Jun/2014:07:32:27 +0200] "GET /wp-content/plugins/wp-table-reloaded/css/datatables.css?ver=1.9.4 HTTP/1.1" 200 2329 "http://www.a-und-h.de/en/" "Mozilla/4.0 (compatible; MSIE 8.0; Windows NT 5.1; Trident/4.0; .NET CLR 2.0.50727; InfoPath.1; .NET CLR 3.0.04506.648; .NET CLR 3.5.21022; .NET CLR 3.0.4506.2152; .NET CLR 3.5.30729)"
93.159.230.28 - - [02/Jun/2014:07:32:27 +0200] "GET /wp-content/plugins/wp-table-reloaded/css/plugin.css?ver=1.9.4 HTTP/1.1" 200 980 "http://www.a-und-h.de/en/" "Mozilla/4.0 (compatible; MSIE 8.0; Windows NT 5.1; Trident/4.0; .NET CLR 2.0.50727; InfoPath.1; .NET CLR 3.0.04506.648; .NET CLR 3.5.21022; .NET CLR 3.0.4506.2152; .NET CLR 3.5.30729)"
93.159.230.28 - - [02/Jun/2014:07:32:27 +0200] "GET /piwik/piwik.js HTTP/1.1" 200 18716 "http://www.a-und-h.de/en/" "Mozilla/4.0 (compatible; MSIE 8.0; Windows NT 5.1; Trident/4.0; .NET CLR 2.0.50727; InfoPath.1; .NET CLR 3.0.04506.648; .NET CLR 3.5.21022; .NET CLR 3.0.4506.2152; .NET CLR 3.5.30729)"
93.159.230.28 - - [02/Jun/2014:07:32:27 +0200] "GET /piwik/piwik.js HTTP/1.1" 200 18716 "http://www.a-und-h.de/en/" "Mozilla/4.0 (compatible; MSIE 8.0; Windows NT 5.1; Trident/4.0; .NET CLR 2.0.50727; InfoPath.1; .NET CLR 3.0.04506.648; .NET CLR 3.5.21022; .NET CLR 3.0.4506.2152; .NET CLR 3.5.30729)"
93.159.230.28 - - [02/Jun/2014:07:32:28 +0200] "GET /wp-content/plugins/contact-form-7/includes/js/jquery.form.min.js?ver=3.50.0-2014.02.05 HTTP/1.1" 200 16305 "http://www.a-und-h.de/en/" "Mozilla/4.0 (compatible; MSIE 8.0; Windows NT 5.1; Trident/4.0; .NET CLR 2.0.50727; InfoPath.1; .NET CLR 3.0.04506.648; .NET CLR 3.5.21022; .NET CLR 3.0.4506.2152; .NET CLR 3.5.30729)"
93.159.230.28 - - [02/Jun/2014:07:32:28 +0200] "GET /wp-content/plugins/contact-form-7/includes/js/scripts.js?ver=3.8.1 HTTP/1.1" 200 9630 "http://www.a-und-h.de/en/" "Mozilla/4.0 (compatible; MSIE 8.0; Windows NT 5.1; Trident/4.0; .NET CLR 2.0.50727; InfoPath.1; .NET CLR 3.0.04506.648; .NET CLR 3.5.21022; .NET CLR 3.0.4506.2152; .NET CLR 3.5.30729)"
208.115.113.91 - - [02/Jun/2014:07:33:14 +0200] "GET /%D0%BE%D1%81%D1%83%D1%88%D0%B5%D0%BD%D0%B8%D0%B5-%D0%B2%D0%BE%D0%B7%D0%B4%D1%83%D1%85%D0%B0 HTTP/1.1" 200 19700 "-" "Mozilla/5.0 (compatible; DotBot/1.1; http://www.opensiteexplorer.org/dotbot, help@moz.com)"
93.219.164.242 - - [02/Jun/2014:07:33:59 +0200] "GET /kompetenzen HTTP/1.1" 200 21088 "-" "Mozilla/5.0 (Windows; U; Windows NT 6.0; de; rv:1.9.2.3) Gecko/20100401 Firefox/3.6.3 ( .NET CLR 3.5.30729)"
85.158.138.21 - - [02/Jun/2014:07:46:36 +0200] "GET /wp-content/uploads/2012/03/MSR-Symbole+Kennbuchstaben.pdf HTTP/1.0" 200 511716 "https://www.google.com/" "Mozilla/5.0 (Windows NT 6.1) AppleWebKit/537.36 (KHTML, like Gecko) Chrome/32.0.1700.76 Safari/537.36"
85.158.138.21 - - [02/Jun/2014:07:46:36 +0200] "GET /favicon.ico HTTP/1.0" 200 1406 "-" "Mozilla/5.0 (Windows NT 6.1) AppleWebKit/537.36 (KHTML, like Gecko) Chrome/32.0.1700.76 Safari/537.36"
185.25.49.185 - - [02/Jun/2014:07:49:09 +0200] "GET /terms-conditions HTTP/1.1" 200 23763 "http://www.a-und-h.de/" "Mozilla/5.0 (Windows NT 6.2; WOW64) AppleWebKit/537.36 (KHTML, like Gecko) Chrome/27.0.1453.116 Safari/537.36"
5.255.253.77 - - [02/Jun/2014:07:59:08 +0200] "GET /?p=649 HTTP/1.1" 301 - "-" "Mozilla/5.0 (compatible; YandexBot/3.0; +http://yandex.com/bots)"
5.255.253.82 - - [02/Jun/2014:07:59:11 +0200] "GET /%D0%BA%D0%BE%D0%BC%D0%BF%D0%B0%D0%BD%D0%B8%D0%B8 HTTP/1.1" 200 21031 "-" "Mozilla/5.0 (compatible; YandexBot/3.0; +http://yandex.com/bots)"
178.154.255.142 - - [02/Jun/2014:08:02:23 +0200] "GET /xmlrpc.php?rsd HTTP/1.1" 200 723 "-" "Mozilla/5.0 (compatible; YandexBot/3.0; +http://yandex.com/bots)"
217.146.131.74 - - [02/Jun/2014:08:02:35 +0200] "GET /Mail-Logo.jpg HTTP/1.1" 304 - "-" "Mozilla/4.0 (compatible; MSIE 7.0; Windows NT 5.1; Trident/4.0; BTRS106681; .NET CLR 1.1.4322; .NET CLR 3.0.4506.2152; .NET CLR 3.5.30729; InfoPath.1; OfficeLiveConnector.1.5; OfficeLivePatch.1.3; .NET4.0C; .NET4.0E; .NET CLR 2.0.50727)"
199.192.207.146 - - [02/Jun/2014:08:22:48 +0200] "GET /robots.txt HTTP/1.0" 200 59 "-" "Mozilla/5.0 (compatible; MJ12bot/v1.4.5; http://www.majestic12.co.uk/bot.php?+)"
199.192.207.146 - - [02/Jun/2014:08:22:50 +0200] "GET / HTTP/1.0" 302 - "-" "Mozilla/5.0 (compatible; MJ12bot/v1.4.5; http://www.majestic12.co.uk/bot.php?+)"
199.192.207.146 - - [02/Jun/2014:08:22:51 +0200] "GET /de HTTP/1.0" 301 - "-" "Mozilla/5.0 (compatible; MJ12bot/v1.4.5; http://www.majestic12.co.uk/bot.php?+)"
199.192.207.146 - - [02/Jun/2014:08:22:53 +0200] "GET /de/ HTTP/1.0" 200 20901 "-" "Mozilla/5.0 (compatible; MJ12bot/v1.4.5; http://www.majestic12.co.uk/bot.php?+)"
92.79.168.25 - - [02/Jun/2014:08:35:59 +0200] "GET /favicon.ico HTTP/1.1" 200 1406 "-" "Mozilla/5.0 (Windows NT 6.1; WOW64; rv:29.0) Gecko/20100101 Firefox/29.0"
92.79.168.25 - - [02/Jun/2014:08:35:59 +0200] "GET /wp-content/uploads/2012/03/MSR-Symbole+Kennbuchstaben.pdf HTTP/1.1" 206 52964 "http://www.google.de/url?sa=t&rct=j&q=&esrc=s&source=web&cd=1&sqi=2&ved=0CC4QFjAA&url=http%3A%2F%2Fwww.a-und-h.de%2Fwp-content%2Fuploads%2F2012%2F03%2FMSR-Symbole%2BKennbuchstaben.pdf&ei=QhuMU9L4K8riywPL54GQCA&usg=AFQjCNH7QqWx-Vo33Ud7shqvy2hMX1jkSw&bvm=bv.67720277,d.bGQ" "Mozilla/5.0 (Windows NT 6.1; WOW64; rv:29.0) Gecko/20100101 Firefox/29.0"
92.79.168.25 - - [02/Jun/2014:08:36:00 +0200] "GET /wp-content/uploads/2012/03/MSR-Symbole+Kennbuchstaben.pdf HTTP/1.1" 206 65536 "http://www.google.de/url?sa=t&rct=j&q=&esrc=s&source=web&cd=1&sqi=2&ved=0CC4QFjAA&url=http%3A%2F%2Fwww.a-und-h.de%2Fwp-content%2Fuploads%2F2012%2F03%2FMSR-Symbole%2BKennbuchstaben.pdf&ei=QhuMU9L4K8riywPL54GQCA&usg=AFQjCNH7QqWx-Vo33Ud7shqvy2hMX1jkSw&bvm=bv.67720277,d.bGQ" "Mozilla/5.0 (Windows NT 6.1; WOW64; rv:29.0) Gecko/20100101 Firefox/29.0"
92.79.168.25 - - [02/Jun/2014:08:36:00 +0200] "GET /wp-content/uploads/2012/03/MSR-Symbole+Kennbuchstaben.pdf HTTP/1.1" 206 65536 "http://www.google.de/url?sa=t&rct=j&q=&esrc=s&source=web&cd=1&sqi=2&ved=0CC4QFjAA&url=http%3A%2F%2Fwww.a-und-h.de%2Fwp-content%2Fuploads%2F2012%2F03%2FMSR-Symbole%2BKennbuchstaben.pdf&ei=QhuMU9L4K8riywPL54GQCA&usg=AFQjCNH7QqWx-Vo33Ud7shqvy2hMX1jkSw&bvm=bv.67720277,d.bGQ" "Mozilla/5.0 (Windows NT 6.1; WOW64; rv:29.0) Gecko/20100101 Firefox/29.0"
92.79.168.25 - - [02/Jun/2014:08:36:00 +0200] "GET /wp-content/uploads/2012/03/MSR-Symbole+Kennbuchstaben.pdf HTTP/1.1" 206 262144 "http://www.google.de/url?sa=t&rct=j&q=&esrc=s&source=web&cd=1&sqi=2&ved=0CC4QFjAA&url=http%3A%2F%2Fwww.a-und-h.de%2Fwp-content%2Fuploads%2F2012%2F03%2FMSR-Symbole%2BKennbuchstaben.pdf&ei=QhuMU9L4K8riywPL54GQCA&usg=AFQjCNH7QqWx-Vo33Ud7shqvy2hMX1jkSw&bvm=bv.67720277,d.bGQ" "Mozilla/5.0 (Windows NT 6.1; WOW64; rv:29.0) Gecko/20100101 Firefox/29.0"
92.79.168.25 - - [02/Jun/2014:08:36:01 +0200] "GET /wp-content/uploads/2012/03/MSR-Symbole+Kennbuchstaben.pdf HTTP/1.1" 206 65536 "http://www.google.de/url?sa=t&rct=j&q=&esrc=s&source=web&cd=1&sqi=2&ved=0CC4QFjAA&url=http%3A%2F%2Fwww.a-und-h.de%2Fwp-content%2Fuploads%2F2012%2F03%2FMSR-Symbole%2BKennbuchstaben.pdf&ei=QhuMU9L4K8riywPL54GQCA&usg=AFQjCNH7QqWx-Vo33Ud7shqvy2hMX1jkSw&bvm=bv.67720277,d.bGQ" "Mozilla/5.0 (Windows NT 6.1; WOW64; rv:29.0) Gecko/20100101 Firefox/29.0"
92.79.168.25 - - [02/Jun/2014:08:35:59 +0200] "GET /wp-content/uploads/2012/03/MSR-Symbole+Kennbuchstaben.pdf HTTP/1.1" 200 511716 "http://www.google.de/url?sa=t&rct=j&q=&esrc=s&source=web&cd=1&sqi=2&ved=0CC4QFjAA&url=http%3A%2F%2Fwww.a-und-h.de%2Fwp-content%2Fuploads%2F2012%2F03%2FMSR-Symbole%2BKennbuchstaben.pdf&ei=QhuMU9L4K8riywPL54GQCA&usg=AFQjCNH7QqWx-Vo33Ud7shqvy2hMX1jkSw&bvm=bv.67720277,d.bGQ" "Mozilla/5.0 (Windows NT 6.1; WOW64; rv:29.0) Gecko/20100101 Firefox/29.0"
208.115.111.75 - - [02/Jun/2014:08:39:18 +0200] "GET /robots.txt HTTP/1.1" 200 59 "-" "Mozilla/5.0 (compatible; DotBot/1.1; http://www.opensiteexplorer.org/dotbot, help@moz.com)"
66.249.67.128 - - [02/Jun/2014:08:44:12 +0200] "GET /wp-content/themes/purevision/sliders/piecemaker_2/piecemaker.swf?random_number=3837 HTTP/1.1" 200 208139 "-" "Mozilla/5.0 (compatible; Googlebot/2.1; +http://www.google.com/bot.html)"
