217.69.133.70 - - [02/Jan/2015:05:55:46 +0100] "GET /impressum HTTP/1.1" 200 23411 "-" "Mozilla/5.0 (compatible; Linux x86_64; Mail.RU_Bot/2.0; +http://go.mail.ru/help/robots)"
217.69.133.239 - - [02/Jan/2015:05:55:47 +0100] "GET /kontakt-service/infomaterial-bestellen HTTP/1.1" 200 25268 "-" "Mozilla/5.0 (compatible; Linux x86_64; Mail.RU_Bot/2.0; +http://go.mail.ru/help/robots)"
66.249.78.79 - - [02/Jan/2015:05:55:56 +0100] "GET /wp-content/plugins/wptouch/themes/foundation/default/style.css?ver=3.5.3 HTTP/1.1" 200 23416 "-" "Mozilla/5.0 (compatible; Googlebot/2.1; +http://www.google.com/bot.html)"
66.249.64.20 - - [02/Jan/2015:05:55:57 +0100] "GET /wp-content/plugins/wptouch/themes/foundation/modules/pushit/pushit.css?ver=4.0.1 HTTP/1.1" 200 484 "-" "Mozilla/5.0 (compatible; Googlebot/2.1; +http://www.google.com/bot.html)"
66.249.64.28 - - [02/Jan/2015:05:55:57 +0100] "GET /wp-content/plugins/wptouch/themes/foundation/modules/font-awesome/font-awesome.min.css?ver=2.2 HTTP/1.1" 200 22054 "-" "Mozilla/5.0 (compatible; Googlebot/2.1; +http://www.google.com/bot.html)"
66.249.78.86 - - [02/Jan/2015:05:55:58 +0100] "GET /wp-content/plugins/wptouch/themes/bauhaus/default/style.css?ver=3.5.3 HTTP/1.1" 200 18657 "-" "Mozilla/5.0 (compatible; Googlebot/2.1; +http://www.google.com/bot.html)"
141.8.147.20 - - [02/Jan/2015:05:56:05 +0100] "GET /robots.txt HTTP/1.1" 200 35 "-" "Mozilla/5.0 (compatible; YandexBot/3.0; +http://yandex.com/bots)"
66.249.78.86 - - [02/Jan/2015:06:13:04 +0100] "GET /wp-content/themes/purevision/sliders/slider_de/piecemaker.swf?random_number=1123 HTTP/1.1" 200 208139 "-" "Mozilla/5.0 (compatible; Googlebot/2.1; +http://www.google.com/bot.html)"
188.40.35.97 - - [02/Jan/2015:06:20:53 +0100] "POST /wp-cron.php?doing_wp_cron=1420176053.1094460487365722656250 HTTP/1.0" 200 - "-" "WordPress/4.0.1; http://www.a-und-h.de"
54.69.230.149 - - [02/Jan/2015:06:20:52 +0100] "GET /robots.txt HTTP/1.1" 200 35 "-" "Mozilla/5.0 (compatible; DomainAppender /1.0; +http://www.profound.net/domainappender)"
54.69.230.149 - - [02/Jan/2015:06:21:04 +0100] "GET /robots.txt HTTP/1.1" 301 315 "-" "Mozilla/5.0 (compatible; DomainAppender /1.0; +http://www.profound.net/domainappender)"
54.69.230.149 - - [02/Jan/2015:06:21:04 +0100] "GET /robots.txt HTTP/1.1" 200 35 "-" "Mozilla/5.0 (compatible; DomainAppender /1.0; +http://www.profound.net/domainappender)"
54.69.230.149 - - [02/Jan/2015:06:21:16 +0100] "GET / HTTP/1.1" 302 - "-" "Mozilla/5.0 (compatible; DomainAppender /1.0; +http://www.profound.net/domainappender)"
54.69.230.149 - - [02/Jan/2015:06:21:17 +0100] "GET /de/ HTTP/1.1" 200 26581 "-" "Mozilla/5.0 (compatible; DomainAppender /1.0; +http://www.profound.net/domainappender)"
188.40.35.97 - - [02/Jan/2015:06:22:06 +0100] "POST /wp-cron.php?doing_wp_cron=1420176126.0118649005889892578125 HTTP/1.0" 200 - "-" "WordPress/4.0.1; http://www.a-und-h.de"
54.69.230.149 - - [02/Jan/2015:06:22:05 +0100] "GET /kontakt-service/infomaterial-bestellen HTTP/1.1" 200 25268 "-" "Mozilla/5.0 (compatible; DomainAppender /1.0; +http://www.profound.net/domainappender)"
94.153.11.109 - - [02/Jan/2015:06:26:10 +0100] "GET / HTTP/1.1" 302 - "http://infoprosto.com/" "Mozilla/4.0 (compatible; MSIE 5.5; Windows 95; BCD2000)"
94.153.11.109 - - [02/Jan/2015:06:26:10 +0100] "GET / HTTP/1.1" 302 - "http://infoprosto.com/" "Mozilla/4.0 (compatible; MSIE 5.5; Windows 95; BCD2000)"
94.153.11.109 - - [02/Jan/2015:06:26:11 +0100] "GET / HTTP/1.1" 302 - "http://infoprosto.com/" "Mozilla/4.0 (compatible; MSIE 5.5; Windows 95; BCD2000)"
188.40.35.97 - - [02/Jan/2015:06:28:21 +0100] "POST /wp-cron.php?doing_wp_cron=1420176501.8740670680999755859375 HTTP/1.0" 200 - "-" "WordPress/4.0.1; http://www.a-und-h.de"
66.249.78.86 - - [02/Jan/2015:06:28:21 +0100] "GET /hallo-welt HTTP/1.1" 301 - "-" "Mozilla/5.0 (compatible; Googlebot/2.1; +http://www.google.com/bot.html)"
188.40.35.97 - - [02/Jan/2015:06:36:46 +0100] "POST /wp-cron.php?doing_wp_cron=1420177006.5639579296112060546875 HTTP/1.0" 200 - "-" "WordPress/4.0.1; http://www.a-und-h.de"
157.55.39.66 - - [02/Jan/2015:06:36:46 +0100] "GET /category/neuigkeiten HTTP/1.1" 200 45509 "-" "Mozilla/5.0 (compatible; bingbot/2.0; +http://www.bing.com/bingbot.htm)"
66.249.78.86 - - [02/Jan/2015:06:37:01 +0100] "GET /de/ HTTP/1.1" 200 26581 "-" "Mozilla/5.0 (compatible; Googlebot/2.1; +http://www.google.com/bot.html)"
188.40.35.97 - - [02/Jan/2015:06:46:08 +0100] "POST /wp-cron.php?doing_wp_cron=1420177568.1406240463256835937500 HTTP/1.0" 200 - "-" "WordPress/4.0.1; http://www.a-und-h.de"
141.8.147.20 - - [02/Jan/2015:06:46:07 +0100] "GET /products/equipment-construction HTTP/1.1" 200 22840 "-" "Mozilla/5.0 (compatible; YandexBot/3.0; +http://yandex.com/bots)"
188.40.35.97 - - [02/Jan/2015:06:56:43 +0100] "POST /wp-cron.php?doing_wp_cron=1420178203.1741580963134765625000 HTTP/1.0" 200 - "-" "WordPress/4.0.1; http://www.a-und-h.de"
220.181.108.155 - - [02/Jan/2015:06:56:42 +0100] "GET /de/page/2 HTTP/1.1" 200 26165 "-" "Mozilla/5.0 (compatible; Baiduspider/2.0; +http://www.baidu.com/search/spider.html)"
66.249.78.86 - - [02/Jan/2015:07:06:23 +0100] "GET /wp-content/themes/purevision/sliders/slider_de/piecemaker.swf?random_number=8963 HTTP/1.1" 200 208139 "-" "Mozilla/5.0 (compatible; Googlebot/2.1; +http://www.google.com/bot.html)"
188.40.35.97 - - [02/Jan/2015:07:06:51 +0100] "POST /wp-cron.php?doing_wp_cron=1420178811.9145979881286621093750 HTTP/1.0" 200 - "-" "WordPress/4.0.1; http://www.a-und-h.de"
66.249.78.93 - - [02/Jan/2015:07:06:51 +0100] "GET /%D0%BE%D1%81%D1%83%D1%88%D0%B5%D0%BD%D0%B8%D0%B5-%D0%B2%D0%BE%D0%B7%D0%B4%D1%83%D1%85%D0%B0/%D0%BE%D1%81%D1%83%D1%88%D0%B5%D0%BD%D0%B8%D0%B5-%D0%B2%D0%BE%D0%B7%D0%B4%D1%83%D1%85%D0%B0-%D0%BF%D1%80%D0%B8%D0%BD%D1%86%D0%B8%D0%BF-%D1%80%D0%B0%D0%B1%D0%BE%D1%82%D1%8B HTTP/1.1" 200 23247 "-" "Mozilla/5.0 (compatible; Googlebot/2.1; +http://www.google.com/bot.html)"
88.74.100.142 - - [02/Jan/2015:07:12:00 +0100] "GET /wp-content/uploads/2012/03/MSR-Symbole+Kennbuchstaben.pdf HTTP/1.1" 200 511716 "http://www.google.de/url?sa=t&rct=j&q=&esrc=s&source=web&cd=1&ved=0CCMQFjAA&url=http%3A%2F%2Fwww.a-und-h.de%2Fwp-content%2Fuploads%2F2012%2F03%2FMSR-Symbole%2BKennbuchstaben.pdf&ei=rDamVPKwOMHfywPe5IHACw&usg=AFQjCNH7QqWx-Vo33Ud7shqvy2hMX1jkSw&bvm=bv.82001339,d.bGQ" "Mozilla/5.0 (Windows NT 5.1; rv:8.0.1) Gecko/20100101 Firefox/8.0.1"
88.74.100.142 - - [02/Jan/2015:07:12:01 +0100] "GET /favicon.ico HTTP/1.1" 200 1406 "-" "Mozilla/5.0 (Windows NT 5.1; rv:8.0.1) Gecko/20100101 Firefox/8.0.1"
188.40.35.97 - - [02/Jan/2015:07:12:39 +0100] "POST /wp-cron.php?doing_wp_cron=1420179158.9984059333801269531250 HTTP/1.0" 200 - "-" "WordPress/4.0.1; http://www.a-und-h.de"
66.249.78.93 - - [02/Jan/2015:07:12:38 +0100] "GET /?page_id=43 HTTP/1.1" 301 - "-" "Mozilla/5.0 (compatible; Googlebot/2.1; +http://www.google.com/bot.html)"
66.249.78.86 - - [02/Jan/2015:07:12:40 +0100] "GET /agb HTTP/1.1" 200 29919 "-" "Mozilla/5.0 (compatible; Googlebot/2.1; +http://www.google.com/bot.html)"
66.249.78.93 - - [02/Jan/2015:07:23:20 +0100] "GET /wp-content/plugins/contact-form-7/includes/css/styles.css?ver=3.9.1 HTTP/1.1" 200 1103 "-" "Mozilla/5.0 (compatible; Googlebot/2.1; +http://www.google.com/bot.html)"
188.40.35.97 - - [02/Jan/2015:07:23:21 +0100] "POST /wp-cron.php?doing_wp_cron=1420179801.4501430988311767578125 HTTP/1.0" 200 - "-" "WordPress/4.0.1; http://www.a-und-h.de"
66.249.78.79 - - [02/Jan/2015:07:23:21 +0100] "GET /wp-content/themes/purevision/styles/custom/custom_style.php?ver=3.9.2 HTTP/1.1" 200 4550 "-" "Mozilla/5.0 (compatible; Googlebot/2.1; +http://www.google.com/bot.html)"
188.40.35.97 - - [02/Jan/2015:07:29:06 +0100] "POST /wp-cron.php?doing_wp_cron=1420180146.5326828956604003906250 HTTP/1.0" 200 - "-" "WordPress/4.0.1; http://www.a-und-h.de"
217.69.133.240 - - [02/Jan/2015:07:29:06 +0100] "GET /robots.txt HTTP/1.1" 200 35 "-" "Mozilla/5.0 (compatible; Linux x86_64; Mail.RU_Bot/2.0; +http://go.mail.ru/help/robots)"
217.69.133.234 - - [02/Jan/2015:07:29:08 +0100] "GET /wp-content/uploads/2014/11/achema_logo-300x76.jpg HTTP/1.1" 200 6535 "-" "Mozilla/5.0 (compatible; Linux x86_64; Mail.RU_Bot/2.0; +http://go.mail.ru/help/robots)"
176.9.99.134 - - [02/Jan/2015:07:34:11 +0100] "GET /robots.txt HTTP/1.1" 301 315 "-" "Mozilla/5.0 (compatible; XoviBot/2.0; +http://www.xovibot.net/)"
188.40.35.97 - - [02/Jan/2015:07:34:12 +0100] "POST /wp-cron.php?doing_wp_cron=1420180452.0390870571136474609375 HTTP/1.0" 200 - "-" "WordPress/4.0.1; http://www.a-und-h.de"
176.9.99.134 - - [02/Jan/2015:07:34:11 +0100] "GET /robots.txt HTTP/1.1" 200 35 "-" "Mozilla/5.0 (compatible; XoviBot/2.0; +http://www.xovibot.net/)"
66.249.78.79 - - [02/Jan/2015:07:47:17 +0100] "GET /wp-content/uploads/2012/03/MSR-Symbole+Kennbuchstaben.pdf HTTP/1.1" 304 - "-" "Mozilla/5.0 (compatible; Googlebot/2.1; +http://www.google.com/bot.html)"
188.40.35.97 - - [02/Jan/2015:07:48:41 +0100] "POST /wp-cron.php?doing_wp_cron=1420181321.1058681011199951171875 HTTP/1.0" 200 - "-" "WordPress/4.0.1; http://www.a-und-h.de"
85.216.100.59 - - [02/Jan/2015:07:48:42 +0100] "GET /wp-content/plugins/cookie-opt-in/css/style.css?ver=4.0.1 HTTP/1.1" 200 2316 "http://www.a-und-h.de/produkte/anlagenbau?gclid=CKSI8tjb9MICFWTHtAodECcAjw" "Mozilla/5.0 (Windows Phone 8.1; ARM; Trident/7.0; Touch; rv:11.0; IEMobile/11.0; NOKIA; Lumia 1520) like Gecko"
85.216.100.59 - - [02/Jan/2015:07:48:40 +0100] "GET /produkte/anlagenbau?gclid=CKSI8tjb9MICFWTHtAodECcAjw HTTP/1.1" 200 26423 "http://www.google.de/search?q=aldi+luftentfeuchtungsger%C3%A4te&oq=aldi+luft&gs_l=mobile-heirloom-serp.1.1.0l5.9910.14945.0.21286.10.7.0.3.3.0.208.1364.0j5j2.7.0.msedr...0...1c.1.34.mobile-heirloom-serp..1.9.1446.PTTFYDCeK-0" "Mozilla/5.0 (Windows Phone 8.1; ARM; Trident/7.0; Touch; rv:11.0; IEMobile/11.0; NOKIA; Lumia 1520) like Gecko"
85.216.100.59 - - [02/Jan/2015:07:48:42 +0100] "GET /wp-content/plugins/wp-slimbox2/css/slimbox2.css?ver=1.1 HTTP/1.1" 200 917 "http://www.a-und-h.de/produkte/anlagenbau?gclid=CKSI8tjb9MICFWTHtAodECcAjw" "Mozilla/5.0 (Windows Phone 8.1; ARM; Trident/7.0; Touch; rv:11.0; IEMobile/11.0; NOKIA; Lumia 1520) like Gecko"
85.216.100.59 - - [02/Jan/2015:07:48:42 +0100] "GET /wp-content/plugins/wptouch/themes/foundation/modules/pushit/pushit.css?ver=4.0.1 HTTP/1.1" 200 484 "http://www.a-und-h.de/produkte/anlagenbau?gclid=CKSI8tjb9MICFWTHtAodECcAjw" "Mozilla/5.0 (Windows Phone 8.1; ARM; Trident/7.0; Touch; rv:11.0; IEMobile/11.0; NOKIA; Lumia 1520) like Gecko"
85.216.100.59 - - [02/Jan/2015:07:48:42 +0100] "GET /wp-content/plugins/contact-form-7/includes/css/styles.css?ver=4.0.1 HTTP/1.1" 200 1103 "http://www.a-und-h.de/produkte/anlagenbau?gclid=CKSI8tjb9MICFWTHtAodECcAjw" "Mozilla/5.0 (Windows Phone 8.1; ARM; Trident/7.0; Touch; rv:11.0; IEMobile/11.0; NOKIA; Lumia 1520) like Gecko"
85.216.100.59 - - [02/Jan/2015:07:48:42 +0100] "GET /wp-content/plugins/category-posts/cat-posts.css?ver=4.0.1 HTTP/1.1" 200 833 "http://www.a-und-h.de/produkte/anlagenbau?gclid=CKSI8tjb9MICFWTHtAodECcAjw" "Mozilla/5.0 (Windows Phone 8.1; ARM; Trident/7.0; Touch; rv:11.0; IEMobile/11.0; NOKIA; Lumia 1520) like Gecko"
85.216.100.59 - - [02/Jan/2015:07:48:42 +0100] "GET /wp-content/plugins/wptouch/themes/foundation/default/style.css?ver=3.5.3 HTTP/1.1" 200 23416 "http://www.a-und-h.de/produkte/anlagenbau?gclid=CKSI8tjb9MICFWTHtAodECcAjw" "Mozilla/5.0 (Windows Phone 8.1; ARM; Trident/7.0; Touch; rv:11.0; IEMobile/11.0; NOKIA; Lumia 1520) like Gecko"
85.216.100.59 - - [02/Jan/2015:07:48:42 +0100] "GET /wp-content/plugins/wptouch/themes/foundation/modules/font-awesome/font-awesome.min.css?ver=2.2 HTTP/1.1" 200 22054 "http://www.a-und-h.de/produkte/anlagenbau?gclid=CKSI8tjb9MICFWTHtAodECcAjw" "Mozilla/5.0 (Windows Phone 8.1; ARM; Trident/7.0; Touch; rv:11.0; IEMobile/11.0; NOKIA; Lumia 1520) like Gecko"
85.216.100.59 - - [02/Jan/2015:07:48:42 +0100] "GET /wp-content/plugins/wptouch/themes/bauhaus/default/style.css?ver=3.5.3 HTTP/1.1" 200 18657 "http://www.a-und-h.de/produkte/anlagenbau?gclid=CKSI8tjb9MICFWTHtAodECcAjw" "Mozilla/5.0 (Windows Phone 8.1; ARM; Trident/7.0; Touch; rv:11.0; IEMobile/11.0; NOKIA; Lumia 1520) like Gecko"
85.216.100.59 - - [02/Jan/2015:07:48:42 +0100] "GET /wp-content/plugins/newsletter/subscription/styles/widget-neutral.css HTTP/1.1" 200 1018 "http://www.a-und-h.de/produkte/anlagenbau?gclid=CKSI8tjb9MICFWTHtAodECcAjw" "Mozilla/5.0 (Windows Phone 8.1; ARM; Trident/7.0; Touch; rv:11.0; IEMobile/11.0; NOKIA; Lumia 1520) like Gecko"
85.216.100.59 - - [02/Jan/2015:07:48:42 +0100] "GET /wp-includes/js/jquery/jquery-migrate.min.js?ver=1.2.1 HTTP/1.1" 200 7200 "http://www.a-und-h.de/produkte/anlagenbau?gclid=CKSI8tjb9MICFWTHtAodECcAjw" "Mozilla/5.0 (Windows Phone 8.1; ARM; Trident/7.0; Touch; rv:11.0; IEMobile/11.0; NOKIA; Lumia 1520) like Gecko"
85.216.100.59 - - [02/Jan/2015:07:48:42 +0100] "GET /wp-content/plugins/snow-storm/snow-storm.js?ver=1.41 HTTP/1.1" 200 9852 "http://www.a-und-h.de/produkte/anlagenbau?gclid=CKSI8tjb9MICFWTHtAodECcAjw" "Mozilla/5.0 (Windows Phone 8.1; ARM; Trident/7.0; Touch; rv:11.0; IEMobile/11.0; NOKIA; Lumia 1520) like Gecko"
85.216.100.59 - - [02/Jan/2015:07:48:42 +0100] "GET /wp-content/plugins/wp-slimbox2/javascript/slimbox2.js?ver=2.04 HTTP/1.1" 200 3777 "http://www.a-und-h.de/produkte/anlagenbau?gclid=CKSI8tjb9MICFWTHtAodECcAjw" "Mozilla/5.0 (Windows Phone 8.1; ARM; Trident/7.0; Touch; rv:11.0; IEMobile/11.0; NOKIA; Lumia 1520) like Gecko"
85.216.100.59 - - [02/Jan/2015:07:48:42 +0100] "GET /wp-content/plugins/wp-slimbox2/javascript/slimbox2_autoload.js?ver=1.0.4b HTTP/1.1" 200 3027 "http://www.a-und-h.de/produkte/anlagenbau?gclid=CKSI8tjb9MICFWTHtAodECcAjw" "Mozilla/5.0 (Windows Phone 8.1; ARM; Trident/7.0; Touch; rv:11.0; IEMobile/11.0; NOKIA; Lumia 1520) like Gecko"
85.216.100.59 - - [02/Jan/2015:07:48:42 +0100] "GET /wp-content/plugins/cookie-opt-in/js/cookie-opt-in.js?ver=1 HTTP/1.1" 200 9405 "http://www.a-und-h.de/produkte/anlagenbau?gclid=CKSI8tjb9MICFWTHtAodECcAjw" "Mozilla/5.0 (Windows Phone 8.1; ARM; Trident/7.0; Touch; rv:11.0; IEMobile/11.0; NOKIA; Lumia 1520) like Gecko"
85.216.100.59 - - [02/Jan/2015:07:48:42 +0100] "GET /wp-content/plugins/cookie-opt-in/js/cookie-opt-in-if.js?ver=1 HTTP/1.1" 200 1119 "http://www.a-und-h.de/produkte/anlagenbau?gclid=CKSI8tjb9MICFWTHtAodECcAjw" "Mozilla/5.0 (Windows Phone 8.1; ARM; Trident/7.0; Touch; rv:11.0; IEMobile/11.0; NOKIA; Lumia 1520) like Gecko"
85.216.100.59 - - [02/Jan/2015:07:48:42 +0100] "GET /wp-content/plugins/contact-form-7/includes/js/scripts.js?ver=4.0.1 HTTP/1.1" 200 9658 "http://www.a-und-h.de/produkte/anlagenbau?gclid=CKSI8tjb9MICFWTHtAodECcAjw" "Mozilla/5.0 (Windows Phone 8.1; ARM; Trident/7.0; Touch; rv:11.0; IEMobile/11.0; NOKIA; Lumia 1520) like Gecko"
85.216.100.59 - - [02/Jan/2015:07:48:42 +0100] "GET /wp-content/plugins/wptouch/resources/icons/elegant/Pencil.png HTTP/1.1" 200 1370 "http://www.a-und-h.de/produkte/anlagenbau?gclid=CKSI8tjb9MICFWTHtAodECcAjw" "Mozilla/5.0 (Windows Phone 8.1; ARM; Trident/7.0; Touch; rv:11.0; IEMobile/11.0; NOKIA; Lumia 1520) like Gecko"
85.216.100.59 - - [02/Jan/2015:07:48:42 +0100] "GET /wp-content/plugins/wptouch/resources/icons/elegant/Graph.png HTTP/1.1" 200 970 "http://www.a-und-h.de/produkte/anlagenbau?gclid=CKSI8tjb9MICFWTHtAodECcAjw" "Mozilla/5.0 (Windows Phone 8.1; ARM; Trident/7.0; Touch; rv:11.0; IEMobile/11.0; NOKIA; Lumia 1520) like Gecko"
85.216.100.59 - - [02/Jan/2015:07:48:42 +0100] "GET /wp-content/plugins/contact-form-7/includes/js/jquery.form.min.js?ver=3.51.0-2014.06.20 HTTP/1.1" 200 15248 "http://www.a-und-h.de/produkte/anlagenbau?gclid=CKSI8tjb9MICFWTHtAodECcAjw" "Mozilla/5.0 (Windows Phone 8.1; ARM; Trident/7.0; Touch; rv:11.0; IEMobile/11.0; NOKIA; Lumia 1520) like Gecko"
85.216.100.59 - - [02/Jan/2015:07:48:42 +0100] "GET /wp-content/plugins/wptouch/resources/icons/elegant/Mail.png HTTP/1.1" 200 1245 "http://www.a-und-h.de/produkte/anlagenbau?gclid=CKSI8tjb9MICFWTHtAodECcAjw" "Mozilla/5.0 (Windows Phone 8.1; ARM; Trident/7.0; Touch; rv:11.0; IEMobile/11.0; NOKIA; Lumia 1520) like Gecko"
85.216.100.59 - - [02/Jan/2015:07:48:42 +0100] "GET /wp-includes/js/jquery/jquery.js?ver=1.11.1 HTTP/1.1" 200 95807 "http://www.a-und-h.de/produkte/anlagenbau?gclid=CKSI8tjb9MICFWTHtAodECcAjw" "Mozilla/5.0 (Windows Phone 8.1; ARM; Trident/7.0; Touch; rv:11.0; IEMobile/11.0; NOKIA; Lumia 1520) like Gecko"
85.216.100.59 - - [02/Jan/2015:07:48:42 +0100] "GET /wp-content/wptouch-data/cache/wptouch-f5396d16806ec55b7e82bcb4a6d4752a1f2f5b33.js HTTP/1.1" 200 66433 "http://www.a-und-h.de/produkte/anlagenbau?gclid=CKSI8tjb9MICFWTHtAodECcAjw" "Mozilla/5.0 (Windows Phone 8.1; ARM; Trident/7.0; Touch; rv:11.0; IEMobile/11.0; NOKIA; Lumia 1520) like Gecko"
85.216.100.59 - - [02/Jan/2015:07:48:42 +0100] "GET /wp-content/plugins/wptouch/resources/icons/elegant/Config.png HTTP/1.1" 200 789 "http://www.a-und-h.de/produkte/anlagenbau?gclid=CKSI8tjb9MICFWTHtAodECcAjw" "Mozilla/5.0 (Windows Phone 8.1; ARM; Trident/7.0; Touch; rv:11.0; IEMobile/11.0; NOKIA; Lumia 1520) like Gecko"
85.216.100.59 - - [02/Jan/2015:07:48:42 +0100] "GET /wp-content/plugins/wptouch/resources/icons/elegant/Paper.png HTTP/1.1" 200 336 "http://www.a-und-h.de/produkte/anlagenbau?gclid=CKSI8tjb9MICFWTHtAodECcAjw" "Mozilla/5.0 (Windows Phone 8.1; ARM; Trident/7.0; Touch; rv:11.0; IEMobile/11.0; NOKIA; Lumia 1520) like Gecko"
85.216.100.59 - - [02/Jan/2015:07:48:42 +0100] "GET /wp-content/plugins/wptouch/resources/icons/elegant/World.png HTTP/1.1" 200 3483 "http://www.a-und-h.de/produkte/anlagenbau?gclid=CKSI8tjb9MICFWTHtAodECcAjw" "Mozilla/5.0 (Windows Phone 8.1; ARM; Trident/7.0; Touch; rv:11.0; IEMobile/11.0; NOKIA; Lumia 1520) like Gecko"
85.216.100.59 - - [02/Jan/2015:07:48:42 +0100] "GET /wp-content/plugins/wptouch/resources/icons/elegant/Questions.png HTTP/1.1" 200 2784 "http://www.a-und-h.de/produkte/anlagenbau?gclid=CKSI8tjb9MICFWTHtAodECcAjw" "Mozilla/5.0 (Windows Phone 8.1; ARM; Trident/7.0; Touch; rv:11.0; IEMobile/11.0; NOKIA; Lumia 1520) like Gecko"
85.216.100.59 - - [02/Jan/2015:07:48:42 +0100] "GET /wp-content/uploads/2014/10/Luftentfeuchtungsanlage-Anlagenbau-300x267.jpg HTTP/1.1" 200 13934 "http://www.a-und-h.de/produkte/anlagenbau?gclid=CKSI8tjb9MICFWTHtAodECcAjw" "Mozilla/5.0 (Windows Phone 8.1; ARM; Trident/7.0; Touch; rv:11.0; IEMobile/11.0; NOKIA; Lumia 1520) like Gecko"
85.216.100.59 - - [02/Jan/2015:07:48:42 +0100] "GET /wp-content/wptouch-data/uploads/A+H-Markenzeichen%20f%C3%BCr%20Google.jpg HTTP/1.1" 200 20474 "http://www.a-und-h.de/produkte/anlagenbau?gclid=CKSI8tjb9MICFWTHtAodECcAjw" "Mozilla/5.0 (Windows Phone 8.1; ARM; Trident/7.0; Touch; rv:11.0; IEMobile/11.0; NOKIA; Lumia 1520) like Gecko"
85.216.100.59 - - [02/Jan/2015:07:48:42 +0100] "GET /wp-content/uploads/2014/10/Luftentfeuchtungssystem-300x250.jpg HTTP/1.1" 200 15242 "http://www.a-und-h.de/produkte/anlagenbau?gclid=CKSI8tjb9MICFWTHtAodECcAjw" "Mozilla/5.0 (Windows Phone 8.1; ARM; Trident/7.0; Touch; rv:11.0; IEMobile/11.0; NOKIA; Lumia 1520) like Gecko"
85.216.100.59 - - [02/Jan/2015:07:48:42 +0100] "GET /wp-content/uploads/2014/10/Anlagenbau-Banner-1024x266.jpg HTTP/1.1" 200 26280 "http://www.a-und-h.de/produkte/anlagenbau?gclid=CKSI8tjb9MICFWTHtAodECcAjw" "Mozilla/5.0 (Windows Phone 8.1; ARM; Trident/7.0; Touch; rv:11.0; IEMobile/11.0; NOKIA; Lumia 1520) like Gecko"
85.216.100.59 - - [02/Jan/2015:07:48:42 +0100] "GET /wp-content/uploads/2014/10/Luftentfeuchtungsanlage-300x178.jpg HTTP/1.1" 200 13777 "http://www.a-und-h.de/produkte/anlagenbau?gclid=CKSI8tjb9MICFWTHtAodECcAjw" "Mozilla/5.0 (Windows Phone 8.1; ARM; Trident/7.0; Touch; rv:11.0; IEMobile/11.0; NOKIA; Lumia 1520) like Gecko"
85.216.100.59 - - [02/Jan/2015:07:48:42 +0100] "GET /wp-content/plugins/wp-table-reloaded/css/datatables.css?ver=1.9.4 HTTP/1.1" 200 2329 "http://www.a-und-h.de/produkte/anlagenbau?gclid=CKSI8tjb9MICFWTHtAodECcAjw" "Mozilla/5.0 (Windows Phone 8.1; ARM; Trident/7.0; Touch; rv:11.0; IEMobile/11.0; NOKIA; Lumia 1520) like Gecko"
85.216.100.59 - - [02/Jan/2015:07:48:42 +0100] "GET /wp-content/plugins/wp-table-reloaded/css/plugin.css?ver=1.9.4 HTTP/1.1" 200 980 "http://www.a-und-h.de/produkte/anlagenbau?gclid=CKSI8tjb9MICFWTHtAodECcAjw" "Mozilla/5.0 (Windows Phone 8.1; ARM; Trident/7.0; Touch; rv:11.0; IEMobile/11.0; NOKIA; Lumia 1520) like Gecko"
85.216.100.59 - - [02/Jan/2015:07:48:42 +0100] "GET /piwik/piwik.js HTTP/1.1" 200 18716 "http://www.a-und-h.de/produkte/anlagenbau?gclid=CKSI8tjb9MICFWTHtAodECcAjw" "Mozilla/5.0 (Windows Phone 8.1; ARM; Trident/7.0; Touch; rv:11.0; IEMobile/11.0; NOKIA; Lumia 1520) like Gecko"
85.216.100.59 - - [02/Jan/2015:07:48:42 +0100] "GET /wp-content/plugins/wptouch/themes/foundation/modules/font-awesome/fontawesome-webfont.eot? HTTP/1.1" 200 37405 "http://www.a-und-h.de/produkte/anlagenbau?gclid=CKSI8tjb9MICFWTHtAodECcAjw" "Mozilla/5.0 (Windows Phone 8.1; ARM; Trident/7.0; Touch; rv:11.0; IEMobile/11.0; NOKIA; Lumia 1520) like Gecko"
85.216.100.59 - - [02/Jan/2015:07:48:43 +0100] "GET /wp-content/plugins/wptouch/themes/foundation/modules/font-awesome/fontawesome-webfont.woff?v=3.2.1 HTTP/1.1" 200 43572 "http://www.a-und-h.de/produkte/anlagenbau?gclid=CKSI8tjb9MICFWTHtAodECcAjw" "Mozilla/5.0 (Windows Phone 8.1; ARM; Trident/7.0; Touch; rv:11.0; IEMobile/11.0; NOKIA; Lumia 1520) like Gecko"
85.216.100.59 - - [02/Jan/2015:07:48:43 +0100] "GET /piwik/piwik.php?action_name=Anlagenbau%20%7C%20A%2BH%20Adsorp&idsite=1&rec=1&r=385189&h=7&m=48&s=55&url=http%3A%2F%2Fwww.a-und-h.de%2Fprodukte%2Fanlagenbau%3Fgclid%3DCKSI8tjb9MICFWTHtAodECcAjw&urlref=http%3A%2F%2Fwww.google.de%2Fsearch%3Fq%3Daldi%2Bluftentfeuchtungsger%25C3%25A4te%26oq%3Daldi%2Bluft%26gs_l%3Dmobile-heirloom-serp.1.1.0l5.9910.14945.0.21286.10.7.0.3.3.0.208.1364.0j5j2.7.0.msedr...0...1c.1.34.mobile-heirloom-serp..1.9.1446.PTTFYDCeK-0&_id=e6a3e199f98245e2&_idts=1420181336&_idvc=1&_idn=1&_refts=1420181336&_viewts=1420181336&_ref=http%3A%2F%2Fwww.google.de%2Fsearch%3Fq%3Daldi%2Bluftentfeuchtungsger%25C3%25A4te%26oq%3Daldi%2Bluft%26gs_l%3Dmobile-heirloom-serp.1.1.0l5.9910.14945.0.21286.10.7.0.3.3.0.208.1364.0j5j2.7.0.msedr...0...1c.1.34.mobile-heirloom-serp..1.9.1446.PTTFYDCeK-0&java=1&res=487x866&cookie=1 HTTP/1.1" 200 43 "http://www.a-und-h.de/produkte/anlagenbau?gclid=CKSI8tjb9MICFWTHtAodECcAjw" "Mozilla/5.0 (Windows Phone 8.1; ARM; Trident/7.0; Touch; rv:11.0; IEMobile/11.0; NOKIA; Lumia 1520) like Gecko"
85.216.100.59 - - [02/Jan/2015:07:48:44 +0100] "GET /wp-content/plugins/wp-slimbox2/images/de_DE/closelabel-de.gif HTTP/1.1" 200 886 "http://www.a-und-h.de/produkte/anlagenbau?gclid=CKSI8tjb9MICFWTHtAodECcAjw" "Mozilla/5.0 (Windows Phone 8.1; ARM; Trident/7.0; Touch; rv:11.0; IEMobile/11.0; NOKIA; Lumia 1520) like Gecko"
66.249.78.93 - - [02/Jan/2015:07:49:47 +0100] "GET /produkte HTTP/1.1" 200 24631 "-" "Mozilla/5.0 (iPhone; CPU iPhone OS 6_0 like Mac OS X) AppleWebKit/536.26 (KHTML, like Gecko) Version/6.0 Mobile/10A5376e Safari/8536.25 (compatible; Googlebot/2.1; +http://www.google.com/bot.html)"
176.9.40.107 - - [02/Jan/2015:07:51:49 +0100] "GET /robots.txt HTTP/1.1" 301 315 "-" "Mozilla/5.0 (compatible; XoviBot/2.0; +http://www.xovibot.net/)"
188.40.35.97 - - [02/Jan/2015:07:51:49 +0100] "POST /wp-cron.php?doing_wp_cron=1420181509.2707390785217285156250 HTTP/1.0" 200 - "-" "WordPress/4.0.1; http://www.a-und-h.de"
176.9.40.107 - - [02/Jan/2015:07:51:49 +0100] "GET /robots.txt HTTP/1.1" 200 35 "-" "Mozilla/5.0 (compatible; XoviBot/2.0; +http://www.xovibot.net/)"
66.249.78.86 - - [02/Jan/2015:07:55:04 +0100] "GET /pdf/Typenblatt%20DL%202400-8000%20NEU%202009-03-24.pdf HTTP/1.1" 404 22092 "-" "Googlebot/2.1 (+http://www.google.com/bot.html)"
85.216.100.59 - - [02/Jan/2015:07:55:22 +0100] "GET /produkte/anlagenbau?gclid=CJSkxZjd9MICFSfLtAod2GUA7w HTTP/1.1" 200 26443 "http://www.google.de/search?q=quigg+luftentfeuchtungsger%C3%A4te&oq=quigg+luftentfeuchtungsger%C3%A4te&gs_l=mobile-heirloom-serp.12..0l4.72263.83892.0.85296.11.11.0.0.0.0.378.2297.0j7j3j1.11.0.msedr...0...1c.1.34.mobile-heirloom-serp..0.11.2291.ZkKR7Yxtz0c" "Mozilla/5.0 (Windows Phone 8.1; ARM; Trident/7.0; Touch; rv:11.0; IEMobile/11.0; NOKIA; Lumia 1520) like Gecko"
85.216.100.59 - - [02/Jan/2015:07:55:23 +0100] "GET /piwik/piwik.php?action_name=Anlagenbau%20%7C%20A%2BH%20Adsorp&idsite=1&rec=1&r=512987&h=7&m=55&s=36&url=http%3A%2F%2Fwww.a-und-h.de%2Fprodukte%2Fanlagenbau%3Fgclid%3DCJSkxZjd9MICFSfLtAod2GUA7w&urlref=http%3A%2F%2Fwww.google.de%2Fsearch%3Fq%3Dquigg%2Bluftentfeuchtungsger%25C3%25A4te%26oq%3Dquigg%2Bluftentfeuchtungsger%25C3%25A4te%26gs_l%3Dmobile-heirloom-serp.12..0l4.72263.83892.0.85296.11.11.0.0.0.0.378.2297.0j7j3j1.11.0.msedr...0...1c.1.34.mobile-heirloom-serp..0.11.2291.ZkKR7Yxtz0c&_id=e6a3e199f98245e2&_idts=1420181336&_idvc=1&_idn=0&_refts=1420181336&_viewts=1420181336&_ref=http%3A%2F%2Fwww.google.de%2Fsearch%3Fq%3Daldi%2Bluftentfeuchtungsger%25C3%25A4te%26oq%3Daldi%2Bluft%26gs_l%3Dmobile-heirloom-serp.1.1.0l5.9910.14945.0.21286.10.7.0.3.3.0.208.1364.0j5j2.7.0.msedr...0...1c.1.34.mobile-heirloom-serp..1.9.1446.PTTFYDCeK-0&java=1&res=487x866&cookie=1 HTTP/1.1" 200 43 "http://www.a-und-h.de/produkte/anlagenbau?gclid=CJSkxZjd9MICFSfLtAod2GUA7w" "Mozilla/5.0 (Windows Phone 8.1; ARM; Trident/7.0; Touch; rv:11.0; IEMobile/11.0; NOKIA; Lumia 1520) like Gecko"
123.125.71.50 - - [02/Jan/2015:08:03:23 +0100] "GET / HTTP/1.1" 302 - "-" "Mozilla/5.0 (compatible; Baiduspider/2.0; +http://www.baidu.com/search/spider.html)"
123.125.71.53 - - [02/Jan/2015:08:03:25 +0100] "GET /de/ HTTP/1.1" 200 26581 "-" "Mozilla/5.0 (compatible; Baiduspider/2.0; +http://www.baidu.com/search/spider.html)"
188.40.35.97 - - [02/Jan/2015:08:03:23 +0100] "POST /wp-cron.php?doing_wp_cron=1420182203.4249789714813232421875 HTTP/1.0" 200 - "-" "WordPress/4.0.1; http://www.a-und-h.de"
66.249.78.86 - - [02/Jan/2015:08:06:32 +0100] "GET /wp-content/uploads/2012/05/FlowChart-Legend.pdf HTTP/1.1" 304 - "-" "Mozilla/5.0 (compatible; Googlebot/2.1; +http://www.google.com/bot.html)"
220.181.108.112 - - [02/Jan/2015:08:09:02 +0100] "GET /wp-content/themes/purevision/style.css?ver=1.0 HTTP/1.1" 200 885 "http://www.a-und-h.de/" "Mozilla/5.0 (compatible; Baiduspider/2.0; +http://www.baidu.com/search/spider.html)"
220.181.108.159 - - [02/Jan/2015:08:09:02 +0100] "GET /wp-content/themes/purevision/scripts/superfish-1.4.8/css/superfish.css?ver=1.0 HTTP/1.1" 200 3275 "http://www.a-und-h.de/" "Mozilla/5.0 (compatible; Baiduspider/2.0; +http://www.baidu.com/search/spider.html)"
220.181.108.80 - - [02/Jan/2015:08:09:02 +0100] "GET /wp-content/themes/purevision/styles/style1/css/style.css?ver=1.0 HTTP/1.1" 200 72108 "http://www.a-und-h.de/" "Mozilla/5.0 (compatible; Baiduspider/2.0; +http://www.baidu.com/search/spider.html)"
220.181.108.119 - - [02/Jan/2015:08:09:02 +0100] "GET /wp-includes/js/jquery/jquery.js?ver=1.11.1 HTTP/1.1" 200 95807 "http://www.a-und-h.de/" "Mozilla/5.0 (compatible; Baiduspider/2.0; +http://www.baidu.com/search/spider.html)"
220.181.108.81 - - [02/Jan/2015:08:09:02 +0100] "GET /wp-content/themes/purevision/styles/custom/custom_style.php?ver=4.0.1 HTTP/1.1" 200 4550 "http://www.a-und-h.de/" "Mozilla/5.0 (compatible; Baiduspider/2.0; +http://www.baidu.com/search/spider.html)"
188.40.35.97 - - [02/Jan/2015:08:09:02 +0100] "POST /wp-cron.php?doing_wp_cron=1420182542.3556559085845947265625 HTTP/1.0" 200 - "-" "WordPress/4.0.1; http://www.a-und-h.de"
220.181.108.148 - - [02/Jan/2015:08:09:04 +0100] "GET /wp-content/plugins/snow-storm/snow-storm.js?ver=1.41 HTTP/1.1" 200 9852 "http://www.a-und-h.de/" "Mozilla/5.0 (compatible; Baiduspider/2.0; +http://www.baidu.com/search/spider.html)"
220.181.108.83 - - [02/Jan/2015:08:09:05 +0100] "GET /wp-content/themes/purevision/sliders/piecemaker/js/swfobject.js?ver=1.5 HTTP/1.1" 200 6880 "http://www.a-und-h.de/" "Mozilla/5.0 (compatible; Baiduspider/2.0; +http://www.baidu.com/search/spider.html)"
220.181.108.83 - - [02/Jan/2015:08:09:06 +0100] "GET /piwik/piwik.js HTTP/1.1" 200 18716 "http://www.a-und-h.de/" "Mozilla/5.0 (compatible; Baiduspider/2.0; +http://www.baidu.com/search/spider.html)"
220.181.108.99 - - [02/Jan/2015:08:09:07 +0100] "GET /wp-content/plugins/contact-form-7/includes/js/scripts.js?ver=4.0.1 HTTP/1.1" 200 9658 "http://www.a-und-h.de/" "Mozilla/5.0 (compatible; Baiduspider/2.0; +http://www.baidu.com/search/spider.html)"
220.181.108.93 - - [02/Jan/2015:08:09:07 +0100] "GET /piwik/piwik.php?action_name=A%2BH%20Adsorp%20Luftentfeuchtungssysteme%20GmbH&idsite=1&rec=1&r=612459&h=15&m=9&s=6&url=http%3A%2F%2Fwww.a-und-h.de%2F&_id=5f84ecfe44800c77&_idts=1420182546&_idvc=1&_idn=1&_refts=0&_viewts=1420182546&res=1600x1600&cookie=1 HTTP/1.1" 200 43 "http://www.a-und-h.de/" "Mozilla/5.0 (compatible; Baiduspider/2.0; +http://www.baidu.com/search/spider.html)"
188.40.35.97 - - [02/Jan/2015:08:17:11 +0100] "POST /wp-cron.php?doing_wp_cron=1420183031.1641209125518798828125 HTTP/1.0" 200 - "-" "WordPress/4.0.1; http://www.a-und-h.de"
66.249.78.86 - - [02/Jan/2015:08:17:10 +0100] "GET /pdf/Typenblatt%20DA%202400-8000%20NEU%202009-03-10.pdf HTTP/1.1" 404 22092 "-" "Googlebot/2.1 (+http://www.google.com/bot.html)"
188.40.35.97 - - [02/Jan/2015:08:41:17 +0100] "POST /wp-cron.php?doing_wp_cron=1420184477.8045880794525146484375 HTTP/1.0" 200 - "-" "WordPress/4.0.1; http://www.a-und-h.de"
66.249.78.86 - - [02/Jan/2015:08:41:17 +0100] "GET /pdf/AGB_A_H.pdf HTTP/1.1" 404 22053 "-" "Googlebot/2.1 (+http://www.google.com/bot.html)"
95.90.196.156 - - [02/Jan/2015:08:41:48 +0100] "GET /wp-content/uploads/2012/03/MSR-Symbole+Kennbuchstaben.pdf HTTP/1.1" 200 511716 "http://www.google.de/url?sa=t&rct=j&q=&esrc=s&source=web&cd=1&ved=0CCMQFjAA&url=http%3A%2F%2Fwww.a-und-h.de%2Fwp-content%2Fuploads%2F2012%2F03%2FMSR-Symbole%2BKennbuchstaben.pdf&ei=EUSmVP6KIYOfygPywYHACw&usg=AFQjCNH7QqWx-Vo33Ud7shqvy2hMX1jkSw&bvm=bv.82001339,d.bGQ&cad=rja" "Mozilla/5.0 (Windows NT 6.1; WOW64; rv:34.0) Gecko/20100101 Firefox/34.0"
5.9.16.51 - - [02/Jan/2015:08:48:21 +0100] "GET / HTTP/1.0" 302 - "-" "-"
188.40.35.97 - - [02/Jan/2015:08:48:22 +0100] "POST /wp-cron.php?doing_wp_cron=1420184902.0264589786529541015625 HTTP/1.0" 200 - "-" "WordPress/4.0.1; http://www.a-und-h.de"
5.9.16.51 - - [02/Jan/2015:08:48:23 +0100] "GET /de/ HTTP/1.0" 200 26372 "-" "-"
5.9.16.51 - - [02/Jan/2015:08:48:29 +0100] "GET / HTTP/1.0" 302 - "-" "-"
5.9.16.51 - - [02/Jan/2015:08:48:30 +0100] "GET /de/ HTTP/1.0" 200 17519 "-" "-"
207.46.13.11 - - [02/Jan/2015:08:49:42 +0100] "GET /kontakt-service/infomaterial-bestellen HTTP/1.1" 200 25268 "-" "Mozilla/5.0 (compatible; bingbot/2.0; +http://www.bing.com/bingbot.htm)"
66.249.78.79 - - [02/Jan/2015:08:49:51 +0100] "GET / HTTP/1.1" 302 - "-" "Mozilla/5.0 (compatible; Googlebot/2.1; +http://www.google.com/bot.html)"
66.249.78.93 - - [02/Jan/2015:08:49:52 +0100] "GET /de/ HTTP/1.1" 200 26581 "-" "Mozilla/5.0 (compatible; Googlebot/2.1; +http://www.google.com/bot.html)"
66.249.64.28 - - [02/Jan/2015:08:54:54 +0100] "GET /wp-content/themes/purevision/sliders/slider_de/piecemaker.swf?random_number=8140 HTTP/1.1" 200 208139 "-" "Mozilla/5.0 (compatible; Googlebot/2.1; +http://www.google.com/bot.html)"
91.118.3.49 - - [02/Jan/2015:08:59:55 +0100] "GET /wp-content/uploads/2012/03/MSR-Symbole+Kennbuchstaben.pdf HTTP/1.1" 200 511716 "https://www.google.at/" "Mozilla/5.0 (Windows NT 6.1; WOW64) AppleWebKit/537.36 (KHTML, like Gecko) Chrome/39.0.2171.95 Safari/537.36"
91.118.3.49 - - [02/Jan/2015:08:59:55 +0100] "GET /wp-content/uploads/2012/03/MSR-Symbole+Kennbuchstaben.pdf HTTP/1.1" 206 32768 "http://www.a-und-h.de/wp-content/uploads/2012/03/MSR-Symbole+Kennbuchstaben.pdf" "Mozilla/5.0 (Windows NT 6.1; WOW64) AppleWebKit/537.36 (KHTML, like Gecko) Chrome/39.0.2171.95 Safari/537.36"
91.118.3.49 - - [02/Jan/2015:08:59:56 +0100] "GET /wp-content/uploads/2012/03/MSR-Symbole+Kennbuchstaben.pdf HTTP/1.1" 206 478948 "http://www.a-und-h.de/wp-content/uploads/2012/03/MSR-Symbole+Kennbuchstaben.pdf" "Mozilla/5.0 (Windows NT 6.1; WOW64) AppleWebKit/537.36 (KHTML, like Gecko) Chrome/39.0.2171.95 Safari/537.36"
91.118.3.49 - - [02/Jan/2015:08:59:56 +0100] "GET /favicon.ico HTTP/1.1" 200 1406 "-" "Mozilla/5.0 (Windows NT 6.1; WOW64) AppleWebKit/537.36 (KHTML, like Gecko) Chrome/39.0.2171.95 Safari/537.36"
188.40.35.97 - - [02/Jan/2015:09:03:42 +0100] "POST /wp-cron.php?doing_wp_cron=1420185822.2310609817504882812500 HTTP/1.0" 200 - "-" "WordPress/4.0.1; http://www.a-und-h.de"
54.187.222.253 - - [02/Jan/2015:09:03:42 +0100] "GET /produkte/anlagenbau?gclid=CK_fn9jzxcICFQbkwgodaREADw HTTP/1.1" 200 26863 "-" "Mozilla/4.0 (compatible; MSIE 6.0; Windows NT 5.1; SV1; .NET CLR 2.0.50727; MAXTHON 2.0); Connect Us: webauth@cmcm.com"
54.187.222.253 - - [02/Jan/2015:09:03:44 +0100] "GET /wp-content/themes/purevision/scripts/DD_belatedPNG_0.0.8a-min.js HTTP/1.1" 200 7019 "-" "Mozilla/4.0 (compatible; MSIE 6.0; Windows NT 5.1; SV1; .NET CLR 2.0.50727; MAXTHON 2.0); Connect Us: webauth@cmcm.com"
54.187.222.253 - - [02/Jan/2015:09:03:45 +0100] "GET /wp-includes/js/jquery/jquery.js?ver=1.11.1 HTTP/1.1" 200 95807 "-" "Mozilla/4.0 (compatible; MSIE 6.0; Windows NT 5.1; SV1; .NET CLR 2.0.50727; MAXTHON 2.0); Connect Us: webauth@cmcm.com"
134.3.254.83 - - [02/Jan/2015:09:05:48 +0100] "GET / HTTP/1.0" 302 - "-" "Mozilla/3.0 (compatible)"
217.69.133.234 - - [02/Jan/2015:09:05:55 +0100] "GET /robots.txt HTTP/1.1" 200 35 "-" "Mozilla/5.0 (compatible; Linux x86_64; Mail.RU_Bot/2.0; +http://go.mail.ru/help/robots)"
217.69.133.234 - - [02/Jan/2015:09:05:56 +0100] "GET /da-510-da-610-3 HTTP/1.1" 200 30947 "-" "Mozilla/5.0 (compatible; Linux x86_64; Mail.RU_Bot/2.0; +http://go.mail.ru/help/robots)"
217.69.133.70 - - [02/Jan/2015:09:06:06 +0100] "GET /contakt-service/inquiry HTTP/1.1" 301 - "-" "Mozilla/5.0 (compatible; Linux x86_64; Mail.RU_Bot/2.0; +http://go.mail.ru/help/robots)"
217.69.133.239 - - [02/Jan/2015:09:06:08 +0100] "GET /contact-service/inquiry HTTP/1.1" 200 23253 "-" "Mozilla/5.0 (compatible; Linux x86_64; Mail.RU_Bot/2.0; +http://go.mail.ru/help/robots)"
188.40.35.97 - - [02/Jan/2015:09:13:15 +0100] "POST /wp-cron.php?doing_wp_cron=1420186395.2341539859771728515625 HTTP/1.0" 200 - "-" "WordPress/4.0.1; http://www.a-und-h.de"
94.153.9.175 - - [02/Jan/2015:09:13:15 +0100] "GET / HTTP/1.1" 302 - "http://boleznikogi.com/" "Mozilla/4.0 (compatible; MSIE 6.0; Windows NT 5.1; KKman2.0)"
94.153.9.175 - - [02/Jan/2015:09:13:16 +0100] "GET / HTTP/1.1" 302 - "http://boleznikogi.com/" "Mozilla/4.0 (compatible; MSIE 6.0; Windows NT 5.1; KKman2.0)"
134.249.51.137 - - [02/Jan/2015:09:14:20 +0100] "GET / HTTP/1.1" 302 - "http://morevi.ru/" "Mozilla/4.0 (compatible; MSIE 6.0; Windows NT 5.1; en) Opera 8.00"
134.249.51.137 - - [02/Jan/2015:09:14:21 +0100] "GET / HTTP/1.1" 302 - "http://morevi.ru/" "Mozilla/4.0 (compatible; MSIE 6.0; Windows NT 5.1; en) Opera 8.00"
134.249.51.137 - - [02/Jan/2015:09:14:22 +0100] "GET / HTTP/1.1" 302 - "http://morevi.ru/" "Mozilla/4.0 (compatible; MSIE 6.0; Windows NT 5.1; en) Opera 8.00"
66.249.78.79 - - [02/Jan/2015:09:14:53 +0100] "GET /pdf/prinzip_mit_wrg.pdf HTTP/1.1" 404 22061 "-" "Mozilla/5.0 (compatible; Googlebot/2.1; +http://www.google.com/bot.html)"
66.249.78.93 - - [02/Jan/2015:09:16:34 +0100] "GET /downloads-de HTTP/1.1" 200 29245 "-" "SAMSUNG-SGH-E250/1.0 Profile/MIDP-2.0 Configuration/CLDC-1.1 UP.Browser/6.2.3.3.c.1.101 (GUI) MMP/2.0 (compatible; Googlebot-Mobile/2.1; +http://www.google.com/bot.html)"
188.40.35.97 - - [02/Jan/2015:09:25:30 +0100] "POST /wp-cron.php?doing_wp_cron=1420187130.4561829566955566406250 HTTP/1.0" 200 - "-" "WordPress/4.0.1; http://www.a-und-h.de"
78.5.116.254 - - [02/Jan/2015:09:25:30 +0100] "POST /wp-login.php HTTP/1.1" 200 3898 "http://www.a-und-h.de/wp-login.php" "Mozilla/5.0 (Windows NT 6.1; WOW64) AppleWebKit/534.57.2 (KHTML like Gecko) Version/5.1.7 Safari/534.57.2"
78.4.59.38 - - [02/Jan/2015:09:25:32 +0100] "POST /wp-login.php HTTP/1.1" 200 3898 "http://www.a-und-h.de/wp-login.php" "Mozilla/5.0 (Windows NT 6.3; WOW64) AppleWebKit/537.36 (KHTML like Gecko) Chrome/31.0.1650.57 Safari/537.36"
78.7.105.222 - - [02/Jan/2015:09:25:33 +0100] "POST /wp-login.php HTTP/1.1" 200 3898 "http://www.a-und-h.de/wp-login.php" "Mozilla/5.0 (Windows NT 6.1; WOW64) AppleWebKit/537.36 (KHTML like Gecko) Chrome/32.0.1700.72 Safari/537.36"
78.5.239.42 - - [02/Jan/2015:09:25:38 +0100] "POST /wp-login.php HTTP/1.1" 200 3898 "http://www.a-und-h.de/wp-login.php" "Mozilla/5.0 (Windows NT 6.1) AppleWebKit/536.5 (KHTML like Gecko) Chrome/19.0.1084.52 Safari/536.5"
107.144.223.231 - - [02/Jan/2015:09:25:42 +0100] "POST /wp-login.php HTTP/1.1" 200 3898 "http://www.a-und-h.de/wp-login.php" "Mozilla/5.0 (Windows NT 6.1) AppleWebKit/537.36 (KHTML like Gecko) Chrome/35.0.1916.153 Safari/537.36"
188.40.35.97 - - [02/Jan/2015:09:38:01 +0100] "POST /wp-cron.php?doing_wp_cron=1420187881.5275180339813232421875 HTTP/1.0" 200 - "-" "WordPress/4.0.1; http://www.a-und-h.de"
66.249.78.93 - - [02/Jan/2015:09:37:59 +0100] "GET /pdf/Typenblatt%20DA%20250-W%20NEU%202009-03-10.pdf HTTP/1.1" 404 22088 "-" "Mozilla/5.0 (compatible; Googlebot/2.1; +http://www.google.com/bot.html)"
141.8.147.20 - - [02/Jan/2015:09:41:10 +0100] "GET /wp-content/uploads/downloads/Seasonal_fluctuations.pdf HTTP/1.1" 200 76130 "-" "Mozilla/5.0 (compatible; YandexBot/3.0; +http://yandex.com/bots)"
188.40.35.97 - - [02/Jan/2015:09:45:41 +0100] "POST /wp-cron.php?doing_wp_cron=1420188341.5200619697570800781250 HTTP/1.0" 200 - "-" "WordPress/4.0.1; http://www.a-und-h.de"
66.249.78.79 - - [02/Jan/2015:09:45:41 +0100] "GET /?page_id=8 HTTP/1.1" 301 - "-" "Mozilla/5.0 (compatible; Googlebot/2.1; +http://www.google.com/bot.html)"
66.249.78.93 - - [02/Jan/2015:09:45:42 +0100] "GET /produkte HTTP/1.1" 200 26150 "-" "Mozilla/5.0 (compatible; Googlebot/2.1; +http://www.google.com/bot.html)"
188.40.35.97 - - [02/Jan/2015:09:57:22 +0100] "POST /wp-cron.php?doing_wp_cron=1420189042.3349099159240722656250 HTTP/1.0" 200 - "-" "WordPress/4.0.1; http://www.a-und-h.de"
207.46.13.11 - - [02/Jan/2015:09:57:22 +0100] "GET / HTTP/1.1" 302 - "-" "Mozilla/5.0 (compatible; bingbot/2.0; +http://www.bing.com/bingbot.htm)"
188.40.35.97 - - [02/Jan/2015:10:20:17 +0100] "POST /wp-cron.php?doing_wp_cron=1420190417.1088340282440185546875 HTTP/1.0" 200 - "-" "WordPress/4.0.1; http://www.a-und-h.de"
180.76.6.46 - - [02/Jan/2015:10:20:16 +0100] "GET /?p=1303 HTTP/1.1" 301 - "-" "Mozilla/5.0 (compatible; Baiduspider/2.0; +http://www.baidu.com/search/spider.html)"
180.76.5.81 - - [02/Jan/2015:10:20:18 +0100] "GET /legal-notice-2 HTTP/1.1" 200 21841 "-" "Mozilla/5.0 (compatible; Baiduspider/2.0; +http://www.baidu.com/search/spider.html)"
141.6.11.13 - - [02/Jan/2015:10:25:01 +0100] "GET /wp-content/uploads/2012/03/MSR-Symbole+Kennbuchstaben.pdf HTTP/1.1" 200 511716 "https://www.google.de/" "Mozilla/5.0 (Windows NT 6.1; WOW64) AppleWebKit/537.36 (KHTML, like Gecko) Chrome/39.0.2171.95 Safari/537.36"
141.6.11.13 - - [02/Jan/2015:10:25:02 +0100] "GET /favicon.ico HTTP/1.1" 200 1406 "-" "Mozilla/5.0 (Windows NT 6.1; WOW64) AppleWebKit/537.36 (KHTML, like Gecko) Chrome/39.0.2171.95 Safari/537.36"
188.40.35.97 - - [02/Jan/2015:10:45:16 +0100] "POST /wp-cron.php?doing_wp_cron=1420191916.5979259014129638671875 HTTP/1.0" 200 - "-" "WordPress/4.0.1; http://www.a-und-h.de"
82.222.109.47 - - [02/Jan/2015:10:45:16 +0100] "GET / HTTP/1.1" 302 - "http://inselltd.com/dokumanlar/INSEL_Sarf_Malzeme_Katalogu.pdf" "Mozilla/5.0 (Windows NT 6.1; WOW64) AppleWebKit/537.36 (KHTML, like Gecko) Chrome/39.0.2171.95 Safari/537.36"
82.222.109.47 - - [02/Jan/2015:10:45:17 +0100] "GET /wp-content/plugins/cookie-opt-in/css/style.css?ver=4.0.1 HTTP/1.1" 200 2316 "http://www.a-und-h.de/en/" "Mozilla/5.0 (Windows NT 6.1; WOW64) AppleWebKit/537.36 (KHTML, like Gecko) Chrome/39.0.2171.95 Safari/537.36"
82.222.109.47 - - [02/Jan/2015:10:45:17 +0100] "GET /wp-content/plugins/category-posts/cat-posts.css?ver=4.0.1 HTTP/1.1" 200 833 "http://www.a-und-h.de/en/" "Mozilla/5.0 (Windows NT 6.1; WOW64) AppleWebKit/537.36 (KHTML, like Gecko) Chrome/39.0.2171.95 Safari/537.36"
82.222.109.47 - - [02/Jan/2015:10:45:17 +0100] "GET /wp-content/plugins/contact-form-7/includes/css/styles.css?ver=4.0.1 HTTP/1.1" 200 1103 "http://www.a-und-h.de/en/" "Mozilla/5.0 (Windows NT 6.1; WOW64) AppleWebKit/537.36 (KHTML, like Gecko) Chrome/39.0.2171.95 Safari/537.36"
82.222.109.47 - - [02/Jan/2015:10:45:17 +0100] "GET /wp-content/plugins/wp-slimbox2/css/slimbox2.css?ver=1.1 HTTP/1.1" 200 917 "http://www.a-und-h.de/en/" "Mozilla/5.0 (Windows NT 6.1; WOW64) AppleWebKit/537.36 (KHTML, like Gecko) Chrome/39.0.2171.95 Safari/537.36"
82.222.109.47 - - [02/Jan/2015:10:45:17 +0100] "GET /wp-content/themes/purevision/styles/common-css/reset.css?ver=1.0 HTTP/1.1" 200 1004 "http://www.a-und-h.de/en/" "Mozilla/5.0 (Windows NT 6.1; WOW64) AppleWebKit/537.36 (KHTML, like Gecko) Chrome/39.0.2171.95 Safari/537.36"
82.222.109.47 - - [02/Jan/2015:10:45:17 +0100] "GET /en/ HTTP/1.1" 200 24843 "http://inselltd.com/dokumanlar/INSEL_Sarf_Malzeme_Katalogu.pdf" "Mozilla/5.0 (Windows NT 6.1; WOW64) AppleWebKit/537.36 (KHTML, like Gecko) Chrome/39.0.2171.95 Safari/537.36"
82.222.109.47 - - [02/Jan/2015:10:45:17 +0100] "GET /wp-content/themes/purevision/scripts/superfish-1.4.8/css/superfish.css?ver=1.0 HTTP/1.1" 200 3275 "http://www.a-und-h.de/en/" "Mozilla/5.0 (Windows NT 6.1; WOW64) AppleWebKit/537.36 (KHTML, like Gecko) Chrome/39.0.2171.95 Safari/537.36"
82.222.109.47 - - [02/Jan/2015:10:45:17 +0100] "GET /wp-content/themes/purevision/styles/common-css/960.css?ver=1.0 HTTP/1.1" 200 7707 "http://www.a-und-h.de/en/" "Mozilla/5.0 (Windows NT 6.1; WOW64) AppleWebKit/537.36 (KHTML, like Gecko) Chrome/39.0.2171.95 Safari/537.36"
82.222.109.47 - - [02/Jan/2015:10:45:17 +0100] "GET /wp-content/themes/purevision/style.css?ver=1.0 HTTP/1.1" 200 885 "http://www.a-und-h.de/en/" "Mozilla/5.0 (Windows NT 6.1; WOW64) AppleWebKit/537.36 (KHTML, like Gecko) Chrome/39.0.2171.95 Safari/537.36"
82.222.109.47 - - [02/Jan/2015:10:45:17 +0100] "GET /wp-content/themes/purevision/styles/style1/css/text.css?ver=1.0 HTTP/1.1" 200 1819 "http://www.a-und-h.de/en/" "Mozilla/5.0 (Windows NT 6.1; WOW64) AppleWebKit/537.36 (KHTML, like Gecko) Chrome/39.0.2171.95 Safari/537.36"
82.222.109.47 - - [02/Jan/2015:10:45:17 +0100] "GET /wp-content/themes/purevision/sliders/piecemaker_2/contents/javascript.jpg HTTP/1.1" 301 378 "http://www.a-und-h.de/en/" "Mozilla/5.0 (Windows NT 6.1; WOW64) AppleWebKit/537.36 (KHTML, like Gecko) Chrome/39.0.2171.95 Safari/537.36"
82.222.109.47 - - [02/Jan/2015:10:45:17 +0100] "GET /wp-content/plugins/newsletter/subscription/styles/widget-neutral.css HTTP/1.1" 200 1018 "http://www.a-und-h.de/en/" "Mozilla/5.0 (Windows NT 6.1; WOW64) AppleWebKit/537.36 (KHTML, like Gecko) Chrome/39.0.2171.95 Safari/537.36"
82.222.109.47 - - [02/Jan/2015:10:45:17 +0100] "GET /wp-content/plugins/wp-table-reloaded/css/plugin.css?ver=1.9.4 HTTP/1.1" 200 980 "http://www.a-und-h.de/en/" "Mozilla/5.0 (Windows NT 6.1; WOW64) AppleWebKit/537.36 (KHTML, like Gecko) Chrome/39.0.2171.95 Safari/537.36"
82.222.109.47 - - [02/Jan/2015:10:45:17 +0100] "GET /wp-content/themes/purevision/styles/custom/custom_style.php?ver=4.0.1 HTTP/1.1" 200 4550 "http://www.a-und-h.de/en/" "Mozilla/5.0 (Windows NT 6.1; WOW64) AppleWebKit/537.36 (KHTML, like Gecko) Chrome/39.0.2171.95 Safari/537.36"
82.222.109.47 - - [02/Jan/2015:10:45:18 +0100] "GET /wp-content/plugins/wp-table-reloaded/css/datatables.css?ver=1.9.4 HTTP/1.1" 200 2329 "http://www.a-und-h.de/en/" "Mozilla/5.0 (Windows NT 6.1; WOW64) AppleWebKit/537.36 (KHTML, like Gecko) Chrome/39.0.2171.95 Safari/537.36"
82.222.109.47 - - [02/Jan/2015:10:45:18 +0100] "GET /wp-includes/js/jquery/jquery-migrate.min.js?ver=1.2.1 HTTP/1.1" 200 7200 "http://www.a-und-h.de/en/" "Mozilla/5.0 (Windows NT 6.1; WOW64) AppleWebKit/537.36 (KHTML, like Gecko) Chrome/39.0.2171.95 Safari/537.36"
82.222.109.47 - - [02/Jan/2015:10:45:18 +0100] "GET /wp-content/plugins/cookie-opt-in/js/cookie-opt-in.js?ver=1 HTTP/1.1" 200 9405 "http://www.a-und-h.de/en/" "Mozilla/5.0 (Windows NT 6.1; WOW64) AppleWebKit/537.36 (KHTML, like Gecko) Chrome/39.0.2171.95 Safari/537.36"
82.222.109.47 - - [02/Jan/2015:10:45:18 +0100] "GET /wp-content/plugins/snow-storm/snow-storm.js?ver=1.41 HTTP/1.1" 200 9852 "http://www.a-und-h.de/en/" "Mozilla/5.0 (Windows NT 6.1; WOW64) AppleWebKit/537.36 (KHTML, like Gecko) Chrome/39.0.2171.95 Safari/537.36"
82.222.109.47 - - [02/Jan/2015:10:45:17 +0100] "GET /wp-content/themes/purevision/styles/style1/css/style.css?ver=1.0 HTTP/1.1" 200 72108 "http://www.a-und-h.de/en/" "Mozilla/5.0 (Windows NT 6.1; WOW64) AppleWebKit/537.36 (KHTML, like Gecko) Chrome/39.0.2171.95 Safari/537.36"
82.222.109.47 - - [02/Jan/2015:10:45:18 +0100] "GET /wp-content/plugins/wp-slimbox2/javascript/slimbox2.js?ver=2.04 HTTP/1.1" 200 3777 "http://www.a-und-h.de/en/" "Mozilla/5.0 (Windows NT 6.1; WOW64) AppleWebKit/537.36 (KHTML, like Gecko) Chrome/39.0.2171.95 Safari/537.36"
82.222.109.47 - - [02/Jan/2015:10:45:18 +0100] "GET /wp-content/plugins/wp-slimbox2/javascript/slimbox2_autoload.js?ver=1.0.4b HTTP/1.1" 200 3027 "http://www.a-und-h.de/en/" "Mozilla/5.0 (Windows NT 6.1; WOW64) AppleWebKit/537.36 (KHTML, like Gecko) Chrome/39.0.2171.95 Safari/537.36"
82.222.109.47 - - [02/Jan/2015:10:45:18 +0100] "GET /wp-content/themes/purevision/sliders/piecemaker/js/swfobject.js?ver=1.5 HTTP/1.1" 200 6880 "http://www.a-und-h.de/en/" "Mozilla/5.0 (Windows NT 6.1; WOW64) AppleWebKit/537.36 (KHTML, like Gecko) Chrome/39.0.2171.95 Safari/537.36"
82.222.109.47 - - [02/Jan/2015:10:45:18 +0100] "GET /wp-content/plugins/cookie-opt-in/js/cookie-opt-in-if.js?ver=1 HTTP/1.1" 200 1119 "http://www.a-und-h.de/en/" "Mozilla/5.0 (Windows NT 6.1; WOW64) AppleWebKit/537.36 (KHTML, like Gecko) Chrome/39.0.2171.95 Safari/537.36"
82.222.109.47 - - [02/Jan/2015:10:45:18 +0100] "GET /wp-content/themes/purevision/scripts/superfish-1.4.8/js/superfish.combined.js?ver=1.0.0 HTTP/1.1" 200 5387 "http://www.a-und-h.de/en/" "Mozilla/5.0 (Windows NT 6.1; WOW64) AppleWebKit/537.36 (KHTML, like Gecko) Chrome/39.0.2171.95 Safari/537.36"
82.222.109.47 - - [02/Jan/2015:10:45:18 +0100] "GET /wp-content/themes/purevision/scripts/script.js?ver=1.0 HTTP/1.1" 200 7495 "http://www.a-und-h.de/en/" "Mozilla/5.0 (Windows NT 6.1; WOW64) AppleWebKit/537.36 (KHTML, like Gecko) Chrome/39.0.2171.95 Safari/537.36"
82.222.109.47 - - [02/Jan/2015:10:45:18 +0100] "GET /wp-includes/js/jquery/jquery.js?ver=1.11.1 HTTP/1.1" 200 95807 "http://www.a-und-h.de/en/" "Mozilla/5.0 (Windows NT 6.1; WOW64) AppleWebKit/537.36 (KHTML, like Gecko) Chrome/39.0.2171.95 Safari/537.36"
82.222.109.47 - - [02/Jan/2015:10:45:18 +0100] "GET /wp-content/plugins/contact-form-7/includes/js/scripts.js?ver=4.0.1 HTTP/1.1" 200 9658 "http://www.a-und-h.de/en/" "Mozilla/5.0 (Windows NT 6.1; WOW64) AppleWebKit/537.36 (KHTML, like Gecko) Chrome/39.0.2171.95 Safari/537.36"
82.222.109.47 - - [02/Jan/2015:10:45:18 +0100] "GET /wp-content/plugins/contact-form-7/includes/js/jquery.form.min.js?ver=3.51.0-2014.06.20 HTTP/1.1" 200 15248 "http://www.a-und-h.de/en/" "Mozilla/5.0 (Windows NT 6.1; WOW64) AppleWebKit/537.36 (KHTML, like Gecko) Chrome/39.0.2171.95 Safari/537.36"
82.222.109.47 - - [02/Jan/2015:10:45:18 +0100] "GET /wp-content/plugins/polylang/flags/en_US.png HTTP/1.1" 200 599 "http://www.a-und-h.de/en/" "Mozilla/5.0 (Windows NT 6.1; WOW64) AppleWebKit/537.36 (KHTML, like Gecko) Chrome/39.0.2171.95 Safari/537.36"
82.222.109.47 - - [02/Jan/2015:10:45:18 +0100] "GET /wp-content/themes/purevision/styles/style1/images/menu-active-btn_l.png HTTP/1.1" 200 754 "http://www.a-und-h.de/en/" "Mozilla/5.0 (Windows NT 6.1; WOW64) AppleWebKit/537.36 (KHTML, like Gecko) Chrome/39.0.2171.95 Safari/537.36"
82.222.109.47 - - [02/Jan/2015:10:45:18 +0100] "GET /wp-content/themes/purevision/styles/style1/images/menu-active-btn_r.png HTTP/1.1" 200 967 "http://www.a-und-h.de/en/" "Mozilla/5.0 (Windows NT 6.1; WOW64) AppleWebKit/537.36 (KHTML, like Gecko) Chrome/39.0.2171.95 Safari/537.36"
82.222.109.47 - - [02/Jan/2015:10:45:18 +0100] "GET /wp-content/plugins/polylang/flags/de_DE.png HTTP/1.1" 200 545 "http://www.a-und-h.de/en/" "Mozilla/5.0 (Windows NT 6.1; WOW64) AppleWebKit/537.36 (KHTML, like Gecko) Chrome/39.0.2171.95 Safari/537.36"
82.222.109.47 - - [02/Jan/2015:10:45:18 +0100] "GET /piwik/piwik.js HTTP/1.1" 200 18716 "http://www.a-und-h.de/en/" "Mozilla/5.0 (Windows NT 6.1; WOW64) AppleWebKit/537.36 (KHTML, like Gecko) Chrome/39.0.2171.95 Safari/537.36"
82.222.109.47 - - [02/Jan/2015:10:45:19 +0100] "GET /wp-content/uploads/2012/03/a_und_h_logo.jpg HTTP/1.1" 301 348 "http://www.a-und-h.de/wp-content/themes/purevision/styles/custom/custom_style.php?ver=4.0.1" "Mozilla/5.0 (Windows NT 6.1; WOW64) AppleWebKit/537.36 (KHTML, like Gecko) Chrome/39.0.2171.95 Safari/537.36"
82.222.109.47 - - [02/Jan/2015:10:45:19 +0100] "GET /wp-content/uploads/2012/03/background3.png HTTP/1.1" 301 347 "http://www.a-und-h.de/wp-content/themes/purevision/styles/custom/custom_style.php?ver=4.0.1" "Mozilla/5.0 (Windows NT 6.1; WOW64) AppleWebKit/537.36 (KHTML, like Gecko) Chrome/39.0.2171.95 Safari/537.36"
82.222.109.47 - - [02/Jan/2015:10:45:19 +0100] "GET /wp-content/themes/purevision/styles/style1/images/feedback-btn.png HTTP/1.1" 200 2384 "http://www.a-und-h.de/wp-content/themes/purevision/styles/style1/css/style.css?ver=1.0" "Mozilla/5.0 (Windows NT 6.1; WOW64) AppleWebKit/537.36 (KHTML, like Gecko) Chrome/39.0.2171.95 Safari/537.36"
82.222.109.47 - - [02/Jan/2015:10:45:19 +0100] "GET /wp-content/themes/purevision/styles/style1/images/menu-btn_r.png HTTP/1.1" 200 670 "http://www.a-und-h.de/en/" "Mozilla/5.0 (Windows NT 6.1; WOW64) AppleWebKit/537.36 (KHTML, like Gecko) Chrome/39.0.2171.95 Safari/537.36"
