66.249.83.236 - - [03/Jan/2015:03:01:39 +0100] "GET /piwik/piwik.php?action_name=Anlagenbau%20%7C%20A%2BH%20Adsorp&idsite=1&rec=1&r=929844&h=18&m=1&s=37&url=http%3A%2F%2Fwww.a-und-h.de%2Fprodukte%2Fanlagenbau&urlref=http%3A%2F%2Fwww.google.de%2Furl%3Fsa%3Dt%26rct%3Dj%26q%3D%26esrc%3Ds%26source%3Dweb%26cd%3D1%26ved%3D0CCQQFjAD%26url%3Dhttp%253A%252F%252Fwww.a-und-h.de%252Fprodukte%252Fanlagenbau%26ei%3Df02nVIy5NpnZ7wWadA%26usg%3DAFQjCNFkYYE3pWtaxn3zPfUrTdGQvrurVA&_id=51dd21b4a6127e37&_idts=1420250497&_idvc=1&_idn=1&_refts=1420250497&_viewts=1420250497&_ref=http%3A%2F%2Fwww.google.de%2Furl%3Fsa%3Dt%26rct%3Dj%26q%3D%26esrc%3Ds%26source%3Dweb%26cd%3D1%26ved%3D0CCQQFjAD%26url%3Dhttp%253A%252F%252Fwww.a-und-h.de%252Fprodukte%252Fanlagenbau%26ei%3Df02nVIy5NpnZ7wWadA%26usg%3DAFQjCNFkYYE3pWtaxn3zPfUrTdGQvrurVA&res=360x640&cookie=1 HTTP/1.1" 200 43 "http://www.a-und-h.de/produkte/anlagenbau" "Mozilla/5.0 (Linux; U; Android 4.3; en-us; SCH-I535 Build/JSS15J) AppleWebKit/534.30 (KHTML, like Gecko) Version/4.0 Mobile Safari/534.30"
202.46.62.155 - - [03/Jan/2015:03:28:27 +0100] "GET /wp-content/plugins/snow-storm/snow-storm.js HTTP/1.1" 200 9852 "-" "Mozilla/5.0 (Windows NT 6.1; WOW64) AppleWebKit/537.36 (KHTML, like Gecko) Chrome/36.0.1985.125 Safari/537.36"
188.40.35.97 - - [03/Jan/2015:03:28:53 +0100] "POST /wp-cron.php?doing_wp_cron=1420252133.1567540168762207031250 HTTP/1.0" 200 - "-" "WordPress/4.0.1; http://www.a-und-h.de"
66.249.64.24 - - [03/Jan/2015:03:28:52 +0100] "GET /sitemap HTTP/1.1" 200 28601 "-" "SAMSUNG-SGH-E250/1.0 Profile/MIDP-2.0 Configuration/CLDC-1.1 UP.Browser/6.2.3.3.c.1.101 (GUI) MMP/2.0 (compatible; Googlebot-Mobile/2.1; +http://www.google.com/bot.html)"
180.214.232.72 - - [03/Jan/2015:03:32:53 +0100] "GET /wp-content/uploads/2014/10/Sandblasting-and-Painting-140916.pdf HTTP/1.1" 403 344 "http://www.google.com/url?sa=t&rct=j&q=&esrc=s&source=web&cd=42&ved=0CCMQFjABOCg&url=http%3A%2F%2Fwww.a-und-h.de%2Fwp-content%2Fuploads%2F2014%2F10%2FSandblasting-and-Painting-140916.pdf&ei=vFSnVPyxGI6juQSpi4KICQ&usg=AFQjCNGgJCvymNsR7Df8u44rl1kFuq0W6Q" "Mozilla/5.0 (Windows NT 6.1; rv:35.0) Gecko/20100101 Firefox/35.0"
180.214.232.72 - - [03/Jan/2015:03:33:12 +0100] "GET /wp-content/uploads/2014/10/Sandblasting-and-Painting-140916.pdf HTTP/1.1" 206 396577 "http://www.google.com/url?sa=t&rct=j&q=&esrc=s&source=web&cd=42&ved=0CCMQFjABOCg&url=http%3A%2F%2Fwww.a-und-h.de%2Fwp-content%2Fuploads%2F2014%2F10%2FSandblasting-and-Painting-140916.pdf&ei=vFSnVPyxGI6juQSpi4KICQ&usg=AFQjCNGgJCvymNsR7Df8u44rl1kFuq0W6Q" "Mozilla/5.0 (Windows NT 6.1; rv:35.0) Gecko/20100101 Firefox/35.0"
180.214.232.72 - - [03/Jan/2015:03:33:13 +0100] "GET /wp-content/uploads/2014/10/Sandblasting-and-Painting-140916.pdf HTTP/1.1" 206 95842 "http://www.google.com/url?sa=t&rct=j&q=&esrc=s&source=web&cd=42&ved=0CCMQFjABOCg&url=http%3A%2F%2Fwww.a-und-h.de%2Fwp-content%2Fuploads%2F2014%2F10%2FSandblasting-and-Painting-140916.pdf&ei=vFSnVPyxGI6juQSpi4KICQ&usg=AFQjCNGgJCvymNsR7Df8u44rl1kFuq0W6Q" "Mozilla/5.0 (Windows NT 6.1; rv:35.0) Gecko/20100101 Firefox/35.0"
180.214.232.72 - - [03/Jan/2015:03:33:13 +0100] "GET /wp-content/uploads/2014/10/Sandblasting-and-Painting-140916.pdf HTTP/1.1" 206 191683 "http://www.google.com/url?sa=t&rct=j&q=&esrc=s&source=web&cd=42&ved=0CCMQFjABOCg&url=http%3A%2F%2Fwww.a-und-h.de%2Fwp-content%2Fuploads%2F2014%2F10%2FSandblasting-and-Painting-140916.pdf&ei=vFSnVPyxGI6juQSpi4KICQ&usg=AFQjCNGgJCvymNsR7Df8u44rl1kFuq0W6Q" "Mozilla/5.0 (Windows NT 6.1; rv:35.0) Gecko/20100101 Firefox/35.0"
180.214.232.72 - - [03/Jan/2015:03:33:18 +0100] "GET /wp-content/uploads/2014/10/Sandblasting-and-Painting-140916.pdf HTTP/1.1" 206 36601 "http://www.google.com/url?sa=t&rct=j&q=&esrc=s&source=web&cd=42&ved=0CCMQFjABOCg&url=http%3A%2F%2Fwww.a-und-h.de%2Fwp-content%2Fuploads%2F2014%2F10%2FSandblasting-and-Painting-140916.pdf&ei=vFSnVPyxGI6juQSpi4KICQ&usg=AFQjCNGgJCvymNsR7Df8u44rl1kFuq0W6Q" "Mozilla/5.0 (Windows NT 6.1; rv:35.0) Gecko/20100101 Firefox/35.0"
180.214.232.72 - - [03/Jan/2015:03:33:18 +0100] "GET /wp-content/uploads/2014/10/Sandblasting-and-Painting-140916.pdf HTTP/1.1" 206 20634 "http://www.google.com/url?sa=t&rct=j&q=&esrc=s&source=web&cd=42&ved=0CCMQFjABOCg&url=http%3A%2F%2Fwww.a-und-h.de%2Fwp-content%2Fuploads%2F2014%2F10%2FSandblasting-and-Painting-140916.pdf&ei=vFSnVPyxGI6juQSpi4KICQ&usg=AFQjCNGgJCvymNsR7Df8u44rl1kFuq0W6Q" "Mozilla/5.0 (Windows NT 6.1; rv:35.0) Gecko/20100101 Firefox/35.0"
180.214.232.72 - - [03/Jan/2015:03:33:18 +0100] "GET /wp-content/uploads/2014/10/Sandblasting-and-Painting-140916.pdf HTTP/1.1" 206 29258 "http://www.google.com/url?sa=t&rct=j&q=&esrc=s&source=web&cd=42&ved=0CCMQFjABOCg&url=http%3A%2F%2Fwww.a-und-h.de%2Fwp-content%2Fuploads%2F2014%2F10%2FSandblasting-and-Painting-140916.pdf&ei=vFSnVPyxGI6juQSpi4KICQ&usg=AFQjCNGgJCvymNsR7Df8u44rl1kFuq0W6Q" "Mozilla/5.0 (Windows NT 6.1; rv:35.0) Gecko/20100101 Firefox/35.0"
180.214.232.72 - - [03/Jan/2015:03:33:20 +0100] "GET /wp-content/uploads/2014/10/Sandblasting-and-Painting-140916.pdf HTTP/1.1" 206 15846 "http://www.google.com/url?sa=t&rct=j&q=&esrc=s&source=web&cd=42&ved=0CCMQFjABOCg&url=http%3A%2F%2Fwww.a-und-h.de%2Fwp-content%2Fuploads%2F2014%2F10%2FSandblasting-and-Painting-140916.pdf&ei=vFSnVPyxGI6juQSpi4KICQ&usg=AFQjCNGgJCvymNsR7Df8u44rl1kFuq0W6Q" "Mozilla/5.0 (Windows NT 6.1; rv:35.0) Gecko/20100101 Firefox/35.0"
180.214.232.72 - - [03/Jan/2015:03:33:20 +0100] "GET /wp-content/uploads/2014/10/Sandblasting-and-Painting-140916.pdf HTTP/1.1" 206 11791 "http://www.google.com/url?sa=t&rct=j&q=&esrc=s&source=web&cd=42&ved=0CCMQFjABOCg&url=http%3A%2F%2Fwww.a-und-h.de%2Fwp-content%2Fuploads%2F2014%2F10%2FSandblasting-and-Painting-140916.pdf&ei=vFSnVPyxGI6juQSpi4KICQ&usg=AFQjCNGgJCvymNsR7Df8u44rl1kFuq0W6Q" "Mozilla/5.0 (Windows NT 6.1; rv:35.0) Gecko/20100101 Firefox/35.0"
180.214.232.72 - - [03/Jan/2015:03:32:54 +0100] "GET /wp-content/uploads/2014/10/Sandblasting-and-Painting-140916.pdf HTTP/1.1" 200 642037 "http://www.google.com/url?sa=t&rct=j&q=&esrc=s&source=web&cd=42&ved=0CCMQFjABOCg&url=http%3A%2F%2Fwww.a-und-h.de%2Fwp-content%2Fuploads%2F2014%2F10%2FSandblasting-and-Painting-140916.pdf&ei=vFSnVPyxGI6juQSpi4KICQ&usg=AFQjCNGgJCvymNsR7Df8u44rl1kFuq0W6Q" "Mozilla/5.0 (Windows NT 6.1; rv:35.0) Gecko/20100101 Firefox/35.0"
188.40.35.97 - - [03/Jan/2015:03:37:05 +0100] "POST /wp-cron.php?doing_wp_cron=1420252625.8658421039581298828125 HTTP/1.0" 200 - "-" "WordPress/4.0.1; http://www.a-und-h.de"
141.8.147.20 - - [03/Jan/2015:03:37:05 +0100] "GET /terms-conditions HTTP/1.1" 200 27395 "-" "Mozilla/5.0 (compatible; YandexBot/3.0; +http://yandex.com/bots)"
208.115.111.75 - - [03/Jan/2015:03:41:25 +0100] "GET /mietgeraete HTTP/1.1" 200 31355 "-" "Mozilla/5.0 (compatible; DotBot/1.1; http://www.opensiteexplorer.org/dotbot, help@moz.com)"
66.249.64.20 - - [03/Jan/2015:03:45:04 +0100] "GET /wp-content/themes/purevision/styles/common-css/960.css?ver=1.0 HTTP/1.1" 200 7707 "http://www.a-und-h.de/produkte/anlagenbau" "Mozilla/5.0 (X11; Linux x86_64) AppleWebKit/537.36 (KHTML, like Gecko; Google Page Speed Insights) Chrome/27.0.1453 Safari/537.36 GoogleBot/2.1"
66.249.64.24 - - [03/Jan/2015:03:45:05 +0100] "GET /wp-content/plugins/wp-slimbox2/javascript/slimbox2.js?ver=2.04 HTTP/1.1" 200 3777 "http://www.a-und-h.de/produkte/anlagenbau" "Mozilla/5.0 (X11; Linux x86_64) AppleWebKit/537.36 (KHTML, like Gecko; Google Page Speed Insights) Chrome/27.0.1453 Safari/537.36 GoogleBot/2.1"
66.249.64.20 - - [03/Jan/2015:03:45:05 +0100] "GET /wp-content/themes/purevision/style.css?ver=1.0 HTTP/1.1" 200 885 "http://www.a-und-h.de/produkte/anlagenbau" "Mozilla/5.0 (X11; Linux x86_64) AppleWebKit/537.36 (KHTML, like Gecko; Google Page Speed Insights) Chrome/27.0.1453 Safari/537.36 GoogleBot/2.1"
66.249.64.24 - - [03/Jan/2015:03:45:06 +0100] "GET /wp-content/themes/purevision/styles/style1/css/style.css?ver=1.0 HTTP/1.1" 200 72108 "http://www.a-und-h.de/produkte/anlagenbau" "Mozilla/5.0 (X11; Linux x86_64) AppleWebKit/537.36 (KHTML, like Gecko; Google Page Speed Insights) Chrome/27.0.1453 Safari/537.36 GoogleBot/2.1"
66.249.64.28 - - [03/Jan/2015:03:45:07 +0100] "GET /wp-content/themes/purevision/scripts/superfish-1.4.8/js/superfish.combined.js?ver=1.0.0 HTTP/1.1" 200 5387 "http://www.a-und-h.de/produkte/anlagenbau" "Mozilla/5.0 (X11; Linux x86_64) AppleWebKit/537.36 (KHTML, like Gecko; Google Page Speed Insights) Chrome/27.0.1453 Safari/537.36 GoogleBot/2.1"
66.249.64.24 - - [03/Jan/2015:03:45:08 +0100] "GET /wp-content/plugins/wp-slimbox2/css/slimbox2.css?ver=1.1 HTTP/1.1" 200 917 "http://www.a-und-h.de/produkte/anlagenbau" "Mozilla/5.0 (X11; Linux x86_64) AppleWebKit/537.36 (KHTML, like Gecko; Google Page Speed Insights) Chrome/27.0.1453 Safari/537.36 GoogleBot/2.1"
66.249.64.20 - - [03/Jan/2015:03:45:08 +0100] "GET /wp-content/plugins/cookie-opt-in/css/style.css?ver=4.0.1 HTTP/1.1" 200 2316 "http://www.a-und-h.de/produkte/anlagenbau" "Mozilla/5.0 (X11; Linux x86_64) AppleWebKit/537.36 (KHTML, like Gecko; Google Page Speed Insights) Chrome/27.0.1453 Safari/537.36 GoogleBot/2.1"
66.249.64.24 - - [03/Jan/2015:03:45:09 +0100] "GET /wp-includes/js/jquery/jquery.js?ver=1.11.1 HTTP/1.1" 200 95807 "http://www.a-und-h.de/produkte/anlagenbau" "Mozilla/5.0 (X11; Linux x86_64) AppleWebKit/537.36 (KHTML, like Gecko; Google Page Speed Insights) Chrome/27.0.1453 Safari/537.36 GoogleBot/2.1"
66.249.64.24 - - [03/Jan/2015:03:45:10 +0100] "GET /wp-content/plugins/newsletter/subscription/styles/widget-neutral.css HTTP/1.1" 200 1018 "http://www.a-und-h.de/produkte/anlagenbau" "Mozilla/5.0 (X11; Linux x86_64) AppleWebKit/537.36 (KHTML, like Gecko; Google Page Speed Insights) Chrome/27.0.1453 Safari/537.36 GoogleBot/2.1"
66.249.64.20 - - [03/Jan/2015:03:45:10 +0100] "GET /wp-content/plugins/wp-slimbox2/javascript/slimbox2_autoload.js?ver=1.0.4b HTTP/1.1" 200 3027 "http://www.a-und-h.de/produkte/anlagenbau" "Mozilla/5.0 (X11; Linux x86_64) AppleWebKit/537.36 (KHTML, like Gecko; Google Page Speed Insights) Chrome/27.0.1453 Safari/537.36 GoogleBot/2.1"
66.249.64.24 - - [03/Jan/2015:03:45:11 +0100] "GET /wp-content/themes/purevision/styles/style1/css/text.css?ver=1.0 HTTP/1.1" 200 1819 "http://www.a-und-h.de/produkte/anlagenbau" "Mozilla/5.0 (X11; Linux x86_64) AppleWebKit/537.36 (KHTML, like Gecko; Google Page Speed Insights) Chrome/27.0.1453 Safari/537.36 GoogleBot/2.1"
66.249.64.24 - - [03/Jan/2015:03:45:11 +0100] "GET /wp-content/plugins/snow-storm/snow-storm.js?ver=1.41 HTTP/1.1" 200 9852 "http://www.a-und-h.de/produkte/anlagenbau" "Mozilla/5.0 (X11; Linux x86_64) AppleWebKit/537.36 (KHTML, like Gecko; Google Page Speed Insights) Chrome/27.0.1453 Safari/537.36 GoogleBot/2.1"
188.40.35.97 - - [03/Jan/2015:03:45:12 +0100] "POST /wp-cron.php?doing_wp_cron=1420253112.9268229007720947265625 HTTP/1.0" 403 292 "-" "WordPress/4.0.1; http://www.a-und-h.de"
66.249.64.24 - - [03/Jan/2015:03:45:12 +0100] "GET /wp-content/themes/purevision/styles/custom/custom_style.php?ver=4.0.1 HTTP/1.1" 200 4550 "http://www.a-und-h.de/produkte/anlagenbau" "Mozilla/5.0 (X11; Linux x86_64) AppleWebKit/537.36 (KHTML, like Gecko; Google Page Speed Insights) Chrome/27.0.1453 Safari/537.36 GoogleBot/2.1"
66.249.64.24 - - [03/Jan/2015:03:45:13 +0100] "GET /wp-content/themes/purevision/scripts/superfish-1.4.8/css/superfish.css?ver=1.0 HTTP/1.1" 200 3275 "http://www.a-und-h.de/produkte/anlagenbau" "Mozilla/5.0 (X11; Linux x86_64) AppleWebKit/537.36 (KHTML, like Gecko; Google Page Speed Insights) Chrome/27.0.1453 Safari/537.36 GoogleBot/2.1"
66.249.64.24 - - [03/Jan/2015:03:45:14 +0100] "GET /wp-content/plugins/cookie-opt-in/js/cookie-opt-in.js?ver=1 HTTP/1.1" 200 9405 "http://www.a-und-h.de/produkte/anlagenbau" "Mozilla/5.0 (X11; Linux x86_64) AppleWebKit/537.36 (KHTML, like Gecko; Google Page Speed Insights) Chrome/27.0.1453 Safari/537.36 GoogleBot/2.1"
66.249.64.24 - - [03/Jan/2015:03:45:14 +0100] "GET /wp-includes/js/jquery/jquery-migrate.min.js?ver=1.2.1 HTTP/1.1" 200 7200 "http://www.a-und-h.de/produkte/anlagenbau" "Mozilla/5.0 (X11; Linux x86_64) AppleWebKit/537.36 (KHTML, like Gecko; Google Page Speed Insights) Chrome/27.0.1453 Safari/537.36 GoogleBot/2.1"
66.249.64.24 - - [03/Jan/2015:03:45:15 +0100] "GET /wp-content/themes/purevision/styles/common-css/reset.css?ver=1.0 HTTP/1.1" 200 1004 "http://www.a-und-h.de/produkte/anlagenbau" "Mozilla/5.0 (X11; Linux x86_64) AppleWebKit/537.36 (KHTML, like Gecko; Google Page Speed Insights) Chrome/27.0.1453 Safari/537.36 GoogleBot/2.1"
66.249.64.28 - - [03/Jan/2015:03:45:16 +0100] "GET /wp-content/themes/purevision/scripts/script.js?ver=1.0 HTTP/1.1" 200 7495 "http://www.a-und-h.de/produkte/anlagenbau" "Mozilla/5.0 (X11; Linux x86_64) AppleWebKit/537.36 (KHTML, like Gecko; Google Page Speed Insights) Chrome/27.0.1453 Safari/537.36 GoogleBot/2.1"
66.249.64.20 - - [03/Jan/2015:03:45:16 +0100] "GET /wp-content/plugins/category-posts/cat-posts.css?ver=4.0.1 HTTP/1.1" 200 833 "http://www.a-und-h.de/produkte/anlagenbau" "Mozilla/5.0 (X11; Linux x86_64) AppleWebKit/537.36 (KHTML, like Gecko; Google Page Speed Insights) Chrome/27.0.1453 Safari/537.36 GoogleBot/2.1"
66.249.64.24 - - [03/Jan/2015:03:45:17 +0100] "GET /wp-content/plugins/contact-form-7/includes/css/styles.css?ver=4.0.1 HTTP/1.1" 200 1103 "http://www.a-und-h.de/produkte/anlagenbau" "Mozilla/5.0 (X11; Linux x86_64) AppleWebKit/537.36 (KHTML, like Gecko; Google Page Speed Insights) Chrome/27.0.1453 Safari/537.36 GoogleBot/2.1"
66.249.64.20 - - [03/Jan/2015:03:45:18 +0100] "GET /wp-content/plugins/wp-table-reloaded/css/plugin.css?ver=1.9.4 HTTP/1.1" 200 980 "http://www.a-und-h.de/produkte/anlagenbau" "Mozilla/5.0 (X11; Linux x86_64) AppleWebKit/537.36 (KHTML, like Gecko; Google Page Speed Insights) Chrome/27.0.1453 Safari/537.36 GoogleBot/2.1"
66.249.64.28 - - [03/Jan/2015:03:45:19 +0100] "GET /wp-content/plugins/wp-table-reloaded/css/datatables.css?ver=1.9.4 HTTP/1.1" 200 2329 "http://www.a-und-h.de/produkte/anlagenbau" "Mozilla/5.0 (X11; Linux x86_64) AppleWebKit/537.36 (KHTML, like Gecko; Google Page Speed Insights) Chrome/27.0.1453 Safari/537.36 GoogleBot/2.1"
66.249.64.20 - - [03/Jan/2015:03:45:19 +0100] "GET /wp-content/plugins/cookie-opt-in/js/cookie-opt-in-if.js?ver=1 HTTP/1.1" 200 1119 "http://www.a-und-h.de/produkte/anlagenbau" "Mozilla/5.0 (X11; Linux x86_64) AppleWebKit/537.36 (KHTML, like Gecko; Google Page Speed Insights) Chrome/27.0.1453 Safari/537.36 GoogleBot/2.1"
66.249.64.20 - - [03/Jan/2015:03:45:20 +0100] "GET /wp-includes/js/comment-reply.min.js?ver=4.0.1 HTTP/1.1" 200 757 "http://www.a-und-h.de/produkte/anlagenbau" "Mozilla/5.0 (X11; Linux x86_64) AppleWebKit/537.36 (KHTML, like Gecko; Google Page Speed Insights) Chrome/27.0.1453 Safari/537.36 GoogleBot/2.1"
66.249.64.28 - - [03/Jan/2015:03:45:21 +0100] "GET /wp-content/plugins/contact-form-7/includes/js/jquery.form.min.js?ver=3.51.0-2014.06.20 HTTP/1.1" 200 15248 "http://www.a-und-h.de/produkte/anlagenbau" "Mozilla/5.0 (X11; Linux x86_64) AppleWebKit/537.36 (KHTML, like Gecko; Google Page Speed Insights) Chrome/27.0.1453 Safari/537.36 GoogleBot/2.1"
66.249.64.28 - - [03/Jan/2015:03:45:22 +0100] "GET /wp-content/plugins/contact-form-7/includes/js/scripts.js?ver=4.0.1 HTTP/1.1" 200 9658 "http://www.a-und-h.de/produkte/anlagenbau" "Mozilla/5.0 (X11; Linux x86_64) AppleWebKit/537.36 (KHTML, like Gecko; Google Page Speed Insights) Chrome/27.0.1453 Safari/537.36 GoogleBot/2.1"
66.249.64.24 - - [03/Jan/2015:03:45:22 +0100] "GET /wp-content/plugins/polylang/flags/en_US.png HTTP/1.1" 200 599 "http://www.a-und-h.de/produkte/anlagenbau" "Mozilla/5.0 (X11; Linux x86_64) AppleWebKit/537.36 (KHTML, like Gecko; Google Page Speed Insights) Chrome/27.0.1453 Safari/537.36 GoogleBot/2.1"
66.249.64.20 - - [03/Jan/2015:03:45:23 +0100] "GET /wp-content/themes/purevision/styles/style1/images/menu-btn_l.png HTTP/1.1" 200 767 "http://www.a-und-h.de/produkte/anlagenbau" "Mozilla/5.0 (X11; Linux x86_64) AppleWebKit/537.36 (KHTML, like Gecko; Google Page Speed Insights) Chrome/27.0.1453 Safari/537.36 GoogleBot/2.1"
66.249.64.20 - - [03/Jan/2015:03:45:24 +0100] "GET /wp-content/themes/purevision/styles/style1/images/feedback-btn.png HTTP/1.1" 200 2384 "http://www.a-und-h.de/produkte/anlagenbau" "Mozilla/5.0 (X11; Linux x86_64) AppleWebKit/537.36 (KHTML, like Gecko; Google Page Speed Insights) Chrome/27.0.1453 Safari/537.36 GoogleBot/2.1"
66.249.64.28 - - [03/Jan/2015:03:45:25 +0100] "GET /wp-content/themes/purevision/styles/style1/images/searchbox.png HTTP/1.1" 200 2646 "http://www.a-und-h.de/produkte/anlagenbau" "Mozilla/5.0 (X11; Linux x86_64) AppleWebKit/537.36 (KHTML, like Gecko; Google Page Speed Insights) Chrome/27.0.1453 Safari/537.36 GoogleBot/2.1"
66.249.64.20 - - [03/Jan/2015:03:45:25 +0100] "GET /wp-content/themes/purevision/scripts/superfish-1.4.8/images/auto-arrows.png HTTP/1.1" 200 295 "http://www.a-und-h.de/produkte/anlagenbau" "Mozilla/5.0 (X11; Linux x86_64) AppleWebKit/537.36 (KHTML, like Gecko; Google Page Speed Insights) Chrome/27.0.1453 Safari/537.36 GoogleBot/2.1"
66.249.64.28 - - [03/Jan/2015:03:45:26 +0100] "GET /wp-content/themes/purevision/styles/style1/images/menu-active-with-arrow-btn_r.png HTTP/1.1" 200 318 "http://www.a-und-h.de/produkte/anlagenbau" "Mozilla/5.0 (X11; Linux x86_64) AppleWebKit/537.36 (KHTML, like Gecko; Google Page Speed Insights) Chrome/27.0.1453 Safari/537.36 GoogleBot/2.1"
66.249.64.28 - - [03/Jan/2015:03:45:27 +0100] "GET /wp-content/uploads/2014/10/Anlagenbau-Banner-1024x266.jpg HTTP/1.1" 200 26280 "http://www.a-und-h.de/produkte/anlagenbau" "Mozilla/5.0 (X11; Linux x86_64) AppleWebKit/537.36 (KHTML, like Gecko; Google Page Speed Insights) Chrome/27.0.1453 Safari/537.36 GoogleBot/2.1"
66.249.64.28 - - [03/Jan/2015:03:45:28 +0100] "GET /wp-content/uploads/2014/10/Luftentfeuchtungsanlage-Anlagenbau-300x267.jpg HTTP/1.1" 200 13934 "http://www.a-und-h.de/produkte/anlagenbau" "Mozilla/5.0 (X11; Linux x86_64) AppleWebKit/537.36 (KHTML, like Gecko; Google Page Speed Insights) Chrome/27.0.1453 Safari/537.36 GoogleBot/2.1"
66.249.64.24 - - [03/Jan/2015:03:45:28 +0100] "GET /wp-content/plugins/polylang/flags/de_DE.png HTTP/1.1" 200 545 "http://www.a-und-h.de/produkte/anlagenbau" "Mozilla/5.0 (X11; Linux x86_64) AppleWebKit/537.36 (KHTML, like Gecko; Google Page Speed Insights) Chrome/27.0.1453 Safari/537.36 GoogleBot/2.1"
66.249.64.24 - - [03/Jan/2015:03:45:29 +0100] "GET /wp-content/themes/purevision/styles/style1/images/menu-active-btn_r.png HTTP/1.1" 200 967 "http://www.a-und-h.de/produkte/anlagenbau" "Mozilla/5.0 (X11; Linux x86_64) AppleWebKit/537.36 (KHTML, like Gecko; Google Page Speed Insights) Chrome/27.0.1453 Safari/537.36 GoogleBot/2.1"
66.249.64.24 - - [03/Jan/2015:03:45:30 +0100] "GET /wp-content/themes/purevision/scripts/superfish-1.4.8/images/sf-menu-bg.png HTTP/1.1" 200 1869 "http://www.a-und-h.de/produkte/anlagenbau" "Mozilla/5.0 (X11; Linux x86_64) AppleWebKit/537.36 (KHTML, like Gecko; Google Page Speed Insights) Chrome/27.0.1453 Safari/537.36 GoogleBot/2.1"
66.249.64.28 - - [03/Jan/2015:03:45:30 +0100] "GET /wp-content/themes/purevision/styles/style1/images/menu-with-arrow-btn_r.png HTTP/1.1" 200 322 "http://www.a-und-h.de/produkte/anlagenbau" "Mozilla/5.0 (X11; Linux x86_64) AppleWebKit/537.36 (KHTML, like Gecko; Google Page Speed Insights) Chrome/27.0.1453 Safari/537.36 GoogleBot/2.1"
66.249.64.20 - - [03/Jan/2015:03:45:31 +0100] "GET /wp-content/uploads/2014/10/Luftentfeuchtungssystem-300x250.jpg HTTP/1.1" 200 15242 "http://www.a-und-h.de/produkte/anlagenbau" "Mozilla/5.0 (X11; Linux x86_64) AppleWebKit/537.36 (KHTML, like Gecko; Google Page Speed Insights) Chrome/27.0.1453 Safari/537.36 GoogleBot/2.1"
66.249.64.28 - - [03/Jan/2015:03:45:31 +0100] "GET /wp-content/themes/purevision/styles/style1/images/menu-btn_r.png HTTP/1.1" 200 670 "http://www.a-und-h.de/produkte/anlagenbau" "Mozilla/5.0 (X11; Linux x86_64) AppleWebKit/537.36 (KHTML, like Gecko; Google Page Speed Insights) Chrome/27.0.1453 Safari/537.36 GoogleBot/2.1"
66.249.64.20 - - [03/Jan/2015:03:45:32 +0100] "GET /piwik/piwik.js HTTP/1.1" 200 18716 "http://www.a-und-h.de/produkte/anlagenbau" "Mozilla/5.0 (X11; Linux x86_64) AppleWebKit/537.36 (KHTML, like Gecko; Google Page Speed Insights) Chrome/27.0.1453 Safari/537.36 GoogleBot/2.1"
66.249.64.24 - - [03/Jan/2015:03:45:33 +0100] "GET /wp-content/themes/purevision/styles/style1/images/menu-active-btn_l.png HTTP/1.1" 200 754 "http://www.a-und-h.de/produkte/anlagenbau" "Mozilla/5.0 (X11; Linux x86_64) AppleWebKit/537.36 (KHTML, like Gecko; Google Page Speed Insights) Chrome/27.0.1453 Safari/537.36 GoogleBot/2.1"
66.249.64.57 - - [03/Jan/2015:03:45:33 +0100] "GET /robots.txt HTTP/1.1" 301 315 "-" "Mozilla/5.0 (compatible; Googlebot/2.1; +http://www.google.com/bot.html)"
66.249.64.20 - - [03/Jan/2015:03:45:34 +0100] "GET /robots.txt HTTP/1.1" 200 35 "-" "Mozilla/5.0 (compatible; Googlebot/2.1; +http://www.google.com/bot.html)"
66.249.64.57 - - [03/Jan/2015:03:45:34 +0100] "GET /wp-content/uploads/2012/03/a_und_h_logo.jpg HTTP/1.1" 301 348 "http://www.a-und-h.de/produkte/anlagenbau" "Mozilla/5.0 (X11; Linux x86_64) AppleWebKit/537.36 (KHTML, like Gecko; Google Page Speed Insights) Chrome/27.0.1453 Safari/537.36 GoogleBot/2.1"
66.249.64.65 - - [03/Jan/2015:03:45:35 +0100] "GET /wp-content/uploads/2012/03/background3.png HTTP/1.1" 301 347 "http://www.a-und-h.de/produkte/anlagenbau" "Mozilla/5.0 (X11; Linux x86_64) AppleWebKit/537.36 (KHTML, like Gecko; Google Page Speed Insights) Chrome/27.0.1453 Safari/537.36 GoogleBot/2.1"
66.249.64.24 - - [03/Jan/2015:03:45:35 +0100] "GET /wp-content/uploads/2014/10/Luftentfeuchtungsanlage-300x178.jpg HTTP/1.1" 200 13777 "http://www.a-und-h.de/produkte/anlagenbau" "Mozilla/5.0 (X11; Linux x86_64) AppleWebKit/537.36 (KHTML, like Gecko; Google Page Speed Insights) Chrome/27.0.1453 Safari/537.36 GoogleBot/2.1"
66.249.64.24 - - [03/Jan/2015:03:45:36 +0100] "GET /wp-content/themes/purevision/styles/style1/images/double-arrow.png HTTP/1.1" 200 197 "http://www.a-und-h.de/produkte/anlagenbau" "Mozilla/5.0 (X11; Linux x86_64) AppleWebKit/537.36 (KHTML, like Gecko; Google Page Speed Insights) Chrome/27.0.1453 Safari/537.36 GoogleBot/2.1"
66.249.64.20 - - [03/Jan/2015:03:45:36 +0100] "GET /wp-content/uploads/facebook.png HTTP/1.1" 200 807 "http://www.a-und-h.de/produkte/anlagenbau" "Mozilla/5.0 (X11; Linux x86_64) AppleWebKit/537.36 (KHTML, like Gecko; Google Page Speed Insights) Chrome/27.0.1453 Safari/537.36 GoogleBot/2.1"
66.249.64.20 - - [03/Jan/2015:03:45:37 +0100] "GET /wp-content/uploads/twitter.png HTTP/1.1" 200 1258 "http://www.a-und-h.de/produkte/anlagenbau" "Mozilla/5.0 (X11; Linux x86_64) AppleWebKit/537.36 (KHTML, like Gecko; Google Page Speed Insights) Chrome/27.0.1453 Safari/537.36 GoogleBot/2.1"
66.249.64.24 - - [03/Jan/2015:03:45:38 +0100] "GET /wp-content/uploads/xing.png HTTP/1.1" 200 1343 "http://www.a-und-h.de/produkte/anlagenbau" "Mozilla/5.0 (X11; Linux x86_64) AppleWebKit/537.36 (KHTML, like Gecko; Google Page Speed Insights) Chrome/27.0.1453 Safari/537.36 GoogleBot/2.1"
66.249.64.24 - - [03/Jan/2015:03:45:39 +0100] "GET /wp-content/uploads/google.png HTTP/1.1" 200 1718 "http://www.a-und-h.de/produkte/anlagenbau" "Mozilla/5.0 (X11; Linux x86_64) AppleWebKit/537.36 (KHTML, like Gecko; Google Page Speed Insights) Chrome/27.0.1453 Safari/537.36 GoogleBot/2.1"
66.249.64.28 - - [03/Jan/2015:03:45:39 +0100] "GET /piwik/piwik.php?action_name=Anlagenbau%20%7C%20A%2BH%20Adsorp&idsite=1&rec=1&r=191021&h=18&m=45&s=4&url=http%3A%2F%2Fwww.a-und-h.de%2Fprodukte%2Fanlagenbau&_id=2aa3a4f7c033bba1&_idts=1420253104&_idvc=1&_idn=1&_refts=0&_viewts=1420253104&res=1024x768&cookie=1 HTTP/1.1" 200 43 "http://www.a-und-h.de/produkte/anlagenbau" "Mozilla/5.0 (X11; Linux x86_64) AppleWebKit/537.36 (KHTML, like Gecko; Google Page Speed Insights) Chrome/27.0.1453 Safari/537.36 GoogleBot/2.1"
66.249.64.20 - - [03/Jan/2015:03:45:40 +0100] "GET /wp-content/uploads/2012/03/a_und_h_logo.jpg HTTP/1.1" 200 5378 "http://www.a-und-h.de/produkte/anlagenbau" "Mozilla/5.0 (X11; Linux x86_64) AppleWebKit/537.36 (KHTML, like Gecko; Google Page Speed Insights) Chrome/27.0.1453 Safari/537.36 GoogleBot/2.1"
66.249.64.28 - - [03/Jan/2015:03:45:40 +0100] "GET /wp-content/uploads/2012/03/background3.png HTTP/1.1" 200 6997 "http://www.a-und-h.de/produkte/anlagenbau" "Mozilla/5.0 (X11; Linux x86_64) AppleWebKit/537.36 (KHTML, like Gecko; Google Page Speed Insights) Chrome/27.0.1453 Safari/537.36 GoogleBot/2.1"
180.153.236.116 - - [03/Jan/2015:03:49:15 +0100] "GET / HTTP/1.1" 302 - "http://www.a-und-h.de/" "Mozilla/5.0 (compatible; MSIE 9.0; Windows NT 6.1; Trident/5.0); 360Spider"
180.153.236.109 - - [03/Jan/2015:03:49:17 +0100] "GET /de/ HTTP/1.1" 200 26581 "http://www.a-und-h.de/" "Mozilla/5.0 (compatible; MSIE 9.0; Windows NT 6.1; Trident/5.0); 360Spider"
188.40.35.97 - - [03/Jan/2015:03:49:15 +0100] "POST /wp-cron.php?doing_wp_cron=1420253355.3907558917999267578125 HTTP/1.0" 200 - "-" "WordPress/4.0.1; http://www.a-und-h.de"
188.40.35.97 - - [03/Jan/2015:04:01:53 +0100] "POST /wp-cron.php?doing_wp_cron=1420254113.9164700508117675781250 HTTP/1.0" 200 - "-" "WordPress/4.0.1; http://www.a-und-h.de"
217.69.133.239 - - [03/Jan/2015:04:01:53 +0100] "GET /robots.txt HTTP/1.1" 200 35 "-" "Mozilla/5.0 (compatible; Linux x86_64; Mail.RU_Bot/2.0; +http://go.mail.ru/help/robots)"
217.69.133.236 - - [03/Jan/2015:04:01:55 +0100] "GET /category/standardgeraete HTTP/1.1" 200 33114 "-" "Mozilla/5.0 (compatible; Linux x86_64; Mail.RU_Bot/2.0; +http://go.mail.ru/help/robots)"
217.69.133.70 - - [03/Jan/2015:04:01:57 +0100] "GET /wp-content/uploads/2012/03/Zertifikat.pdf HTTP/1.1" 200 1618200 "-" "Mozilla/5.0 (compatible; Linux x86_64; Mail.RU_Bot/2.0; +http://go.mail.ru/help/robots)"
50.57.104.33 - - [03/Jan/2015:04:10:23 +0100] "GET / HTTP/1.0" 302 - "-" "Mozilla/5.0 (Windows NT 6.1; WOW64; rv:33.0) Gecko/20100101 Firefox/33.0"
94.203.203.75 - - [03/Jan/2015:04:10:23 +0100] "GET / HTTP/1.1" 302 - "-" "Mozilla/4.0 (compatible; MSIE 5.0; Windows NT; DigExt; DTS Agent"
50.57.190.50 - - [03/Jan/2015:04:10:24 +0100] "GET /de/ HTTP/1.0" 200 26581 "-" "Mozilla/5.0 (Windows NT 6.1; WOW64; rv:33.0) Gecko/20100101 Firefox/33.0"
188.40.35.97 - - [03/Jan/2015:04:10:23 +0100] "POST /wp-cron.php?doing_wp_cron=1420254623.4255459308624267578125 HTTP/1.0" 200 - "-" "WordPress/4.0.1; http://www.a-und-h.de"
77.234.40.180 - - [03/Jan/2015:04:16:40 +0100] "GET / HTTP/1.1" 301 304 "-" "Mozilla/5.0 (Windows; U; Windows NT 5.1; en-US) AppleWebKit/534.21 (KHTML, like Gecko) Chrome/11.0.682.0 Safari/534.21"
188.40.35.97 - - [03/Jan/2015:04:16:41 +0100] "POST /wp-cron.php?doing_wp_cron=1420255001.0083959102630615234375 HTTP/1.0" 200 - "-" "WordPress/4.0.1; http://www.a-und-h.de"
77.234.40.180 - - [03/Jan/2015:04:16:40 +0100] "GET / HTTP/1.1" 302 - "-" "Mozilla/5.0 (Windows; U; Windows NT 5.1; en-US) AppleWebKit/534.21 (KHTML, like Gecko) Chrome/11.0.682.0 Safari/534.21"
77.234.40.180 - - [03/Jan/2015:04:16:42 +0100] "GET /en/ HTTP/1.1" 200 24843 "-" "Mozilla/5.0 (Windows; U; Windows NT 5.1; en-US) AppleWebKit/534.21 (KHTML, like Gecko) Chrome/11.0.682.0 Safari/534.21"
77.234.40.180 - - [03/Jan/2015:04:16:45 +0100] "GET /wp-admin/admin-ajax.php?action=kbslider_show_image&img=../wp-config.php HTTP/1.1" 401 480 "-" "Mozilla/5.0 (X11; U; Linux i686 (x86_64); en-US) AppleWebKit/534.16 (KHTML, like Gecko) Chrome/10.0.634.0 Safari/534.16"
77.234.40.180 - - [03/Jan/2015:04:16:45 +0100] "GET /wp-admin/admin-ajax.php?action=getfile&/../../wp-config.php HTTP/1.1" 401 480 "-" "Mozilla/5.0 (Windows NT 5.2; WOW64) AppleWebKit/535.1 (KHTML, like Gecko) Chrome/13.0.782.41 Safari/535.1"
188.40.35.97 - - [03/Jan/2015:04:16:45 +0100] "POST /wp-cron.php?doing_wp_cron=1420255005.9428141117095947265625 HTTP/1.0" 403 292 "-" "WordPress/4.0.1; http://www.a-und-h.de"
188.40.35.97 - - [03/Jan/2015:04:16:45 +0100] "POST /wp-cron.php?doing_wp_cron=1420255005.6281900405883789062500 HTTP/1.0" 200 - "-" "WordPress/4.0.1; http://www.a-und-h.de"
77.234.40.180 - - [03/Jan/2015:04:16:45 +0100] "GET /wp-content/themes/tess/download.php?file=../../../wp-config.php HTTP/1.1" 404 20499 "-" "Mozilla/5.0 (X11; Linux x86_64) AppleWebKit/535.1 (KHTML, like Gecko) Chrome/14.0.803.0 Safari/535.1"
188.40.35.97 - - [03/Jan/2015:04:16:45 +0100] "POST /wp-cron.php?doing_wp_cron=1420255005.7192649841308593750000 HTTP/1.0" 200 - "-" "WordPress/4.0.1; http://www.a-und-h.de"
188.40.35.97 - - [03/Jan/2015:04:16:45 +0100] "POST /wp-cron.php?doing_wp_cron=1420255005.7311110496520996093750 HTTP/1.0" 200 - "-" "WordPress/4.0.1; http://www.a-und-h.de"
77.234.40.180 - - [03/Jan/2015:04:16:45 +0100] "GET /wp-content/plugins/tinymce-thumbnail-gallery/php/download-image.php?href=../../../../wp-config.php HTTP/1.1" 404 20534 "-" "Mozilla/5.0 (Windows; U; Windows NT 5.1; en-US) AppleWebKit/534.30 (KHTML, like Gecko) Chrome/12.0.724.100 Safari/534.30"
188.40.35.97 - - [03/Jan/2015:04:16:45 +0100] "POST /wp-cron.php?doing_wp_cron=1420255005.5139760971069335937500 HTTP/1.0" 200 - "-" "WordPress/4.0.1; http://www.a-und-h.de"
188.40.35.97 - - [03/Jan/2015:04:16:45 +0100] "POST /wp-cron.php?doing_wp_cron=1420255005.7342150211334228515625 HTTP/1.0" 200 - "-" "WordPress/4.0.1; http://www.a-und-h.de"
188.40.35.97 - - [03/Jan/2015:04:16:46 +0100] "POST /wp-cron.php?doing_wp_cron=1420255005.8489971160888671875000 HTTP/1.0" 200 - "-" "WordPress/4.0.1; http://www.a-und-h.de"
188.40.35.97 - - [03/Jan/2015:04:16:45 +0100] "POST /wp-cron.php?doing_wp_cron=1420255005.7724370956420898437500 HTTP/1.0" 200 - "-" "WordPress/4.0.1; http://www.a-und-h.de"
77.234.40.180 - - [03/Jan/2015:04:16:45 +0100] "GET /wp-content/themes/parallelus-mingle/framework/utilities/download/getfile.php?file=../../../../../../wp-config.php HTTP/1.1" 404 20549 "-" "Mozilla/5.0 (Windows; U; Windows NT 5.1; en-US) AppleWebKit/534.21 (KHTML, like Gecko) Chrome/11.0.678.0 Safari/534.21"
77.234.40.180 - - [03/Jan/2015:04:16:45 +0100] "GET /wp-content/plugins/wp-filemanager/incl/libfile.php?&path=../../&filename=wp-config.php&action=download HTTP/1.1" 301 - "-" "Mozilla/5.0 (Windows; U; Windows NT 5.1; en-US) AppleWebKit/534.19 (KHTML, like Gecko) Chrome/11.0.661.0 Safari/534.19"
77.234.40.180 - - [03/Jan/2015:04:16:45 +0100] "GET /wp-content/themes/authentic/includes/download.php?file=../../../../wp-config.php HTTP/1.1" 404 20516 "-" "Mozilla/5.0 (Windows; U; Windows NT 6.0; en-US) AppleWebKit/534.20 (KHTML, like Gecko) Chrome/11.0.672.2 Safari/534.20"
77.234.40.180 - - [03/Jan/2015:04:16:45 +0100] "GET /wp-content/themes/jarida/download.php?uri=../../../wp-config.php HTTP/1.1" 404 20500 "-" "Mozilla/5.0 (Windows; U; Windows NT 5.1; en-US) AppleWebKit/534.14 (KHTML, like Gecko) Chrome/10.0.601.0 Safari/534.14"
77.234.40.180 - - [03/Jan/2015:04:16:45 +0100] "GET /wp-content/themes/parallelus-salutation/framework/utilities/download/getfile.php?file=../../../../../../wp-config.php HTTP/1.1" 404 20553 "-" "Mozilla/5.0 (Windows NT 6.0) AppleWebKit/534.30 (KHTML, like Gecko) Chrome/12.0.742.100 Safari/534.30"
77.234.40.180 - - [03/Jan/2015:04:16:45 +0100] "GET /wp-content/themes/yakimabait/download.php?file=./wp-config.php HTTP/1.1" 404 20498 "-" "Mozilla/5.0 (Windows; U; Windows NT 5.1; en-US) AppleWebKit/534.14 (KHTML, like Gecko) Chrome/10.0.602.0 Safari/534.14"
77.234.40.180 - - [03/Jan/2015:04:16:45 +0100] "GET /wp-content/themes/corporate_works/downloader.php?file_download=../../../wp-config.php HTTP/1.1" 404 20521 "-" "Mozilla/5.0 (Windows NT 6.0) AppleWebKit/535.1 (KHTML, like Gecko) Chrome/13.0.782.20 Safari/535.1"
77.234.40.180 - - [03/Jan/2015:04:16:45 +0100] "GET /wp-content/plugins/dukapress/lib/dp_image.php?src=../../../../wp-config.php HTTP/1.1" 404 20511 "-" "Mozilla/5.0 (Windows; U; Windows NT 6.1; en-US) AppleWebKit/534.16 (KHTML, like Gecko) Chrome/10.0.638.0 Safari/534.16"
77.234.40.180 - - [03/Jan/2015:04:16:45 +0100] "GET /wp-content/plugins/filedownload/download.php/?path=../../../wp-config.php HTTP/1.1" 404 20509 "-" "Mozilla/5.0 (Macintosh; Intel Mac OS X 10_7_3) AppleWebKit/535.11 (KHTML, like Gecko) Chrome/17.0.963.66 Safari/535.11"
188.40.35.97 - - [03/Jan/2015:04:16:46 +0100] "POST /wp-cron.php?doing_wp_cron=1420255006.0195760726928710937500 HTTP/1.0" 200 - "-" "WordPress/4.0.1; http://www.a-und-h.de"
77.234.40.180 - - [03/Jan/2015:04:16:45 +0100] "GET /wp-content/themes/ypo-theme/download.php?download=../../../../wp-config.php HTTP/1.1" 404 20511 "-" "Mozilla/5.0 (X11; Linux x86_64) AppleWebKit/534.24 (KHTML, like Gecko) Chrome/11.0.696.34 Safari/534.24"
77.234.40.180 - - [03/Jan/2015:04:16:45 +0100] "GET /wp-content/plugins/simple-download-button-shortcode/simple-download-button_dl.php?file=../../../../wp-config.php HTTP/1.1" 404 20548 "-" "Mozilla/5.0 (Windows NT 6.1) AppleWebKit/534.24 (KHTML, like Gecko) Chrome/11.0.696.68 Safari/534.24"
77.234.40.180 - - [03/Jan/2015:04:16:45 +0100] "GET /wp-content/plugins/plugin-newsletter/preview.php?data=../../../../wp-config.php HTTP/1.1" 404 20515 "-" "Mozilla/5.0 (Macintosh; Intel Mac OS X 10_7_0) AppleWebKit/534.24 (KHTML, like Gecko) Chrome/11.0.696.0 Safari/534.24"
77.234.40.180 - - [03/Jan/2015:04:16:45 +0100] "GET /wp-content/themes/urbancity/lib/scripts/download.php?file=../../../../../wp-config.php HTTP/1.1" 404 20522 "-" "Mozilla/5.0 (X11; Linux x86_64) AppleWebKit/535.11 (KHTML, like Gecko) Chrome/17.0.963.12 Safari/535.11"
188.40.35.97 - - [03/Jan/2015:04:16:45 +0100] "POST /wp-cron.php?doing_wp_cron=1420255005.5840559005737304687500 HTTP/1.0" 200 - "-" "WordPress/4.0.1; http://www.a-und-h.de"
77.234.40.180 - - [03/Jan/2015:04:16:47 +0100] "GET /wp-admin/admin-ajax.php?action=revslider_show_image&img=../wp-config.php HTTP/1.1" 401 480 "-" "Mozilla/5.0 (Macintosh; Intel Mac OS X 10_7_3) AppleWebKit/535.11 (KHTML, like Gecko) Chrome/17.0.963.66 Safari/535.11"
77.234.40.180 - - [03/Jan/2015:04:16:48 +0100] "GET /wp-content/plugins/pica-photo-gallery/picadownload.php?imgname=../../../wp-config.php HTTP/1.1" 404 20521 "-" "Mozilla/5.0 (Windows NT 6.0) AppleWebKit/535.1 (KHTML, like Gecko) Chrome/14.0.792.0 Safari/535.1"
77.234.40.180 - - [03/Jan/2015:04:16:48 +0100] "GET /wp-content/themes/Newspapertimes_1/download.php?filename=../../../../wp-config.php HTTP/1.1" 404 20518 "-" "Mozilla/5.0 ArchLinux (X11; U; Linux x86_64; en-US) AppleWebKit/534.30 (KHTML, like Gecko) Chrome/12.0.742.100 Safari/534.30"
77.234.40.180 - - [03/Jan/2015:04:16:51 +0100] "GET /wp-content/plugins/wp-filemanager/incl/libfile.php?path=../../&filename=wp-config.php&action=download HTTP/1.1" 404 20545 "-" "Mozilla/5.0 (Windows; U; Windows NT 5.1; en-US) AppleWebKit/534.19 (KHTML, like Gecko) Chrome/11.0.661.0 Safari/534.19"
180.76.4.211 - - [03/Jan/2015:04:19:53 +0100] "GET / HTTP/1.1" 301 305 "-" "Mozilla/4.0 (compatible; MSIE 7.0; Windows NT 6.0)"
188.40.35.97 - - [03/Jan/2015:04:21:44 +0100] "POST /wp-cron.php?doing_wp_cron=1420255304.7640309333801269531250 HTTP/1.0" 200 - "-" "WordPress/4.0.1; http://www.a-und-h.de"
77.234.40.180 - - [03/Jan/2015:04:21:44 +0100] "GET /wp-content/force-download.php?file=../wp-config.php HTTP/1.1" 404 20487 "-" "Mozilla/5.0 (Windows NT 6.1) AppleWebKit/534.24 (KHTML, like Gecko) Chrome/11.0.696.68 Safari/534.24"
188.40.35.97 - - [03/Jan/2015:04:33:37 +0100] "POST /wp-cron.php?doing_wp_cron=1420256017.8950920104980468750000 HTTP/1.0" 200 - "-" "WordPress/4.0.1; http://www.a-und-h.de"
217.69.143.66 - - [03/Jan/2015:04:33:37 +0100] "GET /robots.txt HTTP/1.1" 200 35 "-" "Mozilla/5.0 (compatible; Linux x86_64; Mail.RU_Bot/Robots; +http://go.mail.ru/help/robots)"
217.69.143.70 - - [03/Jan/2015:04:33:39 +0100] "GET / HTTP/1.1" 302 - "-" "Mozilla/5.0 (compatible; Linux x86_64; Mail.RU_Bot/Robots; +http://go.mail.ru/help/robots)"
217.69.143.62 - - [03/Jan/2015:04:33:40 +0100] "GET /en/ HTTP/1.1" 200 24843 "-" "Mozilla/5.0 (compatible; Linux x86_64; Mail.RU_Bot/Robots; +http://go.mail.ru/help/robots)"
188.40.35.97 - - [03/Jan/2015:04:50:04 +0100] "POST /wp-cron.php?doing_wp_cron=1420257004.4249019622802734375000 HTTP/1.0" 200 - "-" "WordPress/4.0.1; http://www.a-und-h.de"
62.113.216.229 - - [03/Jan/2015:04:50:04 +0100] "POST /wp-login.php HTTP/1.1" 200 3949 "http://www.a-und-h.de/wp-login.php" "Opera/9.80 (Windows NT 5.1; U; ru) Presto/2.9.168 Version/11.50"
62.113.216.229 - - [03/Jan/2015:04:50:40 +0100] "POST /wp-login.php HTTP/1.1" 200 3949 "http://www.a-und-h.de/wp-login.php" "Opera/9.80 (Windows NT 5.1; U; ru) Presto/2.9.168 Version/11.50"
188.40.35.97 - - [03/Jan/2015:05:04:08 +0100] "POST /wp-cron.php?doing_wp_cron=1420257848.8864099979400634765625 HTTP/1.0" 200 - "-" "WordPress/4.0.1; http://www.a-und-h.de"
141.8.147.20 - - [03/Jan/2015:05:04:08 +0100] "GET /da-310-da-410-2 HTTP/1.1" 200 29434 "-" "Mozilla/5.0 (compatible; YandexBot/3.0; +http://yandex.com/bots)"
188.40.35.97 - - [03/Jan/2015:05:21:26 +0100] "POST /wp-cron.php?doing_wp_cron=1420258886.2102119922637939453125 HTTP/1.0" 200 - "-" "WordPress/4.0.1; http://www.a-und-h.de"
198.50.177.43 - - [03/Jan/2015:05:21:26 +0100] "GET /terms-conditions HTTP/1.1" 200 27395 "http://www.a-und-h.de/" "Mozilla/5.0 (compatible; MSIE 10.0; Windows NT 6.1; WOW64; Trident/6.0)"
198.50.177.43 - - [03/Jan/2015:05:21:27 +0100] "GET /?p=521 HTTP/1.1" 301 - "http://www.a-und-h.de/terms-conditions" "Mozilla/5.0 (compatible; MSIE 10.0; Windows NT 6.1; WOW64; Trident/6.0)"
198.50.177.43 - - [03/Jan/2015:05:21:28 +0100] "GET /terms-conditions HTTP/1.1" 200 27395 "http://www.a-und-h.de/terms-conditions" "Mozilla/5.0 (compatible; MSIE 10.0; Windows NT 6.1; WOW64; Trident/6.0)"
93.54.47.177 - - [03/Jan/2015:05:40:27 +0100] "POST /wp-login.php HTTP/1.1" 200 3898 "http://www.a-und-h.de/wp-login.php" "Mozilla/4.0 (compatible; MSIE 8.0; Windows NT 6.1; Trident/4.0; GTB7.4; SLCC2; .NET CLR 2.0.50727; .NET CLR 3.5.30729; .NET CLR 3.0.30729; Media Center PC 6.0; InfoPath.2)"
188.40.35.97 - - [03/Jan/2015:05:40:27 +0100] "POST /wp-cron.php?doing_wp_cron=1420260027.3342010974884033203125 HTTP/1.0" 200 - "-" "WordPress/4.0.1; http://www.a-und-h.de"
78.4.152.50 - - [03/Jan/2015:05:40:29 +0100] "POST /wp-login.php HTTP/1.1" 200 3898 "http://www.a-und-h.de/wp-login.php" "Mozilla/5.0 (Windows NT 6.2; WOW64; rv:19.0) Gecko/20100101 Firefox/19.0"
89.97.7.247 - - [03/Jan/2015:05:40:29 +0100] "POST /wp-login.php HTTP/1.1" 200 3898 "http://www.a-und-h.de/wp-login.php" "Mozilla/4.0 (compatible; MSIE 8.0; Windows NT 6.1; WOW64; Trident/4.0; SLCC2; .NET CLR 2.0.50727; .NET CLR 3.5.30729; .NET CLR 3.0.30729; Media Center PC 6.0)"
78.6.196.82 - - [03/Jan/2015:05:40:33 +0100] "POST /wp-login.php HTTP/1.1" 200 3898 "http://www.a-und-h.de/wp-login.php" "Mozilla/4.0 (compatible; MSIE 8.0; Windows NT 6.1; Trident/4.0; SLCC2; .NET CLR 2.0.50727; .NET CLR 3.5.30729; .NET CLR 3.0.30729; Media Center PC 6.0; InfoPath.2)"
78.6.195.230 - - [03/Jan/2015:05:40:35 +0100] "POST /wp-login.php HTTP/1.1" 200 3898 "http://www.a-und-h.de/wp-login.php" "Mozilla/5.0 (Windows NT 6.1) AppleWebKit/537.17 (KHTML like Gecko) Chrome/24.0.1312.52 Safari/537.17"
188.40.35.97 - - [03/Jan/2015:05:50:58 +0100] "POST /wp-cron.php?doing_wp_cron=1420260658.3743720054626464843750 HTTP/1.0" 200 - "-" "WordPress/4.0.1; http://www.a-und-h.de"
79.234.86.39 - - [03/Jan/2015:05:50:58 +0100] "GET /luftentfeuchter-mieten-die-schnelle-loesung HTTP/1.1" 200 26380 "-" "Mozilla/5.0 (Windows; U; Windows NT 5.1; en-US; rv:1.9.1) Gecko/20090624 Firefox/3.5"
198.252.44.9 - - [03/Jan/2015:06:00:58 +0100] "GET / HTTP/1.0" 301 304 "-" "=Mozilla/5.0 (Windows; U; Windows NT 6.1; en-US) AppleWebKit/534.16 (KHTML, like Gecko) Chrome/10.0.648.204 Safari/534.16"
198.252.44.9 - - [03/Jan/2015:06:00:59 +0100] "GET / HTTP/1.0" 500 256 "-" "=Mozilla/5.0 (Windows; U; Windows NT 6.1; en-US) AppleWebKit/534.16 (KHTML, like Gecko) Chrome/10.0.648.204 Safari/534.16"
198.252.44.210 - - [03/Jan/2015:06:01:00 +0100] "GET / HTTP/1.0" 301 304 "-" "=Mozilla/5.0 (Windows; U; Windows NT 6.1; en-US) AppleWebKit/534.16 (KHTML, like Gecko) Chrome/10.0.648.204 Safari/534.16"
198.252.44.210 - - [03/Jan/2015:06:01:00 +0100] "GET / HTTP/1.0" 500 256 "-" "=Mozilla/5.0 (Windows; U; Windows NT 6.1; en-US) AppleWebKit/534.16 (KHTML, like Gecko) Chrome/10.0.648.204 Safari/534.16"
192.34.61.81 - - [03/Jan/2015:06:05:08 +0100] "GET / HTTP/1.1" 301 305 "-" "Mozilla/5.0 (Windows NT 6.1; rv:28.0) Gecko/20100101 Firefox/28.0"
188.40.35.97 - - [03/Jan/2015:06:05:09 +0100] "POST /wp-cron.php?doing_wp_cron=1420261509.3438429832458496093750 HTTP/1.0" 200 - "-" "WordPress/4.0.1; http://www.a-und-h.de"
192.34.61.81 - - [03/Jan/2015:06:05:09 +0100] "GET / HTTP/1.1" 302 - "-" "Mozilla/5.0 (Windows NT 6.1; rv:28.0) Gecko/20100101 Firefox/28.0"
192.34.61.81 - - [03/Jan/2015:06:05:10 +0100] "GET /en/ HTTP/1.1" 200 24843 "-" "Mozilla/5.0 (Windows NT 6.1; rv:28.0) Gecko/20100101 Firefox/28.0"
192.34.61.81 - - [03/Jan/2015:06:05:10 +0100] "GET /wp-includes/js/jquery/jquery-migrate.min.js?ver=1.2.1 HTTP/1.1" 200 7200 "http://www.a-und-h.de/en/" "Mozilla/5.0 (Windows NT 6.1; rv:28.0) Gecko/20100101 Firefox/28.0"
192.34.61.81 - - [03/Jan/2015:06:05:10 +0100] "GET /wp-content/plugins/cookie-opt-in/js/cookie-opt-in.js?ver=1 HTTP/1.1" 200 9405 "http://www.a-und-h.de/en/" "Mozilla/5.0 (Windows NT 6.1; rv:28.0) Gecko/20100101 Firefox/28.0"
192.34.61.81 - - [03/Jan/2015:06:05:10 +0100] "GET /wp-content/plugins/snow-storm/snow-storm.js?ver=1.41 HTTP/1.1" 200 9852 "http://www.a-und-h.de/en/" "Mozilla/5.0 (Windows NT 6.1; rv:28.0) Gecko/20100101 Firefox/28.0"
192.34.61.81 - - [03/Jan/2015:06:05:11 +0100] "GET /wp-content/plugins/wp-slimbox2/javascript/slimbox2.js?ver=2.04 HTTP/1.1" 200 3777 "http://www.a-und-h.de/en/" "Mozilla/5.0 (Windows NT 6.1; rv:28.0) Gecko/20100101 Firefox/28.0"
192.34.61.81 - - [03/Jan/2015:06:05:10 +0100] "GET /wp-content/themes/purevision/styles/custom/custom_style.php?ver=4.0.1 HTTP/1.1" 200 4550 "http://www.a-und-h.de/en/" "Mozilla/5.0 (Windows NT 6.1; rv:28.0) Gecko/20100101 Firefox/28.0"
192.34.61.81 - - [03/Jan/2015:06:05:11 +0100] "GET /wp-content/plugins/wp-slimbox2/javascript/slimbox2_autoload.js?ver=1.0.4b HTTP/1.1" 200 3027 "http://www.a-und-h.de/en/" "Mozilla/5.0 (Windows NT 6.1; rv:28.0) Gecko/20100101 Firefox/28.0"
192.34.61.81 - - [03/Jan/2015:06:05:11 +0100] "GET /wp-content/themes/purevision/scripts/superfish-1.4.8/js/superfish.combined.js?ver=1.0.0 HTTP/1.1" 200 5387 "http://www.a-und-h.de/en/" "Mozilla/5.0 (Windows NT 6.1; rv:28.0) Gecko/20100101 Firefox/28.0"
192.34.61.81 - - [03/Jan/2015:06:05:11 +0100] "GET /wp-content/themes/purevision/sliders/piecemaker/js/swfobject.js?ver=1.5 HTTP/1.1" 200 6880 "http://www.a-und-h.de/en/" "Mozilla/5.0 (Windows NT 6.1; rv:28.0) Gecko/20100101 Firefox/28.0"
192.34.61.81 - - [03/Jan/2015:06:05:11 +0100] "GET /wp-content/themes/purevision/scripts/script.js?ver=1.0 HTTP/1.1" 200 7495 "http://www.a-und-h.de/en/" "Mozilla/5.0 (Windows NT 6.1; rv:28.0) Gecko/20100101 Firefox/28.0"
192.34.61.81 - - [03/Jan/2015:06:05:11 +0100] "GET /wp-content/plugins/cookie-opt-in/js/cookie-opt-in-if.js?ver=1 HTTP/1.1" 200 1119 "http://www.a-und-h.de/en/" "Mozilla/5.0 (Windows NT 6.1; rv:28.0) Gecko/20100101 Firefox/28.0"
192.34.61.81 - - [03/Jan/2015:06:05:11 +0100] "GET /wp-content/plugins/contact-form-7/includes/js/scripts.js?ver=4.0.1 HTTP/1.1" 200 9658 "http://www.a-und-h.de/en/" "Mozilla/5.0 (Windows NT 6.1; rv:28.0) Gecko/20100101 Firefox/28.0"
192.34.61.81 - - [03/Jan/2015:06:05:10 +0100] "GET /wp-includes/js/jquery/jquery.js?ver=1.11.1 HTTP/1.1" 200 95807 "http://www.a-und-h.de/en/" "Mozilla/5.0 (Windows NT 6.1; rv:28.0) Gecko/20100101 Firefox/28.0"
192.34.61.81 - - [03/Jan/2015:06:05:11 +0100] "GET /wp-content/plugins/contact-form-7/includes/js/jquery.form.min.js?ver=3.51.0-2014.06.20 HTTP/1.1" 200 15248 "http://www.a-und-h.de/en/" "Mozilla/5.0 (Windows NT 6.1; rv:28.0) Gecko/20100101 Firefox/28.0"
192.34.61.81 - - [03/Jan/2015:06:05:12 +0100] "GET /piwik/piwik.js HTTP/1.1" 200 18716 "http://www.a-und-h.de/en/" "Mozilla/5.0 (Windows NT 6.1; rv:28.0) Gecko/20100101 Firefox/28.0"
192.34.61.81 - - [03/Jan/2015:06:05:13 +0100] "GET /piwik/piwik.php?action_name=A%2BH%20Adsorp%20Luftentfeuchtungssysteme%20GmbH&idsite=1&rec=1&r=365709&h=21&m=5&s=12&url=http%3A%2F%2Fwww.a-und-h.de%2Fen%2F&_id=7023c7069feb76d2&_idts=1420261513&_idvc=1&_idn=1&_refts=0&_viewts=1420261513&res=1024x768&cookie=1 HTTP/1.1" 200 43 "http://www.a-und-h.de/en/" "Mozilla/5.0 (Windows NT 6.1; rv:28.0) Gecko/20100101 Firefox/28.0"
192.34.61.81 - - [03/Jan/2015:06:05:31 +0100] "GET /products/equipment-construction HTTP/1.1" 403 312 "http://www.a-und-h.de" "Mozilla/5.0 (compatible; MSIE 9.0; Windows NT 6.1; WOW64; Trident/5.0)"
192.34.61.81 - - [03/Jan/2015:06:05:31 +0100] "GET /de HTTP/1.1" 301 - "http://www.a-und-h.de" "Mozilla/5.0 (Windows NT 6.3; WOW64) AppleWebKit/537.36 (KHTML, like Gecko) Chrome/34.0.1847.131 Safari/537.36"
192.34.61.81 - - [03/Jan/2015:06:05:31 +0100] "GET /contakt-service/inquiry HTTP/1.1" 301 - "http://www.a-und-h.de" "Mozilla/5.0 (Windows NT 6.1; WOW64) AppleWebKit/537.36 (KHTML, like Gecko) Chrome/34.0.1847.131 Safari/537.36"
192.34.61.81 - - [03/Jan/2015:06:05:31 +0100] "GET /company HTTP/1.1" 200 22507 "http://www.a-und-h.de" "Mozilla/5.0 (Windows NT 6.1; WOW64; rv:29.0) Gecko/20100101 Firefox/29.0"
192.34.61.81 - - [03/Jan/2015:06:05:31 +0100] "GET /air-dehumidification/principle-of-air-dehumidification HTTP/1.1" 200 22248 "http://www.a-und-h.de" "Mozilla/5.0 (Windows NT 6.1; WOW64) AppleWebKit/537.36 (KHTML, like Gecko) Chrome/34.0.1847.137 Safari/537.36"
192.34.61.81 - - [03/Jan/2015:06:05:31 +0100] "GET /downloads HTTP/1.1" 200 26631 "http://www.a-und-h.de" "Mozilla/5.0 (Windows NT 6.1; WOW64; rv:21.0) Gecko/20100101 Firefox/21.0"
192.34.61.81 - - [03/Jan/2015:06:05:31 +0100] "GET /contact-service/informationmaterial HTTP/1.1" 200 23338 "http://www.a-und-h.de" "Mozilla/5.0 (Macintosh; Intel Mac OS X 10_9_2) AppleWebKit/537.75.14 (KHTML, like Gecko) Version/7.0.3 Safari/537.75.14"
192.34.61.81 - - [03/Jan/2015:06:05:31 +0100] "GET /contact-service/inquiry HTTP/1.1" 200 23253 "http://www.a-und-h.de" "Mozilla/5.0 (Windows NT 6.1; WOW64; rv:28.0) Gecko/20100101 Firefox/28.0"
192.34.61.81 - - [03/Jan/2015:06:05:31 +0100] "GET /expertise HTTP/1.1" 200 22966 "http://www.a-und-h.de" "Mozilla/5.0 (Macintosh; Intel Mac OS X 10_9_2) AppleWebKit/537.36 (KHTML, like Gecko) Chrome/34.0.1847.131 Safari/537.36"
192.34.61.81 - - [03/Jan/2015:06:05:31 +0100] "GET /products/standard-devices-2 HTTP/1.1" 200 29074 "http://www.a-und-h.de" "Mozilla/5.0 (Windows NT 6.1; WOW64; rv:28.0) Gecko/20100101 Firefox/28.0"
192.34.61.81 - - [03/Jan/2015:06:05:31 +0100] "GET /de/ HTTP/1.1" 200 26581 "http://www.a-und-h.de" "Mozilla/5.0 (Windows NT 6.3; WOW64) AppleWebKit/537.36 (KHTML, like Gecko) Chrome/34.0.1847.131 Safari/537.36"
192.34.61.81 - - [03/Jan/2015:06:05:31 +0100] "GET /contact-service/inquiry HTTP/1.1" 200 23253 "http://www.a-und-h.de" "Mozilla/5.0 (Windows NT 6.1; WOW64) AppleWebKit/537.36 (KHTML, like Gecko) Chrome/34.0.1847.131 Safari/537.36"
66.249.64.24 - - [03/Jan/2015:06:09:42 +0100] "GET /wp-content/themes/purevision/sliders/slider_de/piecemaker.swf?random_number=8675 HTTP/1.1" 304 - "-" "Mozilla/5.0 (compatible; Googlebot/2.1; +http://www.google.com/bot.html)"
188.40.35.97 - - [03/Jan/2015:06:17:52 +0100] "POST /wp-cron.php?doing_wp_cron=1420262272.1719949245452880859375 HTTP/1.0" 200 - "-" "WordPress/4.0.1; http://www.a-und-h.de"
141.8.147.20 - - [03/Jan/2015:06:17:51 +0100] "GET /robots.txt HTTP/1.1" 200 35 "-" "Mozilla/5.0 (compatible; YandexBot/3.0; +http://yandex.com/bots)"
188.40.35.97 - - [03/Jan/2015:06:26:42 +0100] "POST /wp-cron.php?doing_wp_cron=1420262802.4910879135131835937500 HTTP/1.0" 200 - "-" "WordPress/4.0.1; http://www.a-und-h.de"
66.249.64.24 - - [03/Jan/2015:06:26:42 +0100] "GET /pdf/Typenblatt%20DA%20510%20NEU%202009-03-10.pdf HTTP/1.1" 404 22086 "-" "Googlebot/2.1 (+http://www.google.com/bot.html)"
188.40.35.97 - - [03/Jan/2015:06:36:19 +0100] "POST /wp-cron.php?doing_wp_cron=1420263379.6407620906829833984375 HTTP/1.0" 200 - "-" "WordPress/4.0.1; http://www.a-und-h.de"
141.8.147.20 - - [03/Jan/2015:06:36:19 +0100] "GET /air-dehumidification/principle-of-air-dehumidification HTTP/1.1" 200 22248 "-" "Mozilla/5.0 (compatible; YandexBot/3.0; +http://yandex.com/bots)"
188.40.35.97 - - [03/Jan/2015:06:41:49 +0100] "POST /wp-cron.php?doing_wp_cron=1420263709.7161979675292968750000 HTTP/1.0" 200 - "-" "WordPress/4.0.1; http://www.a-und-h.de"
94.153.9.175 - - [03/Jan/2015:06:41:49 +0100] "GET / HTTP/1.1" 302 - "http://xn-----8kcnijgeam1andnpi2aq8m.xn--p1ai/" "Mozilla/4.0 (compatible; MSIE 6.0; Windows NT 5.1; SV1; .NET CLR 1.1.4322) Babya Discoverer 8.0:"
94.153.9.175 - - [03/Jan/2015:06:41:51 +0100] "GET / HTTP/1.1" 302 - "http://xn-----8kcnijgeam1andnpi2aq8m.xn--p1ai/" "Mozilla/4.0 (compatible; MSIE 6.0; Windows NT 5.1; SV1; .NET CLR 1.1.4322) Babya Discoverer 8.0:"
94.153.9.175 - - [03/Jan/2015:06:41:52 +0100] "GET / HTTP/1.1" 302 - "http://xn-----8kcnijgeam1andnpi2aq8m.xn--p1ai/" "Mozilla/4.0 (compatible; MSIE 6.0; Windows NT 5.1; SV1; .NET CLR 1.1.4322) Babya Discoverer 8.0:"
188.40.35.97 - - [03/Jan/2015:07:01:25 +0100] "POST /wp-cron.php?doing_wp_cron=1420264885.0354681015014648437500 HTTP/1.0" 200 - "-" "WordPress/4.0.1; http://www.a-und-h.de"
141.8.147.20 - - [03/Jan/2015:07:01:24 +0100] "GET /company HTTP/1.1" 200 22507 "-" "Mozilla/5.0 (compatible; YandexBot/3.0; +http://yandex.com/bots)"
62.128.30.5 - - [03/Jan/2015:07:04:55 +0100] "GET /wp-content/uploads/2012/03/MSR-Symbole+Kennbuchstaben.pdf HTTP/1.1" 200 511716 "-" "Mozilla/5.0 (X11; Ubuntu; Linux x86_64; rv:34.0) Gecko/20100101 Firefox/34.0"
188.40.35.97 - - [03/Jan/2015:07:18:13 +0100] "POST /wp-cron.php?doing_wp_cron=1420265893.4154798984527587890625 HTTP/1.0" 200 - "-" "WordPress/4.0.1; http://www.a-und-h.de"
178.255.215.80 - - [03/Jan/2015:07:18:13 +0100] "GET /robots.txt HTTP/1.1" 200 35 "-" "Mozilla/5.0 (compatible; Exabot/3.0 (BiggerBetter); +http://www.exabot.com/go/robot)"
