93.159.230.90 - - [01/Jan/2015:12:35:12 +0100] "GET /piwik/piwik.js HTTP/1.1" 200 18716 "http://www.a-und-h.de/en/" "Mozilla/4.0 (compatible; MSIE 8.0; Windows NT 6.0; Trident/4.0; GTB5; Mozilla/4.0 (compatible; MSIE 6.0; Windows NT 5.1; SV1) ; SLCC1; .NET CLR 2.0.50727; Media Center PC 5.0; .NET CLR 1.1.4322; InfoPath.2; .NET CLR 3.5.30729; .NET CLR 3.0.30618)"
93.159.230.90 - - [01/Jan/2015:12:35:12 +0100] "GET /wp-content/plugins/cookie-opt-in/js/cookie-opt-in-if.js?ver=1 HTTP/1.1" 200 1119 "http://www.a-und-h.de/en/" "Mozilla/4.0 (compatible; MSIE 8.0; Windows NT 6.0; Trident/4.0; GTB5; Mozilla/4.0 (compatible; MSIE 6.0; Windows NT 5.1; SV1) ; SLCC1; .NET CLR 2.0.50727; Media Center PC 5.0; .NET CLR 1.1.4322; InfoPath.2; .NET CLR 3.5.30729; .NET CLR 3.0.30618)"
93.159.230.90 - - [01/Jan/2015:12:35:12 +0100] "GET /wp-content/plugins/contact-form-7/includes/js/jquery.form.min.js?ver=3.51.0-2014.06.20 HTTP/1.1" 200 15248 "http://www.a-und-h.de/en/" "Mozilla/4.0 (compatible; MSIE 8.0; Windows NT 6.0; Trident/4.0; GTB5; Mozilla/4.0 (compatible; MSIE 6.0; Windows NT 5.1; SV1) ; SLCC1; .NET CLR 2.0.50727; Media Center PC 5.0; .NET CLR 1.1.4322; InfoPath.2; .NET CLR 3.5.30729; .NET CLR 3.0.30618)"
93.159.230.90 - - [01/Jan/2015:12:35:12 +0100] "GET /wp-content/plugins/contact-form-7/includes/js/scripts.js?ver=4.0.1 HTTP/1.1" 200 9658 "http://www.a-und-h.de/en/" "Mozilla/4.0 (compatible; MSIE 8.0; Windows NT 6.0; Trident/4.0; GTB5; Mozilla/4.0 (compatible; MSIE 6.0; Windows NT 5.1; SV1) ; SLCC1; .NET CLR 2.0.50727; Media Center PC 5.0; .NET CLR 1.1.4322; InfoPath.2; .NET CLR 3.5.30729; .NET CLR 3.0.30618)"
188.40.35.97 - - [01/Jan/2015:12:44:30 +0100] "POST /wp-cron.php?doing_wp_cron=1420112670.1833870410919189453125 HTTP/1.0" 200 - "-" "WordPress/4.0.1; http://www.a-und-h.de"
144.76.137.226 - - [01/Jan/2015:12:44:29 +0100] "GET /robots.txt HTTP/1.0" 200 35 "-" "Mozilla/5.0 (compatible; MJ12bot/v1.4.5; http://www.majestic12.co.uk/bot.php?+)"
144.76.137.226 - - [01/Jan/2015:12:44:32 +0100] "GET /%D0%BF%D1%80%D0%BE%D0%B4%D1%83%D0%BA%D1%82%D1%8B/%D1%81%D1%82%D0%B0%D0%BD%D0%B4%D0%B0%D1%80%D1%82%D0%BD%D1%8B%D0%B5-%D0%BE%D1%81%D1%83%D1%88%D0%B8%D1%82%D0%B5%D0%BB%D0%B8 HTTP/1.0" 200 44670 "-" "Mozilla/5.0 (compatible; MJ12bot/v1.4.5; http://www.majestic12.co.uk/bot.php?+)"
101.226.166.246 - - [01/Jan/2015:12:45:46 +0100] "GET / HTTP/1.1" 301 305 "http://a-und-h.de/" "Mozilla/5.0 (Windows NT 6.1) AppleWebKit/537.1 (KHTML, like Gecko) Chrome/21.0.1180.89 Safari/537.1; 360Spider"
101.226.166.243 - - [01/Jan/2015:12:45:55 +0100] "GET / HTTP/1.1" 302 - "http://a-und-h.de/" "Mozilla/5.0 (Windows NT 6.1) AppleWebKit/537.1 (KHTML, like Gecko) Chrome/21.0.1180.89 Safari/537.1; 360Spider"
101.226.166.248 - - [01/Jan/2015:12:46:12 +0100] "GET /de/ HTTP/1.1" 200 26581 "http://a-und-h.de/" "Mozilla/5.0 (Windows NT 6.1) AppleWebKit/537.1 (KHTML, like Gecko) Chrome/21.0.1180.89 Safari/537.1; 360Spider"
141.8.147.20 - - [01/Jan/2015:12:51:27 +0100] "GET /products HTTP/1.1" 200 23326 "-" "Mozilla/5.0 (compatible; YandexBot/3.0; +http://yandex.com/bots)"
188.40.35.97 - - [01/Jan/2015:12:51:27 +0100] "POST /wp-cron.php?doing_wp_cron=1420113087.2503070831298828125000 HTTP/1.0" 200 - "-" "WordPress/4.0.1; http://www.a-und-h.de"
66.249.78.86 - - [01/Jan/2015:12:54:39 +0100] "GET /wp-content/plugins/cookie-opt-in/js/cookie-opt-in.js?ver=1 HTTP/1.1" 200 9405 "http://www.a-und-h.de/produkte/anlagenbau" "Mozilla/5.0 (X11; Linux x86_64) AppleWebKit/537.36 (KHTML, like Gecko; Google Page Speed Insights) Chrome/27.0.1453 Safari/537.36 GoogleBot/2.1"
66.249.64.24 - - [01/Jan/2015:12:54:40 +0100] "GET /wp-content/plugins/cookie-opt-in/css/style.css?ver=4.0.1 HTTP/1.1" 200 2316 "http://www.a-und-h.de/produkte/anlagenbau" "Mozilla/5.0 (X11; Linux x86_64) AppleWebKit/537.36 (KHTML, like Gecko; Google Page Speed Insights) Chrome/27.0.1453 Safari/537.36 GoogleBot/2.1"
66.249.64.28 - - [01/Jan/2015:12:54:41 +0100] "GET /wp-content/themes/purevision/style.css?ver=1.0 HTTP/1.1" 200 885 "http://www.a-und-h.de/produkte/anlagenbau" "Mozilla/5.0 (X11; Linux x86_64) AppleWebKit/537.36 (KHTML, like Gecko; Google Page Speed Insights) Chrome/27.0.1453 Safari/537.36 GoogleBot/2.1"
66.249.79.156 - - [01/Jan/2015:12:54:41 +0100] "GET /wp-content/plugins/wp-slimbox2/javascript/slimbox2.js?ver=2.04 HTTP/1.1" 200 3777 "http://www.a-und-h.de/produkte/anlagenbau" "Mozilla/5.0 (X11; Linux x86_64) AppleWebKit/537.36 (KHTML, like Gecko; Google Page Speed Insights) Chrome/27.0.1453 Safari/537.36 GoogleBot/2.1"
66.249.78.79 - - [01/Jan/2015:12:54:42 +0100] "GET /wp-content/plugins/contact-form-7/includes/css/styles.css?ver=4.0.1 HTTP/1.1" 200 1103 "http://www.a-und-h.de/produkte/anlagenbau" "Mozilla/5.0 (X11; Linux x86_64) AppleWebKit/537.36 (KHTML, like Gecko; Google Page Speed Insights) Chrome/27.0.1453 Safari/537.36 GoogleBot/2.1"
66.249.78.86 - - [01/Jan/2015:12:54:42 +0100] "GET /wp-includes/js/jquery/jquery.js?ver=1.11.1 HTTP/1.1" 200 95807 "http://www.a-und-h.de/produkte/anlagenbau" "Mozilla/5.0 (X11; Linux x86_64) AppleWebKit/537.36 (KHTML, like Gecko; Google Page Speed Insights) Chrome/27.0.1453 Safari/537.36 GoogleBot/2.1"
66.249.78.86 - - [01/Jan/2015:12:54:43 +0100] "GET /wp-content/plugins/newsletter/subscription/styles/widget-neutral.css HTTP/1.1" 200 1018 "http://www.a-und-h.de/produkte/anlagenbau" "Mozilla/5.0 (X11; Linux x86_64) AppleWebKit/537.36 (KHTML, like Gecko; Google Page Speed Insights) Chrome/27.0.1453 Safari/537.36 GoogleBot/2.1"
66.249.78.93 - - [01/Jan/2015:12:54:44 +0100] "GET /wp-content/plugins/wp-slimbox2/javascript/slimbox2_autoload.js?ver=1.0.4b HTTP/1.1" 200 3027 "http://www.a-und-h.de/produkte/anlagenbau" "Mozilla/5.0 (X11; Linux x86_64) AppleWebKit/537.36 (KHTML, like Gecko; Google Page Speed Insights) Chrome/27.0.1453 Safari/537.36 GoogleBot/2.1"
66.249.64.24 - - [01/Jan/2015:12:54:45 +0100] "GET /wp-content/themes/purevision/styles/custom/custom_style.php?ver=4.0.1 HTTP/1.1" 200 4550 "http://www.a-und-h.de/produkte/anlagenbau" "Mozilla/5.0 (X11; Linux x86_64) AppleWebKit/537.36 (KHTML, like Gecko; Google Page Speed Insights) Chrome/27.0.1453 Safari/537.36 GoogleBot/2.1"
188.40.35.97 - - [01/Jan/2015:12:54:45 +0100] "POST /wp-cron.php?doing_wp_cron=1420113285.6523640155792236328125 HTTP/1.0" 200 - "-" "WordPress/4.0.1; http://www.a-und-h.de"
66.249.78.86 - - [01/Jan/2015:12:54:46 +0100] "GET /wp-content/themes/purevision/scripts/script.js?ver=1.0 HTTP/1.1" 200 7495 "http://www.a-und-h.de/produkte/anlagenbau" "Mozilla/5.0 (X11; Linux x86_64) AppleWebKit/537.36 (KHTML, like Gecko; Google Page Speed Insights) Chrome/27.0.1453 Safari/537.36 GoogleBot/2.1"
66.249.78.86 - - [01/Jan/2015:12:54:47 +0100] "GET /wp-content/plugins/snow-storm/snow-storm.js?ver=1.41 HTTP/1.1" 200 9852 "http://www.a-und-h.de/produkte/anlagenbau" "Mozilla/5.0 (X11; Linux x86_64) AppleWebKit/537.36 (KHTML, like Gecko; Google Page Speed Insights) Chrome/27.0.1453 Safari/537.36 GoogleBot/2.1"
66.249.78.93 - - [01/Jan/2015:12:54:48 +0100] "GET /wp-content/themes/purevision/scripts/superfish-1.4.8/js/superfish.combined.js?ver=1.0.0 HTTP/1.1" 200 5387 "http://www.a-und-h.de/produkte/anlagenbau" "Mozilla/5.0 (X11; Linux x86_64) AppleWebKit/537.36 (KHTML, like Gecko; Google Page Speed Insights) Chrome/27.0.1453 Safari/537.36 GoogleBot/2.1"
66.249.78.86 - - [01/Jan/2015:12:54:48 +0100] "GET /wp-content/themes/purevision/styles/style1/css/text.css?ver=1.0 HTTP/1.1" 200 1819 "http://www.a-und-h.de/produkte/anlagenbau" "Mozilla/5.0 (X11; Linux x86_64) AppleWebKit/537.36 (KHTML, like Gecko; Google Page Speed Insights) Chrome/27.0.1453 Safari/537.36 GoogleBot/2.1"
66.249.64.20 - - [01/Jan/2015:12:54:49 +0100] "GET /wp-content/themes/purevision/scripts/superfish-1.4.8/css/superfish.css?ver=1.0 HTTP/1.1" 200 3275 "http://www.a-und-h.de/produkte/anlagenbau" "Mozilla/5.0 (X11; Linux x86_64) AppleWebKit/537.36 (KHTML, like Gecko; Google Page Speed Insights) Chrome/27.0.1453 Safari/537.36 GoogleBot/2.1"
66.249.64.24 - - [01/Jan/2015:12:54:50 +0100] "GET /wp-includes/js/jquery/jquery-migrate.min.js?ver=1.2.1 HTTP/1.1" 200 7200 "http://www.a-und-h.de/produkte/anlagenbau" "Mozilla/5.0 (X11; Linux x86_64) AppleWebKit/537.36 (KHTML, like Gecko; Google Page Speed Insights) Chrome/27.0.1453 Safari/537.36 GoogleBot/2.1"
66.249.78.86 - - [01/Jan/2015:12:54:50 +0100] "GET /wp-content/themes/purevision/styles/common-css/960.css?ver=1.0 HTTP/1.1" 200 7707 "http://www.a-und-h.de/produkte/anlagenbau" "Mozilla/5.0 (X11; Linux x86_64) AppleWebKit/537.36 (KHTML, like Gecko; Google Page Speed Insights) Chrome/27.0.1453 Safari/537.36 GoogleBot/2.1"
66.249.78.86 - - [01/Jan/2015:12:54:51 +0100] "GET /wp-content/themes/purevision/styles/style1/css/style.css?ver=1.0 HTTP/1.1" 200 72108 "http://www.a-und-h.de/produkte/anlagenbau" "Mozilla/5.0 (X11; Linux x86_64) AppleWebKit/537.36 (KHTML, like Gecko; Google Page Speed Insights) Chrome/27.0.1453 Safari/537.36 GoogleBot/2.1"
66.249.78.93 - - [01/Jan/2015:12:54:52 +0100] "GET /wp-content/plugins/wp-slimbox2/css/slimbox2.css?ver=1.1 HTTP/1.1" 200 917 "http://www.a-und-h.de/produkte/anlagenbau" "Mozilla/5.0 (X11; Linux x86_64) AppleWebKit/537.36 (KHTML, like Gecko; Google Page Speed Insights) Chrome/27.0.1453 Safari/537.36 GoogleBot/2.1"
66.249.78.86 - - [01/Jan/2015:12:54:53 +0100] "GET /wp-content/themes/purevision/styles/common-css/reset.css?ver=1.0 HTTP/1.1" 200 1004 "http://www.a-und-h.de/produkte/anlagenbau" "Mozilla/5.0 (X11; Linux x86_64) AppleWebKit/537.36 (KHTML, like Gecko; Google Page Speed Insights) Chrome/27.0.1453 Safari/537.36 GoogleBot/2.1"
66.249.78.79 - - [01/Jan/2015:12:54:53 +0100] "GET /wp-content/plugins/category-posts/cat-posts.css?ver=4.0.1 HTTP/1.1" 200 833 "http://www.a-und-h.de/produkte/anlagenbau" "Mozilla/5.0 (X11; Linux x86_64) AppleWebKit/537.36 (KHTML, like Gecko; Google Page Speed Insights) Chrome/27.0.1453 Safari/537.36 GoogleBot/2.1"
66.249.78.79 - - [01/Jan/2015:12:54:54 +0100] "GET /wp-content/plugins/wp-table-reloaded/css/plugin.css?ver=1.9.4 HTTP/1.1" 200 980 "http://www.a-und-h.de/produkte/anlagenbau" "Mozilla/5.0 (X11; Linux x86_64) AppleWebKit/537.36 (KHTML, like Gecko; Google Page Speed Insights) Chrome/27.0.1453 Safari/537.36 GoogleBot/2.1"
66.249.78.86 - - [01/Jan/2015:12:54:55 +0100] "GET /wp-content/plugins/wp-table-reloaded/css/datatables.css?ver=1.9.4 HTTP/1.1" 200 2329 "http://www.a-und-h.de/produkte/anlagenbau" "Mozilla/5.0 (X11; Linux x86_64) AppleWebKit/537.36 (KHTML, like Gecko; Google Page Speed Insights) Chrome/27.0.1453 Safari/537.36 GoogleBot/2.1"
66.249.64.24 - - [01/Jan/2015:12:54:56 +0100] "GET /wp-content/plugins/cookie-opt-in/js/cookie-opt-in-if.js?ver=1 HTTP/1.1" 200 1119 "http://www.a-und-h.de/produkte/anlagenbau" "Mozilla/5.0 (X11; Linux x86_64) AppleWebKit/537.36 (KHTML, like Gecko; Google Page Speed Insights) Chrome/27.0.1453 Safari/537.36 GoogleBot/2.1"
66.249.64.24 - - [01/Jan/2015:12:54:57 +0100] "GET /wp-includes/js/comment-reply.min.js?ver=4.0.1 HTTP/1.1" 200 757 "http://www.a-und-h.de/produkte/anlagenbau" "Mozilla/5.0 (X11; Linux x86_64) AppleWebKit/537.36 (KHTML, like Gecko; Google Page Speed Insights) Chrome/27.0.1453 Safari/537.36 GoogleBot/2.1"
66.249.78.86 - - [01/Jan/2015:12:54:57 +0100] "GET /wp-content/plugins/contact-form-7/includes/js/jquery.form.min.js?ver=3.51.0-2014.06.20 HTTP/1.1" 200 15248 "http://www.a-und-h.de/produkte/anlagenbau" "Mozilla/5.0 (X11; Linux x86_64) AppleWebKit/537.36 (KHTML, like Gecko; Google Page Speed Insights) Chrome/27.0.1453 Safari/537.36 GoogleBot/2.1"
66.249.78.86 - - [01/Jan/2015:12:54:58 +0100] "GET /wp-content/plugins/contact-form-7/includes/js/scripts.js?ver=4.0.1 HTTP/1.1" 200 9658 "http://www.a-und-h.de/produkte/anlagenbau" "Mozilla/5.0 (X11; Linux x86_64) AppleWebKit/537.36 (KHTML, like Gecko; Google Page Speed Insights) Chrome/27.0.1453 Safari/537.36 GoogleBot/2.1"
66.249.78.93 - - [01/Jan/2015:12:54:59 +0100] "GET /piwik/piwik.js HTTP/1.1" 200 18716 "http://www.a-und-h.de/produkte/anlagenbau" "Mozilla/5.0 (X11; Linux x86_64) AppleWebKit/537.36 (KHTML, like Gecko; Google Page Speed Insights) Chrome/27.0.1453 Safari/537.36 GoogleBot/2.1"
66.249.78.93 - - [01/Jan/2015:12:55:00 +0100] "GET /wp-content/themes/purevision/styles/style1/images/feedback-btn.png HTTP/1.1" 200 2384 "http://www.a-und-h.de/produkte/anlagenbau" "Mozilla/5.0 (X11; Linux x86_64) AppleWebKit/537.36 (KHTML, like Gecko; Google Page Speed Insights) Chrome/27.0.1453 Safari/537.36 GoogleBot/2.1"
66.249.78.86 - - [01/Jan/2015:12:55:00 +0100] "GET /wp-content/plugins/polylang/flags/en_US.png HTTP/1.1" 200 599 "http://www.a-und-h.de/produkte/anlagenbau" "Mozilla/5.0 (X11; Linux x86_64) AppleWebKit/537.36 (KHTML, like Gecko; Google Page Speed Insights) Chrome/27.0.1453 Safari/537.36 GoogleBot/2.1"
66.249.78.79 - - [01/Jan/2015:12:55:01 +0100] "GET /wp-content/themes/purevision/styles/style1/images/menu-btn_r.png HTTP/1.1" 200 670 "http://www.a-und-h.de/produkte/anlagenbau" "Mozilla/5.0 (X11; Linux x86_64) AppleWebKit/537.36 (KHTML, like Gecko; Google Page Speed Insights) Chrome/27.0.1453 Safari/537.36 GoogleBot/2.1"
66.249.78.93 - - [01/Jan/2015:12:55:02 +0100] "GET /wp-content/themes/purevision/styles/style1/images/menu-active-btn_l.png HTTP/1.1" 200 754 "http://www.a-und-h.de/produkte/anlagenbau" "Mozilla/5.0 (X11; Linux x86_64) AppleWebKit/537.36 (KHTML, like Gecko; Google Page Speed Insights) Chrome/27.0.1453 Safari/537.36 GoogleBot/2.1"
66.249.64.24 - - [01/Jan/2015:12:55:03 +0100] "GET /wp-content/uploads/2014/10/Luftentfeuchtungssystem-300x250.jpg HTTP/1.1" 200 15242 "http://www.a-und-h.de/produkte/anlagenbau" "Mozilla/5.0 (X11; Linux x86_64) AppleWebKit/537.36 (KHTML, like Gecko; Google Page Speed Insights) Chrome/27.0.1453 Safari/537.36 GoogleBot/2.1"
66.249.78.86 - - [01/Jan/2015:12:55:03 +0100] "GET /wp-content/themes/purevision/styles/style1/images/searchbox.png HTTP/1.1" 200 2646 "http://www.a-und-h.de/produkte/anlagenbau" "Mozilla/5.0 (X11; Linux x86_64) AppleWebKit/537.36 (KHTML, like Gecko; Google Page Speed Insights) Chrome/27.0.1453 Safari/537.36 GoogleBot/2.1"
66.249.78.79 - - [01/Jan/2015:12:55:04 +0100] "GET /wp-content/themes/purevision/styles/style1/images/menu-btn_l.png HTTP/1.1" 200 767 "http://www.a-und-h.de/produkte/anlagenbau" "Mozilla/5.0 (X11; Linux x86_64) AppleWebKit/537.36 (KHTML, like Gecko; Google Page Speed Insights) Chrome/27.0.1453 Safari/537.36 GoogleBot/2.1"
66.249.64.24 - - [01/Jan/2015:12:55:05 +0100] "GET /wp-content/themes/purevision/styles/style1/images/menu-active-with-arrow-btn_r.png HTTP/1.1" 200 318 "http://www.a-und-h.de/produkte/anlagenbau" "Mozilla/5.0 (X11; Linux x86_64) AppleWebKit/537.36 (KHTML, like Gecko; Google Page Speed Insights) Chrome/27.0.1453 Safari/537.36 GoogleBot/2.1"
66.249.78.86 - - [01/Jan/2015:12:55:05 +0100] "GET /wp-content/themes/purevision/styles/style1/images/menu-active-btn_r.png HTTP/1.1" 200 967 "http://www.a-und-h.de/produkte/anlagenbau" "Mozilla/5.0 (X11; Linux x86_64) AppleWebKit/537.36 (KHTML, like Gecko; Google Page Speed Insights) Chrome/27.0.1453 Safari/537.36 GoogleBot/2.1"
66.249.78.93 - - [01/Jan/2015:12:55:06 +0100] "GET /wp-content/themes/purevision/styles/style1/images/menu-with-arrow-btn_r.png HTTP/1.1" 200 322 "http://www.a-und-h.de/produkte/anlagenbau" "Mozilla/5.0 (X11; Linux x86_64) AppleWebKit/537.36 (KHTML, like Gecko; Google Page Speed Insights) Chrome/27.0.1453 Safari/537.36 GoogleBot/2.1"
66.249.78.86 - - [01/Jan/2015:12:55:07 +0100] "GET /wp-content/themes/purevision/scripts/superfish-1.4.8/images/sf-menu-bg.png HTTP/1.1" 200 1869 "http://www.a-und-h.de/produkte/anlagenbau" "Mozilla/5.0 (X11; Linux x86_64) AppleWebKit/537.36 (KHTML, like Gecko; Google Page Speed Insights) Chrome/27.0.1453 Safari/537.36 GoogleBot/2.1"
66.249.78.93 - - [01/Jan/2015:12:55:07 +0100] "GET /wp-content/themes/purevision/scripts/superfish-1.4.8/images/auto-arrows.png HTTP/1.1" 200 295 "http://www.a-und-h.de/produkte/anlagenbau" "Mozilla/5.0 (X11; Linux x86_64) AppleWebKit/537.36 (KHTML, like Gecko; Google Page Speed Insights) Chrome/27.0.1453 Safari/537.36 GoogleBot/2.1"
66.249.78.86 - - [01/Jan/2015:12:55:08 +0100] "GET /wp-content/uploads/2014/10/Luftentfeuchtungsanlage-Anlagenbau-300x267.jpg HTTP/1.1" 200 13934 "http://www.a-und-h.de/produkte/anlagenbau" "Mozilla/5.0 (X11; Linux x86_64) AppleWebKit/537.36 (KHTML, like Gecko; Google Page Speed Insights) Chrome/27.0.1453 Safari/537.36 GoogleBot/2.1"
66.249.78.93 - - [01/Jan/2015:12:55:09 +0100] "GET /wp-content/plugins/polylang/flags/de_DE.png HTTP/1.1" 200 545 "http://www.a-und-h.de/produkte/anlagenbau" "Mozilla/5.0 (X11; Linux x86_64) AppleWebKit/537.36 (KHTML, like Gecko; Google Page Speed Insights) Chrome/27.0.1453 Safari/537.36 GoogleBot/2.1"
66.249.78.93 - - [01/Jan/2015:12:55:09 +0100] "GET /wp-content/uploads/2014/10/Anlagenbau-Banner-1024x266.jpg HTTP/1.1" 200 26280 "http://www.a-und-h.de/produkte/anlagenbau" "Mozilla/5.0 (X11; Linux x86_64) AppleWebKit/537.36 (KHTML, like Gecko; Google Page Speed Insights) Chrome/27.0.1453 Safari/537.36 GoogleBot/2.1"
66.249.78.49 - - [01/Jan/2015:12:55:10 +0100] "GET /wp-content/uploads/2012/03/background3.png HTTP/1.1" 301 347 "http://www.a-und-h.de/produkte/anlagenbau" "Mozilla/5.0 (X11; Linux x86_64) AppleWebKit/537.36 (KHTML, like Gecko; Google Page Speed Insights) Chrome/27.0.1453 Safari/537.36 GoogleBot/2.1"
66.249.64.61 - - [01/Jan/2015:12:55:11 +0100] "GET /wp-content/uploads/2012/03/a_und_h_logo.jpg HTTP/1.1" 301 348 "http://www.a-und-h.de/produkte/anlagenbau" "Mozilla/5.0 (X11; Linux x86_64) AppleWebKit/537.36 (KHTML, like Gecko; Google Page Speed Insights) Chrome/27.0.1453 Safari/537.36 GoogleBot/2.1"
66.249.78.93 - - [01/Jan/2015:12:55:11 +0100] "GET /wp-content/uploads/2014/10/Luftentfeuchtungsanlage-300x178.jpg HTTP/1.1" 200 13777 "http://www.a-und-h.de/produkte/anlagenbau" "Mozilla/5.0 (X11; Linux x86_64) AppleWebKit/537.36 (KHTML, like Gecko; Google Page Speed Insights) Chrome/27.0.1453 Safari/537.36 GoogleBot/2.1"
66.249.78.86 - - [01/Jan/2015:12:55:12 +0100] "GET /wp-content/themes/purevision/styles/style1/images/double-arrow.png HTTP/1.1" 200 197 "http://www.a-und-h.de/produkte/anlagenbau" "Mozilla/5.0 (X11; Linux x86_64) AppleWebKit/537.36 (KHTML, like Gecko; Google Page Speed Insights) Chrome/27.0.1453 Safari/537.36 GoogleBot/2.1"
66.249.78.86 - - [01/Jan/2015:12:55:12 +0100] "GET /wp-content/uploads/facebook.png HTTP/1.1" 200 807 "http://www.a-und-h.de/produkte/anlagenbau" "Mozilla/5.0 (X11; Linux x86_64) AppleWebKit/537.36 (KHTML, like Gecko; Google Page Speed Insights) Chrome/27.0.1453 Safari/537.36 GoogleBot/2.1"
66.249.78.86 - - [01/Jan/2015:12:55:13 +0100] "GET /wp-content/uploads/twitter.png HTTP/1.1" 200 1258 "http://www.a-und-h.de/produkte/anlagenbau" "Mozilla/5.0 (X11; Linux x86_64) AppleWebKit/537.36 (KHTML, like Gecko; Google Page Speed Insights) Chrome/27.0.1453 Safari/537.36 GoogleBot/2.1"
66.249.78.79 - - [01/Jan/2015:12:55:13 +0100] "GET /wp-content/uploads/xing.png HTTP/1.1" 200 1343 "http://www.a-und-h.de/produkte/anlagenbau" "Mozilla/5.0 (X11; Linux x86_64) AppleWebKit/537.36 (KHTML, like Gecko; Google Page Speed Insights) Chrome/27.0.1453 Safari/537.36 GoogleBot/2.1"
66.249.78.86 - - [01/Jan/2015:12:55:14 +0100] "GET /wp-content/uploads/google.png HTTP/1.1" 200 1718 "http://www.a-und-h.de/produkte/anlagenbau" "Mozilla/5.0 (X11; Linux x86_64) AppleWebKit/537.36 (KHTML, like Gecko; Google Page Speed Insights) Chrome/27.0.1453 Safari/537.36 GoogleBot/2.1"
66.249.78.93 - - [01/Jan/2015:12:55:15 +0100] "GET /piwik/piwik.php?action_name=Anlagenbau%20%7C%20A%2BH%20Adsorp&idsite=1&rec=1&r=278067&h=3&m=54&s=38&url=http%3A%2F%2Fwww.a-und-h.de%2Fprodukte%2Fanlagenbau&_id=9888c2d63be1f3be&_idts=1420113279&_idvc=1&_idn=1&_refts=0&_viewts=1420113279&res=1024x768&cookie=1 HTTP/1.1" 200 43 "http://www.a-und-h.de/produkte/anlagenbau" "Mozilla/5.0 (X11; Linux x86_64) AppleWebKit/537.36 (KHTML, like Gecko; Google Page Speed Insights) Chrome/27.0.1453 Safari/537.36 GoogleBot/2.1"
66.249.78.93 - - [01/Jan/2015:12:55:15 +0100] "GET /wp-content/uploads/2012/03/background3.png HTTP/1.1" 200 6997 "http://www.a-und-h.de/produkte/anlagenbau" "Mozilla/5.0 (X11; Linux x86_64) AppleWebKit/537.36 (KHTML, like Gecko; Google Page Speed Insights) Chrome/27.0.1453 Safari/537.36 GoogleBot/2.1"
66.249.64.24 - - [01/Jan/2015:12:55:16 +0100] "GET /wp-content/uploads/2012/03/a_und_h_logo.jpg HTTP/1.1" 200 5378 "http://www.a-und-h.de/produkte/anlagenbau" "Mozilla/5.0 (X11; Linux x86_64) AppleWebKit/537.36 (KHTML, like Gecko; Google Page Speed Insights) Chrome/27.0.1453 Safari/537.36 GoogleBot/2.1"
91.121.179.219 - - [01/Jan/2015:13:02:31 +0100] "GET /wp-admin/admin-ajax.php?action=revslider_show_image&img=../wp-config.php HTTP/1.1" 401 475 "http://google.com/" "Mozilla/5.0 (Windows NT 6.1; WOW64; rv:24.0) Gecko/20100101 Firefox/24.0"
188.40.35.97 - - [01/Jan/2015:13:04:20 +0100] "POST /wp-cron.php?doing_wp_cron=1420113860.9170560836791992187500 HTTP/1.0" 200 - "-" "WordPress/4.0.1; http://www.a-und-h.de"
78.7.51.182 - - [01/Jan/2015:13:04:20 +0100] "POST /wp-login.php HTTP/1.1" 200 3898 "http://www.a-und-h.de/wp-login.php" "Mozilla/5.0 (compatible; MSIE 10.0; Windows NT 6.2; WOW64; Trident/6.0; MASMJS)"
93.61.76.157 - - [01/Jan/2015:13:04:21 +0100] "POST /wp-login.php HTTP/1.1" 200 3898 "http://www.a-und-h.de/wp-login.php" "Mozilla/5.0 (Windows NT 6.3; WOW64) AppleWebKit/537.36 (KHTML like Gecko) Chrome/35.0.1916.153 Safari/537.36"
93.61.97.13 - - [01/Jan/2015:13:04:21 +0100] "POST /wp-login.php HTTP/1.1" 200 3898 "http://www.a-und-h.de/wp-login.php" "Mozilla/5.0 (compatible; MSIE 9.0; Windows NT 6.1; WOW64; Trident/5.0)"
78.7.117.26 - - [01/Jan/2015:13:04:22 +0100] "POST /wp-login.php HTTP/1.1" 200 3898 "http://www.a-und-h.de/wp-login.php" "Mozilla/5.0 (Windows NT 6.1; WOW64) AppleWebKit/537.36 (KHTML like Gecko) Chrome/28.0.1500.52 Safari/537.36"
78.6.56.154 - - [01/Jan/2015:13:04:25 +0100] "POST /wp-login.php HTTP/1.1" 200 3898 "http://www.a-und-h.de/wp-login.php" "Mozilla/5.0 (Windows NT 6.1; WOW64; Trident/7.0; rv:11.0) like Gecko"
80.128.117.162 - - [01/Jan/2015:13:09:09 +0100] "GET /wp-content/uploads/2012/03/MSR-Symbole+Kennbuchstaben.pdf HTTP/1.1" 200 511716 "http://www.google.de/url?sa=t&rct=j&q=&esrc=s&source=web&cd=12&ved=0CGgQFjAL&url=http%3A%2F%2Fwww.a-und-h.de%2Fwp-content%2Fuploads%2F2012%2F03%2FMSR-Symbole%2BKennbuchstaben.pdf&ei=jDSlVPiqMcK8Pd7AgLgE&usg=AFQjCNH7QqWx-Vo33Ud7shqvy2hMX1jkSw&bvm=bv.82001339,d.ZWU&cad=rja" "Mozilla/5.0 (Windows NT 6.1; WOW64; Trident/7.0; rv:11.0) like Gecko"
188.40.35.97 - - [01/Jan/2015:13:26:41 +0100] "POST /wp-cron.php?doing_wp_cron=1420115201.8589739799499511718750 HTTP/1.0" 200 - "-" "WordPress/4.0.1; http://www.a-und-h.de"
94.153.11.109 - - [01/Jan/2015:13:26:41 +0100] "GET / HTTP/1.1" 302 - "http://vse-v-internet.net/" "Mozilla/4.0 (compatible; MSIE 6.0; Windows NT 5.1; FREE; .NET CLR 1.1.4322)"
94.153.11.109 - - [01/Jan/2015:13:26:42 +0100] "GET / HTTP/1.1" 302 - "http://vse-v-internet.net/" "Mozilla/4.0 (compatible; MSIE 6.0; Windows NT 5.1; FREE; .NET CLR 1.1.4322)"
188.40.35.97 - - [01/Jan/2015:13:26:43 +0100] "POST /wp-cron.php?doing_wp_cron=1420115203.5022809505462646484375 HTTP/1.0" 200 - "-" "WordPress/4.0.1; http://www.a-und-h.de"
94.153.11.109 - - [01/Jan/2015:13:26:43 +0100] "GET / HTTP/1.1" 302 - "http://vse-v-internet.net/" "Mozilla/4.0 (compatible; MSIE 6.0; Windows NT 5.1; FREE; .NET CLR 1.1.4322)"
183.220.247.151 - - [01/Jan/2015:13:43:22 +0100] "GET /wp-content/uploads/2014/10/Installation-Adsorption-Dryer-141015.pdf HTTP/1.1" 200 114463 "http://www.a-und-h.de/wp-content/uploads/2014/10/Installation-Adsorption-Dryer-141015.pdf" "Opera/9.80 (Windows NT 6.1) Presto/2.12 Version/12.16"
117.169.1.66 - - [01/Jan/2015:13:44:26 +0100] "GET /wp-content/uploads/2014/10/A-H-160-250-140718.pdf HTTP/1.1" 200 237922 "http://www.a-und-h.de/wp-content/uploads/2014/10/A-H-160-250-140718.pdf" "Mozilla/5.0 (Windows NT 6.3; WOW64) AppleWebKit/537.36 (KHTML like Gecko) Chrome/36.0.1985.125 Safari/537.36"
188.40.35.97 - - [01/Jan/2015:13:46:20 +0100] "POST /wp-cron.php?doing_wp_cron=1420116380.7382760047912597656250 HTTP/1.0" 200 - "-" "WordPress/4.0.1; http://www.a-und-h.de"
66.249.78.86 - - [01/Jan/2015:13:46:20 +0100] "GET /de/ HTTP/1.1" 200 26581 "-" "Mozilla/5.0 (compatible; Googlebot/2.1; +http://www.google.com/bot.html)"
66.249.78.86 - - [01/Jan/2015:13:49:53 +0100] "GET /wp-content/themes/purevision/sliders/slider_de/piecemaker.swf?random_number=9302 HTTP/1.1" 200 208139 "-" "Mozilla/5.0 (compatible; Googlebot/2.1; +http://www.google.com/bot.html)"
217.69.133.235 - - [01/Jan/2015:14:07:54 +0100] "GET /robots.txt HTTP/1.1" 200 35 "-" "Mozilla/5.0 (compatible; Linux x86_64; Mail.RU_Bot/2.0; +http://go.mail.ru/help/robots)"
188.40.35.97 - - [01/Jan/2015:14:07:55 +0100] "POST /wp-cron.php?doing_wp_cron=1420117675.1588139533996582031250 HTTP/1.0" 200 - "-" "WordPress/4.0.1; http://www.a-und-h.de"
217.69.133.238 - - [01/Jan/2015:14:07:57 +0100] "GET /produkte/standardgerate HTTP/1.1" 200 45096 "-" "Mozilla/5.0 (compatible; Linux x86_64; Mail.RU_Bot/2.0; +http://go.mail.ru/help/robots)"
136.243.16.7 - - [01/Jan/2015:14:11:22 +0100] "GET /robots.txt HTTP/1.0" 200 35 "-" "Mozilla/5.0 (compatible; MJ12bot/v1.4.5; http://www.majestic12.co.uk/bot.php?+)"
136.243.16.7 - - [01/Jan/2015:14:11:41 +0100] "GET /%D0%B8%D0%BC%D0%BF%D1%80%D0%B5%D1%81%D1%81%D1%83%D0%BC HTTP/1.0" 200 22821 "-" "Mozilla/5.0 (compatible; MJ12bot/v1.4.5; http://www.majestic12.co.uk/bot.php?+)"
188.40.35.97 - - [01/Jan/2015:14:12:27 +0100] "POST /wp-cron.php?doing_wp_cron=1420117947.8316988945007324218750 HTTP/1.0" 200 - "-" "WordPress/4.0.1; http://www.a-und-h.de"
136.243.16.7 - - [01/Jan/2015:14:12:27 +0100] "GET /robots.txt HTTP/1.0" 200 35 "-" "Mozilla/5.0 (compatible; MJ12bot/v1.4.5; http://www.majestic12.co.uk/bot.php?+)"
136.243.16.7 - - [01/Jan/2015:14:12:45 +0100] "GET /%D0%BA%D0%BE%D0%BC%D0%BF%D0%B0%D0%BD%D0%B8%D0%B8 HTTP/1.0" 200 25380 "-" "Mozilla/5.0 (compatible; MJ12bot/v1.4.5; http://www.majestic12.co.uk/bot.php?+)"
136.243.16.7 - - [01/Jan/2015:14:13:00 +0100] "GET /%D0%BA%D0%BE%D0%BC%D0%BF%D0%B0%D0%BD%D0%B8%D0%B8/%D0%BA%D0%B0%D1%80%D1%8C%D0%B5%D1%80%D0%B0 HTTP/1.0" 500 256 "-" "Mozilla/5.0 (compatible; MJ12bot/v1.4.5; http://www.majestic12.co.uk/bot.php?+)"
136.243.16.7 - - [01/Jan/2015:14:13:06 +0100] "GET /%D0%BA%D0%BE%D0%BC%D0%BF%D0%B0%D0%BD%D0%B8%D0%B8/%D0%BD%D0%B0%D1%88%D0%B8-%D0%BA%D0%BB%D0%B8%D0%B5%D0%BD%D1%82%D1%8B HTTP/1.0" 200 22419 "-" "Mozilla/5.0 (compatible; MJ12bot/v1.4.5; http://www.majestic12.co.uk/bot.php?+)"
136.243.16.7 - - [01/Jan/2015:14:13:18 +0100] "GET /%D0%BA%D0%BE%D0%BC%D0%BF%D0%B5%D1%82%D0%B5%D0%BD%D1%86%D0%B8%D0%B8 HTTP/1.0" 200 25813 "-" "Mozilla/5.0 (compatible; MJ12bot/v1.4.5; http://www.majestic12.co.uk/bot.php?+)"
136.243.16.7 - - [01/Jan/2015:14:13:32 +0100] "GET /%D0%BE%D1%81%D1%83%D1%88%D0%B5%D0%BD%D0%B8%D0%B5-%D0%B2%D0%BE%D0%B7%D0%B4%D1%83%D1%85%D0%B0 HTTP/1.0" 200 24007 "-" "Mozilla/5.0 (compatible; MJ12bot/v1.4.5; http://www.majestic12.co.uk/bot.php?+)"
136.243.16.7 - - [01/Jan/2015:14:13:46 +0100] "GET /%D0%BE%D1%81%D1%83%D1%88%D0%B5%D0%BD%D0%B8%D0%B5-%D0%B2%D0%BE%D0%B7%D0%B4%D1%83%D1%85%D0%B0/%D0%BE%D0%B1%D0%BB%D0%B0%D1%81%D1%82%D1%8C-%D0%BF%D1%80%D0%B8%D0%BC%D0%B5%D0%BD%D0%B5%D0%BD%D0%B8%D1%8F HTTP/1.0" 200 23133 "-" "Mozilla/5.0 (compatible; MJ12bot/v1.4.5; http://www.majestic12.co.uk/bot.php?+)"
136.243.16.7 - - [01/Jan/2015:14:13:59 +0100] "GET /%D0%BF%D1%80%D0%BE%D0%B4%D1%83%D0%BA%D1%82%D1%8B HTTP/1.0" 200 25352 "-" "Mozilla/5.0 (compatible; MJ12bot/v1.4.5; http://www.majestic12.co.uk/bot.php?+)"
188.40.35.97 - - [01/Jan/2015:14:23:07 +0100] "POST /wp-cron.php?doing_wp_cron=1420118587.2377328872680664062500 HTTP/1.0" 200 - "-" "WordPress/4.0.1; http://www.a-und-h.de"
68.180.228.219 - - [01/Jan/2015:14:23:07 +0100] "GET /robots.txt HTTP/1.1" 200 35 "-" "Mozilla/5.0 (compatible; Yahoo! Slurp; http://help.yahoo.com/help/us/ysearch/slurp)"
68.180.228.219 - - [01/Jan/2015:14:23:08 +0100] "GET /produkte HTTP/1.1" 200 26150 "-" "Mozilla/5.0 (compatible; Yahoo! Slurp; http://help.yahoo.com/help/us/ysearch/slurp)"
68.180.228.219 - - [01/Jan/2015:14:24:25 +0100] "GET /produkte/anlagenbau-2 HTTP/1.1" 404 22059 "-" "Mozilla/5.0 (compatible; Yahoo! Slurp; http://help.yahoo.com/help/us/ysearch/slurp)"
68.180.228.219 - - [01/Jan/2015:14:24:37 +0100] "GET /xmlrpc.php HTTP/1.1" 200 42 "-" "Mozilla/5.0 (compatible; Yahoo! Slurp; http://help.yahoo.com/help/us/ysearch/slurp)"
68.180.228.219 - - [01/Jan/2015:14:24:49 +0100] "GET /?p=8 HTTP/1.1" 301 - "-" "Mozilla/5.0 (compatible; Yahoo! Slurp; http://help.yahoo.com/help/us/ysearch/slurp)"
198.36.86.81 - - [01/Jan/2015:14:29:45 +0100] "GET /wp-includes/images/partner-logos.png HTTP/1.1" 304 - "-" "Mozilla/4.0 (compatible;)"
188.40.35.97 - - [01/Jan/2015:14:34:40 +0100] "POST /wp-cron.php?doing_wp_cron=1420119280.7787210941314697265625 HTTP/1.0" 200 - "-" "WordPress/4.0.1; http://www.a-und-h.de"
93.219.168.212 - - [01/Jan/2015:14:34:40 +0100] "GET / HTTP/1.1" 302 - "-" "Mozilla/5.0 (Windows; U; Windows NT 6.0; de; rv:1.9.2.3) Gecko/20100401 Firefox/3.6.3 ( .NET CLR 3.5.30729)"
74.52.245.146 - - [01/Jan/2015:14:39:16 +0100] "GET / HTTP/1.0" 302 - "-" "Mozilla/5.0 (X11; U; Linux i686; en-US; rv:1.7.5) Gecko/20041107 Firefox/1.0"
188.40.35.97 - - [01/Jan/2015:14:39:16 +0100] "POST /wp-cron.php?doing_wp_cron=1420119556.7337820529937744140625 HTTP/1.0" 200 - "-" "WordPress/4.0.1; http://www.a-und-h.de"
74.52.245.146 - - [01/Jan/2015:14:39:18 +0100] "GET /de/ HTTP/1.0" 200 26581 "-" "Mozilla/5.0 (X11; U; Linux i686; en-US; rv:1.7.5) Gecko/20041107 Firefox/1.0"
141.8.147.20 - - [01/Jan/2015:14:42:41 +0100] "GET /favicon.ico HTTP/1.1" 200 1406 "-" "Mozilla/5.0 (compatible; YandexBot/3.0; +http://yandex.com/bots)"
188.40.35.97 - - [01/Jan/2015:14:45:40 +0100] "POST /wp-cron.php?doing_wp_cron=1420119940.8900530338287353515625 HTTP/1.0" 200 - "-" "WordPress/4.0.1; http://www.a-und-h.de"
180.76.5.190 - - [01/Jan/2015:14:45:40 +0100] "GET /?p=507 HTTP/1.1" 301 - "-" "Mozilla/5.0 (compatible; Baiduspider/2.0; +http://www.baidu.com/search/spider.html)"
188.116.54.12 - - [01/Jan/2015:14:45:50 +0100] "HEAD / HTTP/1.1" 301 - "-" "Mozilla/5.0 (X11; Linux x86_64) AppleWebKit/537.11 (KHTML, like Gecko) Chrome/23.0.1271.97 Safari/537.11"
188.116.54.12 - - [01/Jan/2015:14:45:51 +0100] "HEAD / HTTP/1.1" 302 - "-" "Mozilla/5.0 (X11; Linux x86_64) AppleWebKit/537.11 (KHTML, like Gecko) Chrome/23.0.1271.97 Safari/537.11"
188.116.54.12 - - [01/Jan/2015:14:45:51 +0100] "HEAD /de/ HTTP/1.1" 200 - "-" "Mozilla/5.0 (X11; Linux x86_64) AppleWebKit/537.11 (KHTML, like Gecko) Chrome/23.0.1271.97 Safari/537.11"
188.116.54.12 - - [01/Jan/2015:14:45:52 +0100] "GET /de/ HTTP/1.1" 200 26581 "-" "Mozilla/5.0 (X11; Linux x86_64) AppleWebKit/537.11 (KHTML, like Gecko) Chrome/23.0.1271.97 Safari/537.11"
188.40.35.97 - - [01/Jan/2015:14:57:50 +0100] "POST /wp-cron.php?doing_wp_cron=1420120670.2580800056457519531250 HTTP/1.0" 200 - "-" "WordPress/4.0.1; http://www.a-und-h.de"
66.249.64.24 - - [01/Jan/2015:14:57:50 +0100] "GET /de/ HTTP/1.1" 200 26580 "-" "DoCoMo/2.0 N905i(c100;TB;W24H16) (compatible; Googlebot-Mobile/2.1; +http://www.google.com/bot.html)"
188.40.35.97 - - [01/Jan/2015:15:41:18 +0100] "POST /wp-cron.php?doing_wp_cron=1420123278.3719120025634765625000 HTTP/1.0" 200 - "-" "WordPress/4.0.1; http://www.a-und-h.de"
217.69.133.240 - - [01/Jan/2015:15:41:18 +0100] "GET /robots.txt HTTP/1.1" 200 35 "-" "Mozilla/5.0 (compatible; Linux x86_64; Mail.RU_Bot/2.0; +http://go.mail.ru/help/robots)"
217.69.133.239 - - [01/Jan/2015:15:41:20 +0100] "GET /luftentfeuchtung/anwendungsbereiche HTTP/1.1" 200 36781 "-" "Mozilla/5.0 (compatible; Linux x86_64; Mail.RU_Bot/2.0; +http://go.mail.ru/help/robots)"
178.194.176.206 - - [01/Jan/2015:15:41:37 +0100] "GET /wp-content/plugins/cookie-opt-in/css/style.css?ver=4.0.1 HTTP/1.1" 200 2316 "http://www.a-und-h.de/de/" "Mozilla/5.0 (compatible; MSIE 9.0; Windows NT 6.0; Trident/5.0)"
178.194.176.206 - - [01/Jan/2015:15:41:37 +0100] "GET /wp-content/plugins/contact-form-7/includes/css/styles.css?ver=4.0.1 HTTP/1.1" 200 1103 "http://www.a-und-h.de/de/" "Mozilla/5.0 (compatible; MSIE 9.0; Windows NT 6.0; Trident/5.0)"
178.194.176.206 - - [01/Jan/2015:15:41:37 +0100] "GET /wp-content/themes/purevision/styles/common-css/reset.css?ver=1.0 HTTP/1.1" 200 1004 "http://www.a-und-h.de/de/" "Mozilla/5.0 (compatible; MSIE 9.0; Windows NT 6.0; Trident/5.0)"
178.194.176.206 - - [01/Jan/2015:15:41:37 +0100] "GET /wp-content/themes/purevision/styles/common-css/960.css?ver=1.0 HTTP/1.1" 200 7707 "http://www.a-und-h.de/de/" "Mozilla/5.0 (compatible; MSIE 9.0; Windows NT 6.0; Trident/5.0)"
178.194.176.206 - - [01/Jan/2015:15:41:37 +0100] "GET /wp-content/plugins/wp-slimbox2/css/slimbox2.css?ver=1.1 HTTP/1.1" 200 917 "http://www.a-und-h.de/de/" "Mozilla/5.0 (compatible; MSIE 9.0; Windows NT 6.0; Trident/5.0)"
178.194.176.206 - - [01/Jan/2015:15:41:36 +0100] "GET /de/ HTTP/1.1" 200 26581 "http://www.google.ch/url?sa=t&rct=j&q=&esrc=s&frm=1&source=web&cd=1&ved=0CB0QFjAA&url=http%3A%2F%2Fwww.a-und-h.de%2Fde%2F&ei=nFylVMazKsS8Ud-Kg4gN&usg=AFQjCNEKAgG5q_PP8DFyT5PlTEBe70dkhA&bvm=bv.82001339,d.d24" "Mozilla/5.0 (compatible; MSIE 9.0; Windows NT 6.0; Trident/5.0)"
178.194.176.206 - - [01/Jan/2015:15:41:37 +0100] "GET /wp-content/themes/purevision/styles/style1/css/text.css?ver=1.0 HTTP/1.1" 200 1819 "http://www.a-und-h.de/de/" "Mozilla/5.0 (compatible; MSIE 9.0; Windows NT 6.0; Trident/5.0)"
178.194.176.206 - - [01/Jan/2015:15:41:37 +0100] "GET /wp-content/plugins/category-posts/cat-posts.css?ver=4.0.1 HTTP/1.1" 200 833 "http://www.a-und-h.de/de/" "Mozilla/5.0 (compatible; MSIE 9.0; Windows NT 6.0; Trident/5.0)"
178.194.176.206 - - [01/Jan/2015:15:41:37 +0100] "GET /wp-content/themes/purevision/scripts/superfish-1.4.8/css/superfish.css?ver=1.0 HTTP/1.1" 200 3275 "http://www.a-und-h.de/de/" "Mozilla/5.0 (compatible; MSIE 9.0; Windows NT 6.0; Trident/5.0)"
178.194.176.206 - - [01/Jan/2015:15:41:37 +0100] "GET /wp-content/themes/purevision/style.css?ver=1.0 HTTP/1.1" 200 885 "http://www.a-und-h.de/de/" "Mozilla/5.0 (compatible; MSIE 9.0; Windows NT 6.0; Trident/5.0)"
178.194.176.206 - - [01/Jan/2015:15:41:37 +0100] "GET /wp-includes/js/jquery/jquery-migrate.min.js?ver=1.2.1 HTTP/1.1" 200 7200 "http://www.a-und-h.de/de/" "Mozilla/5.0 (compatible; MSIE 9.0; Windows NT 6.0; Trident/5.0)"
178.194.176.206 - - [01/Jan/2015:15:41:37 +0100] "GET /wp-content/plugins/cookie-opt-in/js/cookie-opt-in.js?ver=1 HTTP/1.1" 200 9405 "http://www.a-und-h.de/de/" "Mozilla/5.0 (compatible; MSIE 9.0; Windows NT 6.0; Trident/5.0)"
178.194.176.206 - - [01/Jan/2015:15:41:37 +0100] "GET /wp-content/plugins/snow-storm/snow-storm.js?ver=1.41 HTTP/1.1" 200 9852 "http://www.a-und-h.de/de/" "Mozilla/5.0 (compatible; MSIE 9.0; Windows NT 6.0; Trident/5.0)"
178.194.176.206 - - [01/Jan/2015:15:41:37 +0100] "GET /wp-content/plugins/wp-slimbox2/javascript/slimbox2.js?ver=2.04 HTTP/1.1" 200 3777 "http://www.a-und-h.de/de/" "Mozilla/5.0 (compatible; MSIE 9.0; Windows NT 6.0; Trident/5.0)"
178.194.176.206 - - [01/Jan/2015:15:41:37 +0100] "GET /wp-content/themes/purevision/styles/style1/css/style.css?ver=1.0 HTTP/1.1" 200 72108 "http://www.a-und-h.de/de/" "Mozilla/5.0 (compatible; MSIE 9.0; Windows NT 6.0; Trident/5.0)"
178.194.176.206 - - [01/Jan/2015:15:41:37 +0100] "GET /wp-includes/js/jquery/jquery.js?ver=1.11.1 HTTP/1.1" 200 95807 "http://www.a-und-h.de/de/" "Mozilla/5.0 (compatible; MSIE 9.0; Windows NT 6.0; Trident/5.0)"
178.194.176.206 - - [01/Jan/2015:15:41:37 +0100] "GET /wp-content/themes/purevision/styles/custom/custom_style.php?ver=4.0.1 HTTP/1.1" 200 4550 "http://www.a-und-h.de/de/" "Mozilla/5.0 (compatible; MSIE 9.0; Windows NT 6.0; Trident/5.0)"
178.194.176.206 - - [01/Jan/2015:15:41:37 +0100] "GET /wp-content/themes/purevision/sliders/piecemaker/js/swfobject.js?ver=1.5 HTTP/1.1" 200 6880 "http://www.a-und-h.de/de/" "Mozilla/5.0 (compatible; MSIE 9.0; Windows NT 6.0; Trident/5.0)"
178.194.176.206 - - [01/Jan/2015:15:41:37 +0100] "GET /wp-content/plugins/wp-slimbox2/javascript/slimbox2_autoload.js?ver=1.0.4b HTTP/1.1" 200 3027 "http://www.a-und-h.de/de/" "Mozilla/5.0 (compatible; MSIE 9.0; Windows NT 6.0; Trident/5.0)"
178.194.176.206 - - [01/Jan/2015:15:41:37 +0100] "GET /wp-content/themes/purevision/scripts/script.js?ver=1.0 HTTP/1.1" 200 7495 "http://www.a-und-h.de/de/" "Mozilla/5.0 (compatible; MSIE 9.0; Windows NT 6.0; Trident/5.0)"
178.194.176.206 - - [01/Jan/2015:15:41:37 +0100] "GET /wp-content/plugins/newsletter/subscription/styles/widget-neutral.css HTTP/1.1" 200 1018 "http://www.a-und-h.de/de/" "Mozilla/5.0 (compatible; MSIE 9.0; Windows NT 6.0; Trident/5.0)"
178.194.176.206 - - [01/Jan/2015:15:41:37 +0100] "GET /wp-content/plugins/polylang/flags/en_US.png HTTP/1.1" 200 599 "http://www.a-und-h.de/de/" "Mozilla/5.0 (compatible; MSIE 9.0; Windows NT 6.0; Trident/5.0)"
178.194.176.206 - - [01/Jan/2015:15:41:37 +0100] "GET /wp-content/themes/purevision/scripts/superfish-1.4.8/js/superfish.combined.js?ver=1.0.0 HTTP/1.1" 200 5387 "http://www.a-und-h.de/de/" "Mozilla/5.0 (compatible; MSIE 9.0; Windows NT 6.0; Trident/5.0)"
178.194.176.206 - - [01/Jan/2015:15:41:38 +0100] "GET /wp-content/themes/purevision/sliders/piecemaker_2/contents/javascript.jpg HTTP/1.1" 301 378 "http://www.a-und-h.de/de/" "Mozilla/5.0 (compatible; MSIE 9.0; Windows NT 6.0; Trident/5.0)"
178.194.176.206 - - [01/Jan/2015:15:41:38 +0100] "GET /wp-content/plugins/polylang/flags/de_DE.png HTTP/1.1" 200 545 "http://www.a-und-h.de/de/" "Mozilla/5.0 (compatible; MSIE 9.0; Windows NT 6.0; Trident/5.0)"
178.194.176.206 - - [01/Jan/2015:15:41:38 +0100] "GET /wp-content/themes/purevision/styles/style1/images/menu-active-btn_l.png HTTP/1.1" 200 754 "http://www.a-und-h.de/de/" "Mozilla/5.0 (compatible; MSIE 9.0; Windows NT 6.0; Trident/5.0)"
178.194.176.206 - - [01/Jan/2015:15:41:38 +0100] "GET /wp-content/themes/purevision/styles/style1/images/menu-active-btn_r.png HTTP/1.1" 200 967 "http://www.a-und-h.de/de/" "Mozilla/5.0 (compatible; MSIE 9.0; Windows NT 6.0; Trident/5.0)"
178.194.176.206 - - [01/Jan/2015:15:41:38 +0100] "GET /wp-content/themes/purevision/styles/style1/images/menu-btn_l.png HTTP/1.1" 200 767 "http://www.a-und-h.de/de/" "Mozilla/5.0 (compatible; MSIE 9.0; Windows NT 6.0; Trident/5.0)"
178.194.176.206 - - [01/Jan/2015:15:41:38 +0100] "GET /wp-content/themes/purevision/styles/style1/images/menu-btn_r.png HTTP/1.1" 200 670 "http://www.a-und-h.de/de/" "Mozilla/5.0 (compatible; MSIE 9.0; Windows NT 6.0; Trident/5.0)"
178.194.176.206 - - [01/Jan/2015:15:41:38 +0100] "GET /wp-content/themes/purevision/styles/style1/images/menu-with-arrow-btn_r.png HTTP/1.1" 200 322 "http://www.a-und-h.de/de/" "Mozilla/5.0 (compatible; MSIE 9.0; Windows NT 6.0; Trident/5.0)"
178.194.176.206 - - [01/Jan/2015:15:41:38 +0100] "GET /wp-content/themes/purevision/scripts/superfish-1.4.8/images/auto-arrows.png HTTP/1.1" 200 295 "http://www.a-und-h.de/de/" "Mozilla/5.0 (compatible; MSIE 9.0; Windows NT 6.0; Trident/5.0)"
178.194.176.206 - - [01/Jan/2015:15:41:38 +0100] "GET /wp-content/themes/purevision/styles/style1/images/menu-active-with-arrow-btn_r.png HTTP/1.1" 200 318 "http://www.a-und-h.de/de/" "Mozilla/5.0 (compatible; MSIE 9.0; Windows NT 6.0; Trident/5.0)"
178.194.176.206 - - [01/Jan/2015:15:41:38 +0100] "GET /wp-content/plugins/wp-table-reloaded/css/plugin.css?ver=1.9.4 HTTP/1.1" 200 980 "http://www.a-und-h.de/de/" "Mozilla/5.0 (compatible; MSIE 9.0; Windows NT 6.0; Trident/5.0)"
178.194.176.206 - - [01/Jan/2015:15:41:38 +0100] "GET /wp-content/plugins/wp-table-reloaded/css/datatables.css?ver=1.9.4 HTTP/1.1" 200 2329 "http://www.a-und-h.de/de/" "Mozilla/5.0 (compatible; MSIE 9.0; Windows NT 6.0; Trident/5.0)"
178.194.176.206 - - [01/Jan/2015:15:41:38 +0100] "GET /wp-content/uploads/Teaser-Produkte.jpg HTTP/1.1" 200 9420 "http://www.a-und-h.de/de/" "Mozilla/5.0 (compatible; MSIE 9.0; Windows NT 6.0; Trident/5.0)"
178.194.176.206 - - [01/Jan/2015:15:41:38 +0100] "GET /wp-content/uploads/facebook.png HTTP/1.1" 200 807 "http://www.a-und-h.de/de/" "Mozilla/5.0 (compatible; MSIE 9.0; Windows NT 6.0; Trident/5.0)"
178.194.176.206 - - [01/Jan/2015:15:41:38 +0100] "GET /wp-content/themes/purevision/sliders/piecemaker_2/contents/javascript.jpg HTTP/1.1" 200 102007 "http://www.a-und-h.de/de/" "Mozilla/5.0 (compatible; MSIE 9.0; Windows NT 6.0; Trident/5.0)"
178.194.176.206 - - [01/Jan/2015:15:41:38 +0100] "GET /wp-content/uploads/2012/03/a_und_h_logo.jpg HTTP/1.1" 301 348 "http://www.a-und-h.de/de/" "Mozilla/5.0 (compatible; MSIE 9.0; Windows NT 6.0; Trident/5.0)"
178.194.176.206 - - [01/Jan/2015:15:41:38 +0100] "GET /wp-content/uploads/Teaser-kompetenzen.jpg HTTP/1.1" 200 13434 "http://www.a-und-h.de/de/" "Mozilla/5.0 (compatible; MSIE 9.0; Windows NT 6.0; Trident/5.0)"
178.194.176.206 - - [01/Jan/2015:15:41:38 +0100] "GET /wp-content/uploads/2012/03/background3.png HTTP/1.1" 301 347 "http://www.a-und-h.de/de/" "Mozilla/5.0 (compatible; MSIE 9.0; Windows NT 6.0; Trident/5.0)"
178.194.176.206 - - [01/Jan/2015:15:41:38 +0100] "GET /wp-content/uploads/twitter.png HTTP/1.1" 200 1258 "http://www.a-und-h.de/de/" "Mozilla/5.0 (compatible; MSIE 9.0; Windows NT 6.0; Trident/5.0)"
178.194.176.206 - - [01/Jan/2015:15:41:38 +0100] "GET /wp-content/uploads/Teaser-Luftentfeuchtung.jpg HTTP/1.1" 200 18918 "http://www.a-und-h.de/de/" "Mozilla/5.0 (compatible; MSIE 9.0; Windows NT 6.0; Trident/5.0)"
178.194.176.206 - - [01/Jan/2015:15:41:38 +0100] "GET /wp-content/uploads/xing.png HTTP/1.1" 200 1343 "http://www.a-und-h.de/de/" "Mozilla/5.0 (compatible; MSIE 9.0; Windows NT 6.0; Trident/5.0)"
178.194.176.206 - - [01/Jan/2015:15:41:38 +0100] "GET /wp-content/uploads/google.png HTTP/1.1" 200 1718 "http://www.a-und-h.de/de/" "Mozilla/5.0 (compatible; MSIE 9.0; Windows NT 6.0; Trident/5.0)"
178.194.176.206 - - [01/Jan/2015:15:41:38 +0100] "GET /wp-content/plugins/cookie-opt-in/js/cookie-opt-in-if.js?ver=1 HTTP/1.1" 200 1119 "http://www.a-und-h.de/de/" "Mozilla/5.0 (compatible; MSIE 9.0; Windows NT 6.0; Trident/5.0)"
178.194.176.206 - - [01/Jan/2015:15:41:38 +0100] "GET /wp-includes/images/partner-logos.png HTTP/1.1" 200 51457 "http://www.a-und-h.de/de/" "Mozilla/5.0 (compatible; MSIE 9.0; Windows NT 6.0; Trident/5.0)"
178.194.176.206 - - [01/Jan/2015:15:41:38 +0100] "GET /wp-content/plugins/contact-form-7/includes/js/scripts.js?ver=4.0.1 HTTP/1.1" 200 9658 "http://www.a-und-h.de/de/" "Mozilla/5.0 (compatible; MSIE 9.0; Windows NT 6.0; Trident/5.0)"
178.194.176.206 - - [01/Jan/2015:15:41:38 +0100] "GET /wp-content/themes/purevision/styles/common-images/home-page-before-content-top.png HTTP/1.1" 200 112 "http://www.a-und-h.de/de/" "Mozilla/5.0 (compatible; MSIE 9.0; Windows NT 6.0; Trident/5.0)"
178.194.176.206 - - [01/Jan/2015:15:41:38 +0100] "GET /wp-content/themes/purevision/scripts/superfish-1.4.8/images/sf-menu-bg.png HTTP/1.1" 200 1869 "http://www.a-und-h.de/de/" "Mozilla/5.0 (compatible; MSIE 9.0; Windows NT 6.0; Trident/5.0)"
178.194.176.206 - - [01/Jan/2015:15:41:38 +0100] "GET /wp-content/plugins/contact-form-7/includes/js/jquery.form.min.js?ver=3.51.0-2014.06.20 HTTP/1.1" 200 15248 "http://www.a-und-h.de/de/" "Mozilla/5.0 (compatible; MSIE 9.0; Windows NT 6.0; Trident/5.0)"
178.194.176.206 - - [01/Jan/2015:15:41:38 +0100] "GET /wp-content/themes/purevision/styles/style1/images/feedback-btn.png HTTP/1.1" 200 2384 "http://www.a-und-h.de/de/" "Mozilla/5.0 (compatible; MSIE 9.0; Windows NT 6.0; Trident/5.0)"
178.194.176.206 - - [01/Jan/2015:15:41:38 +0100] "GET /wp-content/themes/purevision/styles/style1/images/searchbox.png HTTP/1.1" 200 2646 "http://www.a-und-h.de/de/" "Mozilla/5.0 (compatible; MSIE 9.0; Windows NT 6.0; Trident/5.0)"
178.194.176.206 - - [01/Jan/2015:15:41:38 +0100] "GET /piwik/piwik.js HTTP/1.1" 200 18716 "http://www.a-und-h.de/de/" "Mozilla/5.0 (compatible; MSIE 9.0; Windows NT 6.0; Trident/5.0)"
178.194.176.206 - - [01/Jan/2015:15:41:38 +0100] "GET /wp-content/themes/purevision/styles/style1/images/heading_underline.png HTTP/1.1" 200 115 "http://www.a-und-h.de/de/" "Mozilla/5.0 (compatible; MSIE 9.0; Windows NT 6.0; Trident/5.0)"
178.194.176.206 - - [01/Jan/2015:15:41:38 +0100] "GET /wp-content/themes/purevision/styles/style1/images/double-arrow.png HTTP/1.1" 200 197 "http://www.a-und-h.de/de/" "Mozilla/5.0 (compatible; MSIE 9.0; Windows NT 6.0; Trident/5.0)"
178.194.176.206 - - [01/Jan/2015:15:41:39 +0100] "GET /wp-content/uploads/2012/03/a_und_h_logo.jpg HTTP/1.1" 200 5378 "http://www.a-und-h.de/de/" "Mozilla/5.0 (compatible; MSIE 9.0; Windows NT 6.0; Trident/5.0)"
178.194.176.206 - - [01/Jan/2015:15:41:39 +0100] "GET /wp-content/uploads/2012/03/background3.png HTTP/1.1" 200 6997 "http://www.a-und-h.de/de/" "Mozilla/5.0 (compatible; MSIE 9.0; Windows NT 6.0; Trident/5.0)"
178.194.176.206 - - [01/Jan/2015:15:41:38 +0100] "GET /wp-content/themes/purevision/sliders/slider_de/piecemaker.swf?random_number=6402 HTTP/1.1" 200 208139 "http://www.a-und-h.de/de/" "Mozilla/5.0 (compatible; MSIE 9.0; Windows NT 6.0; Trident/5.0)"
178.194.176.206 - - [01/Jan/2015:15:41:39 +0100] "GET /piwik/piwik.php?action_name=A%2BH%20Adsorp%20Luftentfeuchtungssysteme%20GmbH&idsite=1&rec=1&r=158730&h=15&m=41&s=28&url=http%3A%2F%2Fwww.a-und-h.de%2Fde%2F&urlref=http%3A%2F%2Fwww.google.ch%2Furl%3Fsa%3Dt%26rct%3Dj%26q%3D%26esrc%3Ds%26frm%3D1%26source%3Dweb%26cd%3D1%26ved%3D0CB0QFjAA%26url%3Dhttp%253A%252F%252Fwww.a-und-h.de%252Fde%252F%26ei%3DnFylVMazKsS8Ud-Kg4gN%26usg%3DAFQjCNEKAgG5q_PP8DFyT5PlTEBe70dkhA%26bvm%3Dbv.82001339%2Cd.d24&_id=9eb59e49a34c1b25&_idts=1312191663&_idvc=31&_idn=0&_refts=1420123289&_viewts=1418324165&_ref=http%3A%2F%2Fwww.google.ch%2Furl%3Fsa%3Dt%26rct%3Dj%26q%3D%26esrc%3Ds%26frm%3D1%26source%3Dweb%26cd%3D1%26ved%3D0CB0QFjAA%26url%3Dhttp%253A%252F%252Fwww.a-und-h.de%252Fde%252F%26ei%3DnFylVMazKsS8Ud-Kg4gN%26usg%3DAFQjCNEKAgG5q_PP8DFyT5PlTEBe70dkhA%26bvm%3Dbv.82001339%2Cd.d24&java=1&res=1280x800&cookie=1 HTTP/1.1" 200 43 "http://www.a-und-h.de/de/" "Mozilla/5.0 (compatible; MSIE 9.0; Windows NT 6.0; Trident/5.0)"
178.194.176.206 - - [01/Jan/2015:15:41:39 +0100] "GET /wp-content/themes/purevision/sliders/slider_de/piecemaker.xml HTTP/1.1" 200 2302 "http://www.a-und-h.de/wp-content/themes/purevision/sliders/slider_de/piecemaker.swf?random_number=6402" "Mozilla/5.0 (compatible; MSIE 9.0; Windows NT 6.0; Trident/5.0)"
178.194.176.206 - - [01/Jan/2015:15:41:39 +0100] "GET /wp-content/themes/purevision/sliders/slider_de/piecemaker.css HTTP/1.1" 200 1227 "http://www.a-und-h.de/wp-content/themes/purevision/sliders/slider_de/piecemaker.swf?random_number=6402" "Mozilla/5.0 (compatible; MSIE 9.0; Windows NT 6.0; Trident/5.0)"
178.194.176.206 - - [01/Jan/2015:15:41:39 +0100] "GET /de/www.a-und-h.de/favicon.ico HTTP/1.1" 404 17248 "-" "Mozilla/5.0 (compatible; MSIE 9.0; Windows NT 6.0; Trident/5.0)"
178.194.176.206 - - [01/Jan/2015:15:41:39 +0100] "GET /wp-content/themes/purevision/sliders/cycle/cycle1/images/Header-produkte.jpg HTTP/1.1" 200 82540 "http://www.a-und-h.de/wp-content/themes/purevision/sliders/slider_de/piecemaker.swf?random_number=6402" "Mozilla/5.0 (compatible; MSIE 9.0; Windows NT 6.0; Trident/5.0)"
178.194.176.206 - - [01/Jan/2015:15:41:40 +0100] "GET /wp-content/themes/purevision/sliders/cycle/cycle1/images/Header-service.jpg HTTP/1.1" 200 106543 "http://www.a-und-h.de/wp-content/themes/purevision/sliders/slider_de/piecemaker.swf?random_number=6402" "Mozilla/5.0 (compatible; MSIE 9.0; Windows NT 6.0; Trident/5.0)"
178.194.176.206 - - [01/Jan/2015:15:41:40 +0100] "GET /wp-content/themes/purevision/sliders/piecemaker_2/contents/Header-allgemein.jpg HTTP/1.1" 200 77468 "http://www.a-und-h.de/wp-content/themes/purevision/sliders/slider_de/piecemaker.swf?random_number=6402" "Mozilla/5.0 (compatible; MSIE 9.0; Windows NT 6.0; Trident/5.0)"
178.194.176.206 - - [01/Jan/2015:15:41:48 +0100] "GET /wp-content/plugins/wp-slimbox2/images/de_DE/closelabel-de.gif HTTP/1.1" 200 886 "http://www.a-und-h.de/de/" "Mozilla/5.0 (compatible; MSIE 9.0; Windows NT 6.0; Trident/5.0)"
178.194.176.206 - - [01/Jan/2015:15:41:49 +0100] "GET /piwik/piwik.php?link=http%3A%2F%2Fa-und-h.de%2F&idsite=1&rec=1&r=416975&h=15&m=41&s=38&url=http%3A%2F%2Fwww.a-und-h.de%2Fde%2F&urlref=http%3A%2F%2Fwww.google.ch%2Furl%3Fsa%3Dt%26rct%3Dj%26q%3D%26esrc%3Ds%26frm%3D1%26source%3Dweb%26cd%3D1%26ved%3D0CB0QFjAA%26url%3Dhttp%253A%252F%252Fwww.a-und-h.de%252Fde%252F%26ei%3DnFylVMazKsS8Ud-Kg4gN%26usg%3DAFQjCNEKAgG5q_PP8DFyT5PlTEBe70dkhA%26bvm%3Dbv.82001339%2Cd.d24&_id=9eb59e49a34c1b25&_idts=1312191663&_idvc=31&_idn=0&_refts=1420123289&_viewts=1418324165&_ref=http%3A%2F%2Fwww.google.ch%2Furl%3Fsa%3Dt%26rct%3Dj%26q%3D%26esrc%3Ds%26frm%3D1%26source%3Dweb%26cd%3D1%26ved%3D0CB0QFjAA%26url%3Dhttp%253A%252F%252Fwww.a-und-h.de%252Fde%252F%26ei%3DnFylVMazKsS8Ud-Kg4gN%26usg%3DAFQjCNEKAgG5q_PP8DFyT5PlTEBe70dkhA%26bvm%3Dbv.82001339%2Cd.d24&java=1&res=1280x800&cookie=1 HTTP/1.1" 200 43 "http://www.a-und-h.de/de/" "Mozilla/5.0 (compatible; MSIE 9.0; Windows NT 6.0; Trident/5.0)"
178.194.176.206 - - [01/Jan/2015:15:41:49 +0100] "GET / HTTP/1.1" 301 305 "http://www.a-und-h.de/de/" "Mozilla/5.0 (compatible; MSIE 9.0; Windows NT 6.0; Trident/5.0)"
188.40.35.97 - - [01/Jan/2015:15:41:49 +0100] "POST /wp-cron.php?doing_wp_cron=1420123309.9337079524993896484375 HTTP/1.0" 200 - "-" "WordPress/4.0.1; http://www.a-und-h.de"
178.194.176.206 - - [01/Jan/2015:15:41:49 +0100] "GET / HTTP/1.1" 302 - "http://www.a-und-h.de/de/" "Mozilla/5.0 (compatible; MSIE 9.0; Windows NT 6.0; Trident/5.0)"
178.194.176.206 - - [01/Jan/2015:15:41:50 +0100] "GET /de/ HTTP/1.1" 200 26581 "http://www.a-und-h.de/de/" "Mozilla/5.0 (compatible; MSIE 9.0; Windows NT 6.0; Trident/5.0)"
178.194.176.206 - - [01/Jan/2015:15:41:51 +0100] "GET /wp-content/themes/purevision/styles/custom/custom_style.php?ver=4.0.1 HTTP/1.1" 200 4550 "http://www.a-und-h.de/de/" "Mozilla/5.0 (compatible; MSIE 9.0; Windows NT 6.0; Trident/5.0)"
