84.168.88.160 - - [01/Jan/2015:21:46:53 +0100] "GET /wp-content/themes/purevision/styles/style1/images/menu-active-btn_r.png HTTP/1.1" 200 967 "http://www.a-und-h.de/produkte/anlagenbau?gclid=CLvWi5XV88ICFcoBwwodw0oAWw" "Mozilla/5.0 (Windows NT 5.1) AppleWebKit/537.36 (KHTML, like Gecko) Chrome/39.0.2171.95 Safari/537.36"
84.168.88.160 - - [01/Jan/2015:21:46:53 +0100] "GET /wp-content/themes/purevision/styles/style1/images/menu-active-with-arrow-btn_r.png HTTP/1.1" 200 318 "http://www.a-und-h.de/produkte/anlagenbau?gclid=CLvWi5XV88ICFcoBwwodw0oAWw" "Mozilla/5.0 (Windows NT 5.1) AppleWebKit/537.36 (KHTML, like Gecko) Chrome/39.0.2171.95 Safari/537.36"
84.168.88.160 - - [01/Jan/2015:21:46:53 +0100] "GET /wp-content/uploads/2014/10/Anlagenbau-Banner-1024x266.jpg HTTP/1.1" 200 26280 "http://www.a-und-h.de/produkte/anlagenbau?gclid=CLvWi5XV88ICFcoBwwodw0oAWw" "Mozilla/5.0 (Windows NT 5.1) AppleWebKit/537.36 (KHTML, like Gecko) Chrome/39.0.2171.95 Safari/537.36"
84.168.88.160 - - [01/Jan/2015:21:46:54 +0100] "GET /wp-content/themes/purevision/styles/style1/images/menu-with-arrow-btn_r.png HTTP/1.1" 200 322 "http://www.a-und-h.de/produkte/anlagenbau?gclid=CLvWi5XV88ICFcoBwwodw0oAWw" "Mozilla/5.0 (Windows NT 5.1) AppleWebKit/537.36 (KHTML, like Gecko) Chrome/39.0.2171.95 Safari/537.36"
84.168.88.160 - - [01/Jan/2015:21:46:54 +0100] "GET /wp-content/uploads/facebook.png HTTP/1.1" 200 807 "http://www.a-und-h.de/produkte/anlagenbau?gclid=CLvWi5XV88ICFcoBwwodw0oAWw" "Mozilla/5.0 (Windows NT 5.1) AppleWebKit/537.36 (KHTML, like Gecko) Chrome/39.0.2171.95 Safari/537.36"
84.168.88.160 - - [01/Jan/2015:21:46:54 +0100] "GET /wp-content/uploads/2014/10/Luftentfeuchtungsanlage-Anlagenbau-300x267.jpg HTTP/1.1" 200 13934 "http://www.a-und-h.de/produkte/anlagenbau?gclid=CLvWi5XV88ICFcoBwwodw0oAWw" "Mozilla/5.0 (Windows NT 5.1) AppleWebKit/537.36 (KHTML, like Gecko) Chrome/39.0.2171.95 Safari/537.36"
84.168.88.160 - - [01/Jan/2015:21:46:54 +0100] "GET /wp-content/uploads/2014/10/Luftentfeuchtungssystem-300x250.jpg HTTP/1.1" 200 15242 "http://www.a-und-h.de/produkte/anlagenbau?gclid=CLvWi5XV88ICFcoBwwodw0oAWw" "Mozilla/5.0 (Windows NT 5.1) AppleWebKit/537.36 (KHTML, like Gecko) Chrome/39.0.2171.95 Safari/537.36"
84.168.88.160 - - [01/Jan/2015:21:46:54 +0100] "GET /wp-content/uploads/2014/10/Luftentfeuchtungsanlage-300x178.jpg HTTP/1.1" 200 13777 "http://www.a-und-h.de/produkte/anlagenbau?gclid=CLvWi5XV88ICFcoBwwodw0oAWw" "Mozilla/5.0 (Windows NT 5.1) AppleWebKit/537.36 (KHTML, like Gecko) Chrome/39.0.2171.95 Safari/537.36"
84.168.88.160 - - [01/Jan/2015:21:46:54 +0100] "GET /wp-content/uploads/twitter.png HTTP/1.1" 200 1258 "http://www.a-und-h.de/produkte/anlagenbau?gclid=CLvWi5XV88ICFcoBwwodw0oAWw" "Mozilla/5.0 (Windows NT 5.1) AppleWebKit/537.36 (KHTML, like Gecko) Chrome/39.0.2171.95 Safari/537.36"
84.168.88.160 - - [01/Jan/2015:21:46:54 +0100] "GET /wp-content/uploads/xing.png HTTP/1.1" 200 1343 "http://www.a-und-h.de/produkte/anlagenbau?gclid=CLvWi5XV88ICFcoBwwodw0oAWw" "Mozilla/5.0 (Windows NT 5.1) AppleWebKit/537.36 (KHTML, like Gecko) Chrome/39.0.2171.95 Safari/537.36"
84.168.88.160 - - [01/Jan/2015:21:46:55 +0100] "GET /wp-content/uploads/google.png HTTP/1.1" 200 1718 "http://www.a-und-h.de/produkte/anlagenbau?gclid=CLvWi5XV88ICFcoBwwodw0oAWw" "Mozilla/5.0 (Windows NT 5.1) AppleWebKit/537.36 (KHTML, like Gecko) Chrome/39.0.2171.95 Safari/537.36"
84.168.88.160 - - [01/Jan/2015:21:46:55 +0100] "GET /wp-content/themes/purevision/scripts/superfish-1.4.8/images/sf-menu-bg.png HTTP/1.1" 200 1869 "http://www.a-und-h.de/wp-content/themes/purevision/scripts/superfish-1.4.8/css/superfish.css?ver=1.0" "Mozilla/5.0 (Windows NT 5.1) AppleWebKit/537.36 (KHTML, like Gecko) Chrome/39.0.2171.95 Safari/537.36"
84.168.88.160 - - [01/Jan/2015:21:46:55 +0100] "GET /wp-content/themes/purevision/styles/style1/images/double-arrow.png HTTP/1.1" 200 197 "http://www.a-und-h.de/wp-content/themes/purevision/styles/style1/css/style.css?ver=1.0" "Mozilla/5.0 (Windows NT 5.1) AppleWebKit/537.36 (KHTML, like Gecko) Chrome/39.0.2171.95 Safari/537.36"
84.168.88.160 - - [01/Jan/2015:21:46:55 +0100] "GET /piwik/piwik.php?action_name=Anlagenbau%20%7C%20A%2BH%20Adsorp&idsite=1&rec=1&r=486490&h=21&m=46&s=51&url=http%3A%2F%2Fwww.a-und-h.de%2Fprodukte%2Fanlagenbau%3Fgclid%3DCLvWi5XV88ICFcoBwwodw0oAWw&urlref=http%3A%2F%2Fwww.google.de%2Faclk%3Fsa%3DL%26ai%3DCSj0kLbKlVISRNou_7Qb9jILoCfLY_4cGopuC77AB6tWVjzAIABABKANglYKAgJQHyAEBqQKXqdZ1eUm0PqoEKk_QzKScTFQYOb9iBISqaWnigXAf5FYROFhbC9fmqiCWK0vEIevdYZAXqIAHuu-TKpAHA6gHpr4b%26sig%3DAOD64_02uLE7yiXG6D_UjPeOVk-uje8wIw%26rct%3Dj%26q%3D%26ved%3D0CCEQ0Qw%26adurl%3Dhttp%3A%2F%2Fwww.a-und-h.de%2Fprodukte%2Fanlagenbau&_id=d1e1c2ba446f1e4b&_idts=1420145212&_idvc=1&_idn=1&_refts=1420145212&_viewts=1420145212&_ref=http%3A%2F%2Fwww.google.de%2Faclk%3Fsa%3DL%26ai%3DCSj0kLbKlVISRNou_7Qb9jILoCfLY_4cGopuC77AB6tWVjzAIABABKANglYKAgJQHyAEBqQKXqdZ1eUm0PqoEKk_QzKScTFQYOb9iBISqaWnigXAf5FYROFhbC9fmqiCWK0vEIevdYZAXqIAHuu-TKpAHA6gHpr4b%26sig%3DAOD64_02uLE7yiXG6D_UjPeOVk-uje8wIw%26rct%3Dj%26q%3D%26ved%3D0CCEQ0Qw%26adurl%3Dhttp%3A%2F%2Fwww.a-und-h.de%2Fprodukte%2Fanlagenbau&pdf=1&qt=1&realp=0&wma=1&dir=1&fla=1&java=1&gears=0&ag=1&res=1680x1050&cookie=1 HTTP/1.1" 200 43 "http://www.a-und-h.de/produkte/anlagenbau?gclid=CLvWi5XV88ICFcoBwwodw0oAWw" "Mozilla/5.0 (Windows NT 5.1) AppleWebKit/537.36 (KHTML, like Gecko) Chrome/39.0.2171.95 Safari/537.36"
84.168.88.160 - - [01/Jan/2015:21:46:57 +0100] "GET /wp-content/themes/purevision/scripts/superfish-1.4.8/images/auto-arrows.png HTTP/1.1" 200 295 "http://www.a-und-h.de/produkte/anlagenbau?gclid=CLvWi5XV88ICFcoBwwodw0oAWw" "Mozilla/5.0 (Windows NT 5.1) AppleWebKit/537.36 (KHTML, like Gecko) Chrome/39.0.2171.95 Safari/537.36"
84.168.88.160 - - [01/Jan/2015:21:46:57 +0100] "GET /produkte/www.a-und-h.de/favicon.ico HTTP/1.1" 404 22073 "-" "Mozilla/5.0 (Windows NT 5.1) AppleWebKit/537.36 (KHTML, like Gecko) Chrome/39.0.2171.95 Safari/537.36"
66.249.78.79 - - [01/Jan/2015:21:52:21 +0100] "GET /wp-content/themes/purevision/sliders/slider_de/piecemaker.swf?random_number=6097 HTTP/1.1" 200 208139 "-" "Mozilla/5.0 (compatible; Googlebot/2.1; +http://www.google.com/bot.html)"
188.40.35.97 - - [01/Jan/2015:21:56:33 +0100] "POST /wp-cron.php?doing_wp_cron=1420145793.3910109996795654296875 HTTP/1.0" 200 - "-" "WordPress/4.0.1; http://www.a-und-h.de"
217.69.133.236 - - [01/Jan/2015:21:56:32 +0100] "GET /robots.txt HTTP/1.1" 200 35 "-" "Mozilla/5.0 (compatible; Linux x86_64; Mail.RU_Bot/2.0; +http://go.mail.ru/help/robots)"
217.69.133.236 - - [01/Jan/2015:21:56:35 +0100] "GET /wp-content/uploads/downloads/A+H_DA250t_DA250tp_RU.pdf HTTP/1.1" 304 - "-" "Mozilla/5.0 (compatible; Linux x86_64; Mail.RU_Bot/2.0; +http://go.mail.ru/help/robots)"
217.69.133.234 - - [01/Jan/2015:21:56:36 +0100] "GET /wp-content/uploads/downloads/Powder.pdf HTTP/1.1" 304 - "-" "Mozilla/5.0 (compatible; Linux x86_64; Mail.RU_Bot/2.0; +http://go.mail.ru/help/robots)"
217.69.133.237 - - [01/Jan/2015:21:56:37 +0100] "GET /%D0%BF%D1%80%D0%BE%D0%B4%D1%83%D0%BA%D1%82%D1%8B/%D0%BF%D1%80%D0%BE%D0%B8%D0%B7%D0%B2%D0%BE%D0%B4%D1%81%D1%82%D0%B2%D0%BE-%D0%BA%D0%BE%D0%BC%D0%BF%D0%BB%D0%B5%D0%BA%D1%82%D0%BD%D0%BE%D0%B3%D0%BE-%D0%BE%D0%B1%D0%BE%D1%80%D1%83%D0%B4%D0%BE%D0%B2%D0%B0 HTTP/1.1" 200 23336 "-" "Mozilla/5.0 (compatible; Linux x86_64; Mail.RU_Bot/2.0; +http://go.mail.ru/help/robots)"
188.40.35.97 - - [01/Jan/2015:21:59:40 +0100] "POST /wp-cron.php?doing_wp_cron=1420145980.4162309169769287109375 HTTP/1.0" 200 - "-" "WordPress/4.0.1; http://www.a-und-h.de"
66.249.88.142 - - [01/Jan/2015:21:59:40 +0100] "GET /produkte/anlagenbau HTTP/1.1" 200 26863 "http://www.google.at/url?sa=t&rct=j&q=&esrc=s&source=web&cd=1&ved=0CCAQFjAF&url=http%3A%2F%2Fwww.a-und-h.de%2Fprodukte%2Fanlagenbau&ei=F7WlVOLKGd7xuAKougE&usg=AFQjCNFkYYE3pWtaxn3zPfUrTdGQvrurVA" "Mozilla/5.0 (compatible; MSIE 8.0; Windows NT 5.1; Trident/4.0; .NET CLR 1.1.4322; .NET CLR 2.0.50727)"
66.249.88.138 - - [01/Jan/2015:21:59:42 +0100] "GET /wp-content/plugins/cookie-opt-in/css/style.css?ver=4.0.1 HTTP/1.1" 200 2316 "http://www.a-und-h.de/produkte/anlagenbau" "Mozilla/5.0 (compatible; MSIE 8.0; Windows NT 5.1; Trident/4.0; .NET CLR 1.1.4322; .NET CLR 2.0.50727)"
66.249.88.140 - - [01/Jan/2015:21:59:42 +0100] "GET /wp-content/plugins/wp-slimbox2/css/slimbox2.css?ver=1.1 HTTP/1.1" 200 917 "http://www.a-und-h.de/produkte/anlagenbau" "Mozilla/5.0 (compatible; MSIE 8.0; Windows NT 5.1; Trident/4.0; .NET CLR 1.1.4322; .NET CLR 2.0.50727)"
66.249.88.138 - - [01/Jan/2015:21:59:42 +0100] "GET /wp-content/plugins/contact-form-7/includes/css/styles.css?ver=4.0.1 HTTP/1.1" 200 1103 "http://www.a-und-h.de/produkte/anlagenbau" "Mozilla/5.0 (compatible; MSIE 8.0; Windows NT 5.1; Trident/4.0; .NET CLR 1.1.4322; .NET CLR 2.0.50727)"
66.249.88.140 - - [01/Jan/2015:21:59:42 +0100] "GET /wp-content/themes/purevision/styles/style1/css/text.css?ver=1.0 HTTP/1.1" 200 1819 "http://www.a-und-h.de/produkte/anlagenbau" "Mozilla/5.0 (compatible; MSIE 8.0; Windows NT 5.1; Trident/4.0; .NET CLR 1.1.4322; .NET CLR 2.0.50727)"
66.249.88.138 - - [01/Jan/2015:21:59:42 +0100] "GET /wp-content/themes/purevision/scripts/superfish-1.4.8/css/superfish.css?ver=1.0 HTTP/1.1" 200 3275 "http://www.a-und-h.de/produkte/anlagenbau" "Mozilla/5.0 (compatible; MSIE 8.0; Windows NT 5.1; Trident/4.0; .NET CLR 1.1.4322; .NET CLR 2.0.50727)"
66.249.88.142 - - [01/Jan/2015:21:59:42 +0100] "GET /wp-content/themes/purevision/style.css?ver=1.0 HTTP/1.1" 200 885 "http://www.a-und-h.de/produkte/anlagenbau" "Mozilla/5.0 (compatible; MSIE 8.0; Windows NT 5.1; Trident/4.0; .NET CLR 1.1.4322; .NET CLR 2.0.50727)"
66.249.88.140 - - [01/Jan/2015:21:59:42 +0100] "GET /wp-content/plugins/category-posts/cat-posts.css?ver=4.0.1 HTTP/1.1" 200 833 "http://www.a-und-h.de/produkte/anlagenbau" "Mozilla/5.0 (compatible; MSIE 8.0; Windows NT 5.1; Trident/4.0; .NET CLR 1.1.4322; .NET CLR 2.0.50727)"
66.249.88.140 - - [01/Jan/2015:21:59:43 +0100] "GET /wp-content/plugins/cookie-opt-in/js/cookie-opt-in.js?ver=1 HTTP/1.1" 200 9405 "http://www.a-und-h.de/produkte/anlagenbau" "Mozilla/5.0 (compatible; MSIE 8.0; Windows NT 5.1; Trident/4.0; .NET CLR 1.1.4322; .NET CLR 2.0.50727)"
66.249.88.138 - - [01/Jan/2015:21:59:43 +0100] "GET /wp-includes/js/jquery/jquery-migrate.min.js?ver=1.2.1 HTTP/1.1" 200 7200 "http://www.a-und-h.de/produkte/anlagenbau" "Mozilla/5.0 (compatible; MSIE 8.0; Windows NT 5.1; Trident/4.0; .NET CLR 1.1.4322; .NET CLR 2.0.50727)"
66.249.88.142 - - [01/Jan/2015:21:59:43 +0100] "GET /wp-content/plugins/snow-storm/snow-storm.js?ver=1.41 HTTP/1.1" 200 9852 "http://www.a-und-h.de/produkte/anlagenbau" "Mozilla/5.0 (compatible; MSIE 8.0; Windows NT 5.1; Trident/4.0; .NET CLR 1.1.4322; .NET CLR 2.0.50727)"
66.249.88.142 - - [01/Jan/2015:21:59:43 +0100] "GET /wp-content/plugins/wp-slimbox2/javascript/slimbox2.js?ver=2.04 HTTP/1.1" 200 3777 "http://www.a-und-h.de/produkte/anlagenbau" "Mozilla/5.0 (compatible; MSIE 8.0; Windows NT 5.1; Trident/4.0; .NET CLR 1.1.4322; .NET CLR 2.0.50727)"
66.249.88.138 - - [01/Jan/2015:21:59:42 +0100] "GET /wp-content/themes/purevision/styles/custom/custom_style.php?ver=4.0.1 HTTP/1.1" 200 4550 "http://www.a-und-h.de/produkte/anlagenbau" "Mozilla/5.0 (compatible; MSIE 8.0; Windows NT 5.1; Trident/4.0; .NET CLR 1.1.4322; .NET CLR 2.0.50727)"
66.249.88.138 - - [01/Jan/2015:21:59:43 +0100] "GET /wp-content/themes/purevision/scripts/superfish-1.4.8/js/superfish.combined.js?ver=1.0.0 HTTP/1.1" 200 5387 "http://www.a-und-h.de/produkte/anlagenbau" "Mozilla/5.0 (compatible; MSIE 8.0; Windows NT 5.1; Trident/4.0; .NET CLR 1.1.4322; .NET CLR 2.0.50727)"
66.249.88.138 - - [01/Jan/2015:21:59:43 +0100] "GET /wp-content/themes/purevision/scripts/script.js?ver=1.0 HTTP/1.1" 200 7495 "http://www.a-und-h.de/produkte/anlagenbau" "Mozilla/5.0 (compatible; MSIE 8.0; Windows NT 5.1; Trident/4.0; .NET CLR 1.1.4322; .NET CLR 2.0.50727)"
66.249.88.140 - - [01/Jan/2015:21:59:42 +0100] "GET /wp-includes/js/jquery/jquery.js?ver=1.11.1 HTTP/1.1" 200 95807 "http://www.a-und-h.de/produkte/anlagenbau" "Mozilla/5.0 (compatible; MSIE 8.0; Windows NT 5.1; Trident/4.0; .NET CLR 1.1.4322; .NET CLR 2.0.50727)"
66.249.88.138 - - [01/Jan/2015:21:59:43 +0100] "GET /wp-content/themes/purevision/styles/common-css/reset.css?ver=1.0 HTTP/1.1" 200 1004 "http://www.a-und-h.de/produkte/anlagenbau" "Mozilla/5.0 (compatible; MSIE 8.0; Windows NT 5.1; Trident/4.0; .NET CLR 1.1.4322; .NET CLR 2.0.50727)"
66.249.88.142 - - [01/Jan/2015:21:59:43 +0100] "GET /wp-content/themes/purevision/styles/common-css/960.css?ver=1.0 HTTP/1.1" 200 7707 "http://www.a-und-h.de/produkte/anlagenbau" "Mozilla/5.0 (compatible; MSIE 8.0; Windows NT 5.1; Trident/4.0; .NET CLR 1.1.4322; .NET CLR 2.0.50727)"
66.249.88.142 - - [01/Jan/2015:21:59:43 +0100] "GET /wp-content/themes/purevision/styles/common-css/ie-all.css HTTP/1.1" 200 1234 "http://www.a-und-h.de/produkte/anlagenbau" "Mozilla/5.0 (compatible; MSIE 8.0; Windows NT 5.1; Trident/4.0; .NET CLR 1.1.4322; .NET CLR 2.0.50727)"
66.249.88.142 - - [01/Jan/2015:21:59:43 +0100] "GET /wp-content/plugins/wp-slimbox2/javascript/slimbox2_autoload.js?ver=1.0.4b HTTP/1.1" 200 3027 "http://www.a-und-h.de/produkte/anlagenbau" "Mozilla/5.0 (compatible; MSIE 8.0; Windows NT 5.1; Trident/4.0; .NET CLR 1.1.4322; .NET CLR 2.0.50727)"
66.249.88.138 - - [01/Jan/2015:21:59:43 +0100] "GET /wp-content/plugins/newsletter/subscription/styles/widget-neutral.css HTTP/1.1" 200 1018 "http://www.a-und-h.de/produkte/anlagenbau" "Mozilla/5.0 (compatible; MSIE 8.0; Windows NT 5.1; Trident/4.0; .NET CLR 1.1.4322; .NET CLR 2.0.50727)"
66.249.88.140 - - [01/Jan/2015:21:59:43 +0100] "GET /wp-content/themes/purevision/styles/style1/css/style.css?ver=1.0 HTTP/1.1" 200 72108 "http://www.a-und-h.de/produkte/anlagenbau" "Mozilla/5.0 (compatible; MSIE 8.0; Windows NT 5.1; Trident/4.0; .NET CLR 1.1.4322; .NET CLR 2.0.50727)"
66.249.88.138 - - [01/Jan/2015:21:59:46 +0100] "GET /wp-content/plugins/wp-table-reloaded/css/plugin.css?ver=1.9.4 HTTP/1.1" 200 980 "http://www.a-und-h.de/produkte/anlagenbau" "Mozilla/5.0 (compatible; MSIE 8.0; Windows NT 5.1; Trident/4.0; .NET CLR 1.1.4322; .NET CLR 2.0.50727)"
66.249.88.138 - - [01/Jan/2015:21:59:46 +0100] "GET /wp-content/plugins/wp-table-reloaded/css/datatables.css?ver=1.9.4 HTTP/1.1" 200 2329 "http://www.a-und-h.de/produkte/anlagenbau" "Mozilla/5.0 (compatible; MSIE 8.0; Windows NT 5.1; Trident/4.0; .NET CLR 1.1.4322; .NET CLR 2.0.50727)"
66.249.88.140 - - [01/Jan/2015:21:59:47 +0100] "GET /wp-content/plugins/polylang/flags/de_DE.png HTTP/1.1" 200 545 "http://www.a-und-h.de/produkte/anlagenbau" "Mozilla/5.0 (compatible; MSIE 8.0; Windows NT 5.1; Trident/4.0; .NET CLR 1.1.4322; .NET CLR 2.0.50727)"
66.249.88.138 - - [01/Jan/2015:21:59:47 +0100] "GET /wp-content/themes/purevision/styles/style1/images/menu-active-btn_l.png HTTP/1.1" 200 754 "http://www.a-und-h.de/produkte/anlagenbau" "Mozilla/5.0 (compatible; MSIE 8.0; Windows NT 5.1; Trident/4.0; .NET CLR 1.1.4322; .NET CLR 2.0.50727)"
66.249.88.138 - - [01/Jan/2015:21:59:47 +0100] "GET /wp-content/plugins/polylang/flags/en_US.png HTTP/1.1" 200 599 "http://www.a-und-h.de/produkte/anlagenbau" "Mozilla/5.0 (compatible; MSIE 8.0; Windows NT 5.1; Trident/4.0; .NET CLR 1.1.4322; .NET CLR 2.0.50727)"
66.249.88.140 - - [01/Jan/2015:21:59:47 +0100] "GET /wp-content/themes/purevision/styles/style1/images/menu-active-with-arrow-btn_r.png HTTP/1.1" 200 318 "http://www.a-und-h.de/produkte/anlagenbau" "Mozilla/5.0 (compatible; MSIE 8.0; Windows NT 5.1; Trident/4.0; .NET CLR 1.1.4322; .NET CLR 2.0.50727)"
66.249.88.140 - - [01/Jan/2015:21:59:47 +0100] "GET /wp-content/themes/purevision/styles/style1/images/menu-active-btn_r.png HTTP/1.1" 200 967 "http://www.a-und-h.de/produkte/anlagenbau" "Mozilla/5.0 (compatible; MSIE 8.0; Windows NT 5.1; Trident/4.0; .NET CLR 1.1.4322; .NET CLR 2.0.50727)"
66.249.88.140 - - [01/Jan/2015:21:59:47 +0100] "GET /wp-content/themes/purevision/styles/style1/images/menu-with-arrow-btn_r.png HTTP/1.1" 200 322 "http://www.a-und-h.de/produkte/anlagenbau" "Mozilla/5.0 (compatible; MSIE 8.0; Windows NT 5.1; Trident/4.0; .NET CLR 1.1.4322; .NET CLR 2.0.50727)"
66.249.88.138 - - [01/Jan/2015:21:59:47 +0100] "GET /wp-content/themes/purevision/styles/style1/images/menu-btn_r.png HTTP/1.1" 200 670 "http://www.a-und-h.de/produkte/anlagenbau" "Mozilla/5.0 (compatible; MSIE 8.0; Windows NT 5.1; Trident/4.0; .NET CLR 1.1.4322; .NET CLR 2.0.50727)"
66.249.88.138 - - [01/Jan/2015:21:59:47 +0100] "GET /wp-content/themes/purevision/styles/style1/images/searchbox.png HTTP/1.1" 200 2646 "http://www.a-und-h.de/produkte/anlagenbau" "Mozilla/5.0 (compatible; MSIE 8.0; Windows NT 5.1; Trident/4.0; .NET CLR 1.1.4322; .NET CLR 2.0.50727)"
66.249.88.140 - - [01/Jan/2015:21:59:47 +0100] "GET /wp-content/themes/purevision/styles/style1/images/menu-btn_l.png HTTP/1.1" 200 767 "http://www.a-und-h.de/produkte/anlagenbau" "Mozilla/5.0 (compatible; MSIE 8.0; Windows NT 5.1; Trident/4.0; .NET CLR 1.1.4322; .NET CLR 2.0.50727)"
66.249.88.138 - - [01/Jan/2015:21:59:47 +0100] "GET /wp-content/themes/purevision/scripts/superfish-1.4.8/images/auto-arrows.png HTTP/1.1" 200 295 "http://www.a-und-h.de/produkte/anlagenbau" "Mozilla/5.0 (compatible; MSIE 8.0; Windows NT 5.1; Trident/4.0; .NET CLR 1.1.4322; .NET CLR 2.0.50727)"
66.249.88.138 - - [01/Jan/2015:21:59:47 +0100] "GET /wp-content/uploads/2014/10/Anlagenbau-Banner-1024x266.jpg HTTP/1.1" 200 26280 "http://www.a-und-h.de/produkte/anlagenbau" "Mozilla/5.0 (compatible; MSIE 8.0; Windows NT 5.1; Trident/4.0; .NET CLR 1.1.4322; .NET CLR 2.0.50727)"
66.249.88.138 - - [01/Jan/2015:21:59:47 +0100] "GET /wp-content/uploads/2014/10/Luftentfeuchtungsanlage-Anlagenbau-300x267.jpg HTTP/1.1" 200 13934 "http://www.a-und-h.de/produkte/anlagenbau" "Mozilla/5.0 (compatible; MSIE 8.0; Windows NT 5.1; Trident/4.0; .NET CLR 1.1.4322; .NET CLR 2.0.50727)"
66.249.88.140 - - [01/Jan/2015:21:59:47 +0100] "GET /wp-content/uploads/2014/10/Luftentfeuchtungssystem-300x250.jpg HTTP/1.1" 200 15242 "http://www.a-und-h.de/produkte/anlagenbau" "Mozilla/5.0 (compatible; MSIE 8.0; Windows NT 5.1; Trident/4.0; .NET CLR 1.1.4322; .NET CLR 2.0.50727)"
66.249.88.138 - - [01/Jan/2015:21:59:48 +0100] "GET /wp-content/uploads/facebook.png HTTP/1.1" 200 807 "http://www.a-und-h.de/produkte/anlagenbau" "Mozilla/5.0 (compatible; MSIE 8.0; Windows NT 5.1; Trident/4.0; .NET CLR 1.1.4322; .NET CLR 2.0.50727)"
66.249.88.138 - - [01/Jan/2015:21:59:48 +0100] "GET /wp-content/uploads/2014/10/Luftentfeuchtungsanlage-300x178.jpg HTTP/1.1" 200 13777 "http://www.a-und-h.de/produkte/anlagenbau" "Mozilla/5.0 (compatible; MSIE 8.0; Windows NT 5.1; Trident/4.0; .NET CLR 1.1.4322; .NET CLR 2.0.50727)"
66.249.88.138 - - [01/Jan/2015:21:59:48 +0100] "GET /wp-content/uploads/google.png HTTP/1.1" 200 1718 "http://www.a-und-h.de/produkte/anlagenbau" "Mozilla/5.0 (compatible; MSIE 8.0; Windows NT 5.1; Trident/4.0; .NET CLR 1.1.4322; .NET CLR 2.0.50727)"
66.249.88.142 - - [01/Jan/2015:21:59:48 +0100] "GET /wp-content/themes/purevision/scripts/superfish-1.4.8/images/sf-menu-bg.png HTTP/1.1" 200 1869 "http://www.a-und-h.de/produkte/anlagenbau" "Mozilla/5.0 (compatible; MSIE 8.0; Windows NT 5.1; Trident/4.0; .NET CLR 1.1.4322; .NET CLR 2.0.50727)"
66.249.88.157 - - [01/Jan/2015:21:59:48 +0100] "GET /wp-content/uploads/2012/03/a_und_h_logo.jpg HTTP/1.1" 301 348 "http://www.a-und-h.de/produkte/anlagenbau" "Mozilla/5.0 (compatible; MSIE 8.0; Windows NT 5.1; Trident/4.0; .NET CLR 1.1.4322; .NET CLR 2.0.50727)"
66.249.88.138 - - [01/Jan/2015:21:59:48 +0100] "GET /wp-content/uploads/xing.png HTTP/1.1" 200 1343 "http://www.a-und-h.de/produkte/anlagenbau" "Mozilla/5.0 (compatible; MSIE 8.0; Windows NT 5.1; Trident/4.0; .NET CLR 1.1.4322; .NET CLR 2.0.50727)"
66.249.88.159 - - [01/Jan/2015:21:59:48 +0100] "GET /wp-content/uploads/2012/03/background3.png HTTP/1.1" 301 347 "http://www.a-und-h.de/produkte/anlagenbau" "Mozilla/5.0 (compatible; MSIE 8.0; Windows NT 5.1; Trident/4.0; .NET CLR 1.1.4322; .NET CLR 2.0.50727)"
66.249.88.140 - - [01/Jan/2015:21:59:48 +0100] "GET /wp-content/uploads/2012/03/a_und_h_logo.jpg HTTP/1.1" 200 5378 "http://www.a-und-h.de/produkte/anlagenbau" "Mozilla/5.0 (compatible; MSIE 8.0; Windows NT 5.1; Trident/4.0; .NET CLR 1.1.4322; .NET CLR 2.0.50727)"
66.249.88.140 - - [01/Jan/2015:21:59:49 +0100] "GET /wp-content/themes/purevision/styles/style1/images/feedback-btn.png HTTP/1.1" 200 2384 "http://www.a-und-h.de/produkte/anlagenbau" "Mozilla/5.0 (compatible; MSIE 8.0; Windows NT 5.1; Trident/4.0; .NET CLR 1.1.4322; .NET CLR 2.0.50727)"
66.249.88.138 - - [01/Jan/2015:21:59:49 +0100] "GET /wp-content/uploads/2012/03/background3.png HTTP/1.1" 200 6997 "http://www.a-und-h.de/produkte/anlagenbau" "Mozilla/5.0 (compatible; MSIE 8.0; Windows NT 5.1; Trident/4.0; .NET CLR 1.1.4322; .NET CLR 2.0.50727)"
66.249.88.138 - - [01/Jan/2015:21:59:49 +0100] "GET /wp-content/uploads/twitter.png HTTP/1.1" 200 1258 "http://www.a-und-h.de/produkte/anlagenbau" "Mozilla/5.0 (compatible; MSIE 8.0; Windows NT 5.1; Trident/4.0; .NET CLR 1.1.4322; .NET CLR 2.0.50727)"
66.249.88.138 - - [01/Jan/2015:21:59:49 +0100] "GET /piwik/piwik.js HTTP/1.1" 200 18716 "http://www.a-und-h.de/produkte/anlagenbau" "Mozilla/5.0 (compatible; MSIE 8.0; Windows NT 5.1; Trident/4.0; .NET CLR 1.1.4322; .NET CLR 2.0.50727)"
66.249.88.142 - - [01/Jan/2015:21:59:50 +0100] "GET /wp-content/themes/purevision/styles/style1/images/double-arrow.png HTTP/1.1" 200 197 "http://www.a-und-h.de/produkte/anlagenbau" "Mozilla/5.0 (compatible; MSIE 8.0; Windows NT 5.1; Trident/4.0; .NET CLR 1.1.4322; .NET CLR 2.0.50727)"
66.249.88.138 - - [01/Jan/2015:21:59:51 +0100] "GET /wp-content/plugins/cookie-opt-in/js/cookie-opt-in-if.js?ver=1 HTTP/1.1" 200 1119 "http://www.a-und-h.de/produkte/anlagenbau" "Mozilla/5.0 (compatible; MSIE 8.0; Windows NT 5.1; Trident/4.0; .NET CLR 1.1.4322; .NET CLR 2.0.50727)"
66.249.88.138 - - [01/Jan/2015:21:59:51 +0100] "GET /piwik/piwik.php?action_name=Anlagenbau%20%7C%20A%2BH%20Adsorp&idsite=1&rec=1&r=671263&h=12&m=59&s=40&url=http%3A%2F%2Fwww.a-und-h.de%2Fprodukte%2Fanlagenbau&urlref=http%3A%2F%2Fwww.google.at%2Furl%3Fsa%3Dt%26rct%3Dj%26q%3D%26esrc%3Ds%26source%3Dweb%26cd%3D1%26ved%3D0CCAQFjAF%26url%3Dhttp%253A%252F%252Fwww.a-und-h.de%252Fprodukte%252Fanlagenbau%26ei%3DF7WlVOLKGd7xuAKougE%26usg%3DAFQjCNFkYYE3pWtaxn3zPfUrTdGQvrurVA&_id=1b8a59d98716ccd5&_idts=1420145980&_idvc=1&_idn=1&_refts=1420145980&_viewts=1420145980&_ref=http%3A%2F%2Fwww.google.at%2Furl%3Fsa%3Dt%26rct%3Dj%26q%3D%26esrc%3Ds%26source%3Dweb%26cd%3D1%26ved%3D0CCAQFjAF%26url%3Dhttp%253A%252F%252Fwww.a-und-h.de%252Fprodukte%252Fanlagenbau%26ei%3DF7WlVOLKGd7xuAKougE%26usg%3DAFQjCNFkYYE3pWtaxn3zPfUrTdGQvrurVA&java=1&res=1024x768&cookie=1 HTTP/1.1" 200 43 "http://www.a-und-h.de/produkte/anlagenbau" "Mozilla/5.0 (compatible; MSIE 8.0; Windows NT 5.1; Trident/4.0; .NET CLR 1.1.4322; .NET CLR 2.0.50727)"
66.249.88.138 - - [01/Jan/2015:21:59:52 +0100] "GET /wp-includes/js/comment-reply.min.js?ver=4.0.1 HTTP/1.1" 200 757 "http://www.a-und-h.de/produkte/anlagenbau" "Mozilla/5.0 (compatible; MSIE 8.0; Windows NT 5.1; Trident/4.0; .NET CLR 1.1.4322; .NET CLR 2.0.50727)"
66.249.88.140 - - [01/Jan/2015:21:59:53 +0100] "GET /wp-content/plugins/contact-form-7/includes/js/jquery.form.min.js?ver=3.51.0-2014.06.20 HTTP/1.1" 200 15248 "http://www.a-und-h.de/produkte/anlagenbau" "Mozilla/5.0 (compatible; MSIE 8.0; Windows NT 5.1; Trident/4.0; .NET CLR 1.1.4322; .NET CLR 2.0.50727)"
66.249.88.138 - - [01/Jan/2015:21:59:54 +0100] "GET /wp-content/plugins/contact-form-7/includes/js/scripts.js?ver=4.0.1 HTTP/1.1" 200 9658 "http://www.a-und-h.de/produkte/anlagenbau" "Mozilla/5.0 (compatible; MSIE 8.0; Windows NT 5.1; Trident/4.0; .NET CLR 1.1.4322; .NET CLR 2.0.50727)"
66.249.88.140 - - [01/Jan/2015:21:59:55 +0100] "GET /produkte/www.a-und-h.de/favicon.ico HTTP/1.1" 404 22073 "-" "Mozilla/5.0 (compatible; MSIE 8.0; Windows NT 5.1; Trident/4.0; .NET CLR 1.1.4322; .NET CLR 2.0.50727)"
66.249.88.142 - - [01/Jan/2015:21:59:58 +0100] "GET /wp-content/plugins/wp-slimbox2/images/de_DE/closelabel-de.gif HTTP/1.1" 200 886 "http://www.a-und-h.de/produkte/anlagenbau" "Mozilla/5.0 (compatible; MSIE 8.0; Windows NT 5.1; Trident/4.0; .NET CLR 1.1.4322; .NET CLR 2.0.50727)"
66.249.78.79 - - [01/Jan/2015:22:03:07 +0100] "GET /en HTTP/1.1" 301 - "-" "Mozilla/5.0 (compatible; Googlebot/2.1; +http://www.google.com/bot.html)"
188.40.35.97 - - [01/Jan/2015:22:03:07 +0100] "POST /wp-cron.php?doing_wp_cron=1420146187.5368230342864990234375 HTTP/1.0" 200 - "-" "WordPress/4.0.1; http://www.a-und-h.de"
66.249.78.79 - - [01/Jan/2015:22:03:08 +0100] "GET /en/ HTTP/1.1" 200 24843 "-" "Mozilla/5.0 (compatible; Googlebot/2.1; +http://www.google.com/bot.html)"
188.40.35.97 - - [01/Jan/2015:22:17:58 +0100] "POST /wp-cron.php?doing_wp_cron=1420147078.7884149551391601562500 HTTP/1.0" 200 - "-" "WordPress/4.0.1; http://www.a-und-h.de"
220.181.108.119 - - [01/Jan/2015:22:17:58 +0100] "GET /unternehmen/referenzen HTTP/1.1" 200 24718 "-" "Mozilla/5.0 (compatible; Baiduspider/2.0; +http://www.baidu.com/search/spider.html)"
68.180.228.219 - - [01/Jan/2015:22:20:17 +0100] "GET /luftentfeuchtung/anwendungsbereiche HTTP/1.1" 200 36781 "-" "Mozilla/5.0 (compatible; Yahoo! Slurp; http://help.yahoo.com/help/us/ysearch/slurp)"
68.180.228.219 - - [01/Jan/2015:22:21:17 +0100] "GET /wp-content/uploads/2014/10/Sandstrahlen-und-Lackieren-141013.pdf HTTP/1.1" 304 - "-" "Mozilla/5.0 (compatible; Yahoo! Slurp; http://help.yahoo.com/help/us/ysearch/slurp)"
68.180.228.219 - - [01/Jan/2015:22:21:29 +0100] "GET /wp-content/uploads/2014/07/Schifffahrt140722a.pdf HTTP/1.1" 200 607871 "-" "Mozilla/5.0 (compatible; Yahoo! Slurp; http://help.yahoo.com/help/us/ysearch/slurp)"
68.180.228.219 - - [01/Jan/2015:22:21:42 +0100] "GET /wp-content/uploads/2014/08/Hygroskopische-Materialien-140806.pdf HTTP/1.1" 200 264616 "-" "Mozilla/5.0 (compatible; Yahoo! Slurp; http://help.yahoo.com/help/us/ysearch/slurp)"
68.180.228.219 - - [01/Jan/2015:22:21:43 +0100] "GET /wp-content/uploads/2014/07/Reinraum140722.pdf HTTP/1.1" 200 404092 "-" "Mozilla/5.0 (compatible; Yahoo! Slurp; http://help.yahoo.com/help/us/ysearch/slurp)"
68.180.228.219 - - [01/Jan/2015:22:21:46 +0100] "GET /wp-content/uploads/2014/10/Rettungsboote-141013.pdf HTTP/1.1" 200 401132 "-" "Mozilla/5.0 (compatible; Yahoo! Slurp; http://help.yahoo.com/help/us/ysearch/slurp)"
188.40.35.97 - - [01/Jan/2015:22:36:15 +0100] "POST /wp-cron.php?doing_wp_cron=1420148175.5228800773620605468750 HTTP/1.0" 200 - "-" "WordPress/4.0.1; http://www.a-und-h.de"
207.46.13.11 - - [01/Jan/2015:22:36:15 +0100] "GET /expertise HTTP/1.1" 200 22966 "-" "Mozilla/5.0 (compatible; bingbot/2.0; +http://www.bing.com/bingbot.htm)"
188.40.35.97 - - [01/Jan/2015:22:42:58 +0100] "POST /wp-cron.php?doing_wp_cron=1420148578.7409489154815673828125 HTTP/1.0" 200 - "-" "WordPress/4.0.1; http://www.a-und-h.de"
68.180.228.219 - - [01/Jan/2015:22:42:58 +0100] "GET /references HTTP/1.1" 200 22978 "-" "Mozilla/5.0 (compatible; Yahoo! Slurp; http://help.yahoo.com/help/us/ysearch/slurp)"
116.253.143.176 - - [01/Jan/2015:22:43:22 +0100] "GET /databases/%25%23%40%24%40%23FDS%40%23%24%25%25%23.asp HTTP/1.0" 404 20489 "-" "Mozilla/5.0 (compatible; Baiduspider/2.0; +http://www.baidu.com/search/spider.html)"
188.40.35.97 - - [01/Jan/2015:22:48:26 +0100] "POST /wp-cron.php?doing_wp_cron=1420148906.3103199005126953125000 HTTP/1.0" 200 - "-" "WordPress/4.0.1; http://www.a-und-h.de"
80.187.106.40 - - [01/Jan/2015:22:48:25 +0100] "GET /produkte/anlagenbau?gclid=CPaEu_fi88ICFUbMtAodDD0Aqg HTTP/1.1" 200 26432 "http://www.google.de/aclk?sa=L&ai=CHT_9TMClVJ2FOPKS0wWH6YH4CvLY_4cGopuC77AB6tWVjzAIAxACIJOy-hwoA2CV-vCBjAfIAQGpApep1nV5SbQ-qgQoT9BzhbPrPI1aZShl9--mqH3tgU1uzC_9EnQmVQ9PQgUrQtmxa6H3cNgGAoAHuu-TKpAHA6gHpr4b&sig=AOD64_2nHnFTryCokdqORGzaCc87idzcMA&rct=j&q=&ved=0CJ8EENEM&adurl=http://www.a-und-h.de/produkte/anlagenbau" "Mozilla/5.0 (iPhone; CPU iPhone OS 8_1_1 like Mac OS X) AppleWebKit/600.1.4 (KHTML, like Gecko) Version/8.0 Mobile/12B435 Safari/600.1.4"
80.187.106.40 - - [01/Jan/2015:22:48:32 +0100] "GET /wp-content/plugins/category-posts/cat-posts.css?ver=4.0.1 HTTP/1.1" 200 833 "http://www.a-und-h.de/produkte/anlagenbau?gclid=CPaEu_fi88ICFUbMtAodDD0Aqg" "Mozilla/5.0 (iPhone; CPU iPhone OS 8_1_1 like Mac OS X) AppleWebKit/600.1.4 (KHTML, like Gecko) Version/8.0 Mobile/12B435 Safari/600.1.4"
80.187.106.40 - - [01/Jan/2015:22:48:32 +0100] "GET /wp-content/plugins/wptouch/themes/foundation/modules/pushit/pushit.css?ver=4.0.1 HTTP/1.1" 200 484 "http://www.a-und-h.de/produkte/anlagenbau?gclid=CPaEu_fi88ICFUbMtAodDD0Aqg" "Mozilla/5.0 (iPhone; CPU iPhone OS 8_1_1 like Mac OS X) AppleWebKit/600.1.4 (KHTML, like Gecko) Version/8.0 Mobile/12B435 Safari/600.1.4"
80.187.106.40 - - [01/Jan/2015:22:48:32 +0100] "GET /wp-content/plugins/cookie-opt-in/css/style.css?ver=4.0.1 HTTP/1.1" 200 2316 "http://www.a-und-h.de/produkte/anlagenbau?gclid=CPaEu_fi88ICFUbMtAodDD0Aqg" "Mozilla/5.0 (iPhone; CPU iPhone OS 8_1_1 like Mac OS X) AppleWebKit/600.1.4 (KHTML, like Gecko) Version/8.0 Mobile/12B435 Safari/600.1.4"
80.187.106.40 - - [01/Jan/2015:22:48:32 +0100] "GET /wp-content/plugins/wptouch/themes/foundation/default/style.css?ver=3.5.3 HTTP/1.1" 200 23416 "http://www.a-und-h.de/produkte/anlagenbau?gclid=CPaEu_fi88ICFUbMtAodDD0Aqg" "Mozilla/5.0 (iPhone; CPU iPhone OS 8_1_1 like Mac OS X) AppleWebKit/600.1.4 (KHTML, like Gecko) Version/8.0 Mobile/12B435 Safari/600.1.4"
80.187.106.40 - - [01/Jan/2015:22:48:32 +0100] "GET /wp-content/plugins/wptouch/themes/bauhaus/default/style.css?ver=3.5.3 HTTP/1.1" 200 18657 "http://www.a-und-h.de/produkte/anlagenbau?gclid=CPaEu_fi88ICFUbMtAodDD0Aqg" "Mozilla/5.0 (iPhone; CPU iPhone OS 8_1_1 like Mac OS X) AppleWebKit/600.1.4 (KHTML, like Gecko) Version/8.0 Mobile/12B435 Safari/600.1.4"
80.187.106.40 - - [01/Jan/2015:22:48:32 +0100] "GET /wp-content/plugins/wptouch/themes/foundation/modules/font-awesome/font-awesome.min.css?ver=2.2 HTTP/1.1" 200 22054 "http://www.a-und-h.de/produkte/anlagenbau?gclid=CPaEu_fi88ICFUbMtAodDD0Aqg" "Mozilla/5.0 (iPhone; CPU iPhone OS 8_1_1 like Mac OS X) AppleWebKit/600.1.4 (KHTML, like Gecko) Version/8.0 Mobile/12B435 Safari/600.1.4"
80.187.106.40 - - [01/Jan/2015:22:48:32 +0100] "GET /wp-content/plugins/contact-form-7/includes/css/styles.css?ver=4.0.1 HTTP/1.1" 200 1103 "http://www.a-und-h.de/produkte/anlagenbau?gclid=CPaEu_fi88ICFUbMtAodDD0Aqg" "Mozilla/5.0 (iPhone; CPU iPhone OS 8_1_1 like Mac OS X) AppleWebKit/600.1.4 (KHTML, like Gecko) Version/8.0 Mobile/12B435 Safari/600.1.4"
80.187.106.40 - - [01/Jan/2015:22:48:32 +0100] "GET /wp-content/plugins/wp-slimbox2/css/slimbox2.css?ver=1.1 HTTP/1.1" 200 917 "http://www.a-und-h.de/produkte/anlagenbau?gclid=CPaEu_fi88ICFUbMtAodDD0Aqg" "Mozilla/5.0 (iPhone; CPU iPhone OS 8_1_1 like Mac OS X) AppleWebKit/600.1.4 (KHTML, like Gecko) Version/8.0 Mobile/12B435 Safari/600.1.4"
80.187.106.40 - - [01/Jan/2015:22:48:32 +0100] "GET /wp-includes/js/jquery/jquery-migrate.min.js?ver=1.2.1 HTTP/1.1" 200 7200 "http://www.a-und-h.de/produkte/anlagenbau?gclid=CPaEu_fi88ICFUbMtAodDD0Aqg" "Mozilla/5.0 (iPhone; CPU iPhone OS 8_1_1 like Mac OS X) AppleWebKit/600.1.4 (KHTML, like Gecko) Version/8.0 Mobile/12B435 Safari/600.1.4"
80.187.106.40 - - [01/Jan/2015:22:48:32 +0100] "GET /wp-content/plugins/wp-table-reloaded/css/datatables.css?ver=1.9.4 HTTP/1.1" 200 2329 "http://www.a-und-h.de/produkte/anlagenbau?gclid=CPaEu_fi88ICFUbMtAodDD0Aqg" "Mozilla/5.0 (iPhone; CPU iPhone OS 8_1_1 like Mac OS X) AppleWebKit/600.1.4 (KHTML, like Gecko) Version/8.0 Mobile/12B435 Safari/600.1.4"
80.187.106.40 - - [01/Jan/2015:22:48:32 +0100] "GET /wp-content/plugins/wp-table-reloaded/css/plugin.css?ver=1.9.4 HTTP/1.1" 200 980 "http://www.a-und-h.de/produkte/anlagenbau?gclid=CPaEu_fi88ICFUbMtAodDD0Aqg" "Mozilla/5.0 (iPhone; CPU iPhone OS 8_1_1 like Mac OS X) AppleWebKit/600.1.4 (KHTML, like Gecko) Version/8.0 Mobile/12B435 Safari/600.1.4"
80.187.106.40 - - [01/Jan/2015:22:48:32 +0100] "GET /wp-content/plugins/newsletter/subscription/styles/widget-neutral.css HTTP/1.1" 200 1018 "http://www.a-und-h.de/produkte/anlagenbau?gclid=CPaEu_fi88ICFUbMtAodDD0Aqg" "Mozilla/5.0 (iPhone; CPU iPhone OS 8_1_1 like Mac OS X) AppleWebKit/600.1.4 (KHTML, like Gecko) Version/8.0 Mobile/12B435 Safari/600.1.4"
80.187.106.40 - - [01/Jan/2015:22:48:32 +0100] "GET /wp-includes/js/jquery/jquery.js?ver=1.11.1 HTTP/1.1" 200 95807 "http://www.a-und-h.de/produkte/anlagenbau?gclid=CPaEu_fi88ICFUbMtAodDD0Aqg" "Mozilla/5.0 (iPhone; CPU iPhone OS 8_1_1 like Mac OS X) AppleWebKit/600.1.4 (KHTML, like Gecko) Version/8.0 Mobile/12B435 Safari/600.1.4"
80.187.106.40 - - [01/Jan/2015:22:48:32 +0100] "GET /wp-content/plugins/contact-form-7/includes/js/scripts.js?ver=4.0.1 HTTP/1.1" 200 9658 "http://www.a-und-h.de/produkte/anlagenbau?gclid=CPaEu_fi88ICFUbMtAodDD0Aqg" "Mozilla/5.0 (iPhone; CPU iPhone OS 8_1_1 like Mac OS X) AppleWebKit/600.1.4 (KHTML, like Gecko) Version/8.0 Mobile/12B435 Safari/600.1.4"
80.187.106.40 - - [01/Jan/2015:22:48:32 +0100] "GET /wp-content/plugins/wp-slimbox2/javascript/slimbox2.js?ver=2.04 HTTP/1.1" 200 3777 "http://www.a-und-h.de/produkte/anlagenbau?gclid=CPaEu_fi88ICFUbMtAodDD0Aqg" "Mozilla/5.0 (iPhone; CPU iPhone OS 8_1_1 like Mac OS X) AppleWebKit/600.1.4 (KHTML, like Gecko) Version/8.0 Mobile/12B435 Safari/600.1.4"
80.187.106.40 - - [01/Jan/2015:22:48:33 +0100] "GET /wp-content/plugins/wp-slimbox2/javascript/slimbox2_autoload.js?ver=1.0.4b HTTP/1.1" 200 3027 "http://www.a-und-h.de/produkte/anlagenbau?gclid=CPaEu_fi88ICFUbMtAodDD0Aqg" "Mozilla/5.0 (iPhone; CPU iPhone OS 8_1_1 like Mac OS X) AppleWebKit/600.1.4 (KHTML, like Gecko) Version/8.0 Mobile/12B435 Safari/600.1.4"
80.187.106.40 - - [01/Jan/2015:22:48:32 +0100] "GET /wp-content/plugins/cookie-opt-in/js/cookie-opt-in.js?ver=1 HTTP/1.1" 200 9405 "http://www.a-und-h.de/produkte/anlagenbau?gclid=CPaEu_fi88ICFUbMtAodDD0Aqg" "Mozilla/5.0 (iPhone; CPU iPhone OS 8_1_1 like Mac OS X) AppleWebKit/600.1.4 (KHTML, like Gecko) Version/8.0 Mobile/12B435 Safari/600.1.4"
80.187.106.40 - - [01/Jan/2015:22:48:34 +0100] "GET /wp-content/plugins/cookie-opt-in/js/cookie-opt-in-if.js?ver=1 HTTP/1.1" 200 1119 "http://www.a-und-h.de/produkte/anlagenbau?gclid=CPaEu_fi88ICFUbMtAodDD0Aqg" "Mozilla/5.0 (iPhone; CPU iPhone OS 8_1_1 like Mac OS X) AppleWebKit/600.1.4 (KHTML, like Gecko) Version/8.0 Mobile/12B435 Safari/600.1.4"
80.187.106.40 - - [01/Jan/2015:22:48:32 +0100] "GET /wp-content/wptouch-data/cache/wptouch-f5396d16806ec55b7e82bcb4a6d4752a1f2f5b33.js HTTP/1.1" 200 66433 "http://www.a-und-h.de/produkte/anlagenbau?gclid=CPaEu_fi88ICFUbMtAodDD0Aqg" "Mozilla/5.0 (iPhone; CPU iPhone OS 8_1_1 like Mac OS X) AppleWebKit/600.1.4 (KHTML, like Gecko) Version/8.0 Mobile/12B435 Safari/600.1.4"
80.187.106.40 - - [01/Jan/2015:22:48:36 +0100] "GET /wp-content/plugins/contact-form-7/includes/js/jquery.form.min.js?ver=3.51.0-2014.06.20 HTTP/1.1" 200 15248 "http://www.a-und-h.de/produkte/anlagenbau?gclid=CPaEu_fi88ICFUbMtAodDD0Aqg" "Mozilla/5.0 (iPhone; CPU iPhone OS 8_1_1 like Mac OS X) AppleWebKit/600.1.4 (KHTML, like Gecko) Version/8.0 Mobile/12B435 Safari/600.1.4"
80.187.106.40 - - [01/Jan/2015:22:48:35 +0100] "GET /wp-content/plugins/snow-storm/snow-storm.js?ver=1.41 HTTP/1.1" 200 9852 "http://www.a-und-h.de/produkte/anlagenbau?gclid=CPaEu_fi88ICFUbMtAodDD0Aqg" "Mozilla/5.0 (iPhone; CPU iPhone OS 8_1_1 like Mac OS X) AppleWebKit/600.1.4 (KHTML, like Gecko) Version/8.0 Mobile/12B435 Safari/600.1.4"
80.187.106.40 - - [01/Jan/2015:22:48:35 +0100] "GET /wp-content/plugins/wptouch/resources/icons/elegant/Mail.png HTTP/1.1" 200 1245 "http://www.a-und-h.de/produkte/anlagenbau?gclid=CPaEu_fi88ICFUbMtAodDD0Aqg" "Mozilla/5.0 (iPhone; CPU iPhone OS 8_1_1 like Mac OS X) AppleWebKit/600.1.4 (KHTML, like Gecko) Version/8.0 Mobile/12B435 Safari/600.1.4"
80.187.106.40 - - [01/Jan/2015:22:48:34 +0100] "GET /wp-content/plugins/wptouch/resources/icons/elegant/Paper.png HTTP/1.1" 200 336 "http://www.a-und-h.de/produkte/anlagenbau?gclid=CPaEu_fi88ICFUbMtAodDD0Aqg" "Mozilla/5.0 (iPhone; CPU iPhone OS 8_1_1 like Mac OS X) AppleWebKit/600.1.4 (KHTML, like Gecko) Version/8.0 Mobile/12B435 Safari/600.1.4"
80.187.106.40 - - [01/Jan/2015:22:48:32 +0100] "GET /wp-content/plugins/wptouch/resources/icons/elegant/Pencil.png HTTP/1.1" 200 1370 "http://www.a-und-h.de/produkte/anlagenbau?gclid=CPaEu_fi88ICFUbMtAodDD0Aqg" "Mozilla/5.0 (iPhone; CPU iPhone OS 8_1_1 like Mac OS X) AppleWebKit/600.1.4 (KHTML, like Gecko) Version/8.0 Mobile/12B435 Safari/600.1.4"
80.187.106.40 - - [01/Jan/2015:22:48:37 +0100] "GET /piwik/piwik.js HTTP/1.1" 200 18716 "http://www.a-und-h.de/produkte/anlagenbau?gclid=CPaEu_fi88ICFUbMtAodDD0Aqg" "Mozilla/5.0 (iPhone; CPU iPhone OS 8_1_1 like Mac OS X) AppleWebKit/600.1.4 (KHTML, like Gecko) Version/8.0 Mobile/12B435 Safari/600.1.4"
80.187.106.40 - - [01/Jan/2015:22:48:38 +0100] "GET /wp-content/plugins/wptouch/resources/icons/elegant/Graph.png HTTP/1.1" 200 970 "http://www.a-und-h.de/produkte/anlagenbau?gclid=CPaEu_fi88ICFUbMtAodDD0Aqg" "Mozilla/5.0 (iPhone; CPU iPhone OS 8_1_1 like Mac OS X) AppleWebKit/600.1.4 (KHTML, like Gecko) Version/8.0 Mobile/12B435 Safari/600.1.4"
80.187.106.40 - - [01/Jan/2015:22:48:38 +0100] "GET /wp-content/plugins/wptouch/resources/icons/elegant/Config.png HTTP/1.1" 200 789 "http://www.a-und-h.de/produkte/anlagenbau?gclid=CPaEu_fi88ICFUbMtAodDD0Aqg" "Mozilla/5.0 (iPhone; CPU iPhone OS 8_1_1 like Mac OS X) AppleWebKit/600.1.4 (KHTML, like Gecko) Version/8.0 Mobile/12B435 Safari/600.1.4"
80.187.106.40 - - [01/Jan/2015:22:48:37 +0100] "GET /wp-content/plugins/wptouch/resources/icons/elegant/Questions.png HTTP/1.1" 200 2784 "http://www.a-und-h.de/produkte/anlagenbau?gclid=CPaEu_fi88ICFUbMtAodDD0Aqg" "Mozilla/5.0 (iPhone; CPU iPhone OS 8_1_1 like Mac OS X) AppleWebKit/600.1.4 (KHTML, like Gecko) Version/8.0 Mobile/12B435 Safari/600.1.4"
80.187.106.40 - - [01/Jan/2015:22:48:37 +0100] "GET /wp-content/uploads/2014/10/Anlagenbau-Banner-1024x266.jpg HTTP/1.1" 200 26280 "http://www.a-und-h.de/produkte/anlagenbau?gclid=CPaEu_fi88ICFUbMtAodDD0Aqg" "Mozilla/5.0 (iPhone; CPU iPhone OS 8_1_1 like Mac OS X) AppleWebKit/600.1.4 (KHTML, like Gecko) Version/8.0 Mobile/12B435 Safari/600.1.4"
80.187.106.40 - - [01/Jan/2015:22:48:40 +0100] "GET /wp-content/plugins/wptouch/resources/icons/elegant/World.png HTTP/1.1" 200 3483 "http://www.a-und-h.de/produkte/anlagenbau?gclid=CPaEu_fi88ICFUbMtAodDD0Aqg" "Mozilla/5.0 (iPhone; CPU iPhone OS 8_1_1 like Mac OS X) AppleWebKit/600.1.4 (KHTML, like Gecko) Version/8.0 Mobile/12B435 Safari/600.1.4"
80.187.106.40 - - [01/Jan/2015:22:48:40 +0100] "GET /wp-content/plugins/wptouch/themes/foundation/modules/font-awesome/fontawesome-webfont.woff?v=3.2.1 HTTP/1.1" 200 43572 "http://www.a-und-h.de/produkte/anlagenbau?gclid=CPaEu_fi88ICFUbMtAodDD0Aqg" "Mozilla/5.0 (iPhone; CPU iPhone OS 8_1_1 like Mac OS X) AppleWebKit/600.1.4 (KHTML, like Gecko) Version/8.0 Mobile/12B435 Safari/600.1.4"
80.187.106.40 - - [01/Jan/2015:22:48:40 +0100] "GET /wp-content/uploads/2014/10/Luftentfeuchtungssystem-300x250.jpg HTTP/1.1" 200 15242 "http://www.a-und-h.de/produkte/anlagenbau?gclid=CPaEu_fi88ICFUbMtAodDD0Aqg" "Mozilla/5.0 (iPhone; CPU iPhone OS 8_1_1 like Mac OS X) AppleWebKit/600.1.4 (KHTML, like Gecko) Version/8.0 Mobile/12B435 Safari/600.1.4"
80.187.106.40 - - [01/Jan/2015:22:48:40 +0100] "GET /wp-content/wptouch-data/uploads/A+H-Markenzeichen%20f%C3%BCr%20Google.jpg HTTP/1.1" 200 20474 "http://www.a-und-h.de/produkte/anlagenbau?gclid=CPaEu_fi88ICFUbMtAodDD0Aqg" "Mozilla/5.0 (iPhone; CPU iPhone OS 8_1_1 like Mac OS X) AppleWebKit/600.1.4 (KHTML, like Gecko) Version/8.0 Mobile/12B435 Safari/600.1.4"
80.187.106.40 - - [01/Jan/2015:22:48:40 +0100] "GET /wp-content/uploads/2014/10/Luftentfeuchtungsanlage-Anlagenbau-300x267.jpg HTTP/1.1" 200 13934 "http://www.a-und-h.de/produkte/anlagenbau?gclid=CPaEu_fi88ICFUbMtAodDD0Aqg" "Mozilla/5.0 (iPhone; CPU iPhone OS 8_1_1 like Mac OS X) AppleWebKit/600.1.4 (KHTML, like Gecko) Version/8.0 Mobile/12B435 Safari/600.1.4"
80.187.106.40 - - [01/Jan/2015:22:48:41 +0100] "GET /wp-content/uploads/2014/10/Luftentfeuchtungsanlage-300x178.jpg HTTP/1.1" 200 13777 "http://www.a-und-h.de/produkte/anlagenbau?gclid=CPaEu_fi88ICFUbMtAodDD0Aqg" "Mozilla/5.0 (iPhone; CPU iPhone OS 8_1_1 like Mac OS X) AppleWebKit/600.1.4 (KHTML, like Gecko) Version/8.0 Mobile/12B435 Safari/600.1.4"
80.187.106.40 - - [01/Jan/2015:22:48:40 +0100] "GET /piwik/piwik.php?action_name=Anlagenbau%20%7C%20A%2BH%20Adsorp&idsite=1&rec=1&r=517894&h=22&m=48&s=39&url=http%3A%2F%2Fwww.a-und-h.de%2Fprodukte%2Fanlagenbau%3Fgclid%3DCPaEu_fi88ICFUbMtAodDD0Aqg&urlref=http%3A%2F%2Fwww.google.de%2Faclk%3Fsa%3DL%26ai%3DCHT_9TMClVJ2FOPKS0wWH6YH4CvLY_4cGopuC77AB6tWVjzAIAxACIJOy-hwoA2CV-vCBjAfIAQGpApep1nV5SbQ-qgQoT9BzhbPrPI1aZShl9--mqH3tgU1uzC_9EnQmVQ9PQgUrQtmxa6H3cNgGAoAHuu-TKpAHA6gHpr4b%26sig%3DAOD64_2nHnFTryCokdqORGzaCc87idzcMA%26rct%3Dj%26q%3D%26ved%3D0CJ8EENEM%26adurl%3Dhttp%3A%2F%2Fwww.a-und-h.de%2Fprodukte%2Fanlagenbau&_id=d3582c651c52b8e3&_idts=1420148920&_idvc=1&_idn=1&_refts=1420148920&_viewts=1420148920&_ref=http%3A%2F%2Fwww.google.de%2Faclk%3Fsa%3DL%26ai%3DCHT_9TMClVJ2FOPKS0wWH6YH4CvLY_4cGopuC77AB6tWVjzAIAxACIJOy-hwoA2CV-vCBjAfIAQGpApep1nV5SbQ-qgQoT9BzhbPrPI1aZShl9--mqH3tgU1uzC_9EnQmVQ9PQgUrQtmxa6H3cNgGAoAHuu-TKpAHA6gHpr4b%26sig%3DAOD64_2nHnFTryCokdqORGzaCc87idzcMA%26rct%3Dj%26q%3D%26ved%3D0CJ8EENEM%26adurl%3Dhttp%3A%2F%2Fwww.a-und-h.de%2Fprodukte%2Fanlagenbau&res=320x568&cookie=1 HTTP/1.1" 200 43 "http://www.a-und-h.de/produkte/anlagenbau?gclid=CPaEu_fi88ICFUbMtAodDD0Aqg" "Mozilla/5.0 (iPhone; CPU iPhone OS 8_1_1 like Mac OS X) AppleWebKit/600.1.4 (KHTML, like Gecko) Version/8.0 Mobile/12B435 Safari/600.1.4"
180.76.5.57 - - [01/Jan/2015:22:51:15 +0100] "GET / HTTP/1.1" 301 305 "-" "Mozilla/5.0 (compatible; Baiduspider/2.0; +http://www.baidu.com/search/spider.html)"
180.76.6.146 - - [01/Jan/2015:22:51:16 +0100] "GET / HTTP/1.1" 302 - "-" "Mozilla/5.0 (compatible; Baiduspider/2.0; +http://www.baidu.com/search/spider.html)"
180.76.5.195 - - [01/Jan/2015:22:51:17 +0100] "GET /en/ HTTP/1.1" 200 24843 "-" "Mozilla/5.0 (compatible; Baiduspider/2.0; +http://www.baidu.com/search/spider.html)"
66.249.78.79 - - [01/Jan/2015:22:54:44 +0100] "GET /?page_id=24 HTTP/1.1" 301 - "-" "Mozilla/5.0 (compatible; Googlebot/2.1; +http://www.google.com/bot.html)"
188.40.35.97 - - [01/Jan/2015:22:54:49 +0100] "POST /wp-cron.php?doing_wp_cron=1420149287.5033600330352783203125 HTTP/1.0" 200 - "-" "WordPress/4.0.1; http://www.a-und-h.de"
66.249.78.93 - - [01/Jan/2015:22:54:52 +0100] "GET /luftentfeuchtung/prinzip HTTP/1.1" 200 24304 "-" "Mozilla/5.0 (compatible; Googlebot/2.1; +http://www.google.com/bot.html)"
188.40.35.97 - - [01/Jan/2015:23:02:26 +0100] "POST /wp-cron.php?doing_wp_cron=1420149746.2863678932189941406250 HTTP/1.0" 200 - "-" "WordPress/4.0.1; http://www.a-und-h.de"
157.55.39.2 - - [01/Jan/2015:23:02:26 +0100] "GET /robots.txt HTTP/1.1" 200 35 "-" "Mozilla/5.0 (compatible; bingbot/2.0; +http://www.bing.com/bingbot.htm)"
66.249.78.93 - - [01/Jan/2015:23:16:41 +0100] "GET /wp-content/uploads/2012/03/MSR-Symbole+Kennbuchstaben.pdf HTTP/1.1" 304 - "-" "Mozilla/5.0 (compatible; Googlebot/2.1; +http://www.google.com/bot.html)"
188.40.35.97 - - [01/Jan/2015:23:17:15 +0100] "POST /wp-cron.php?doing_wp_cron=1420150635.8072071075439453125000 HTTP/1.0" 200 - "-" "WordPress/4.0.1; http://www.a-und-h.de"
68.180.228.219 - - [01/Jan/2015:23:17:14 +0100] "GET /adsorp700bis1500 HTTP/1.1" 200 31528 "-" "Mozilla/5.0 (compatible; Yahoo! Slurp; http://help.yahoo.com/help/us/ysearch/slurp)"
68.180.228.219 - - [01/Jan/2015:23:19:47 +0100] "GET /?p=1332 HTTP/1.1" 301 - "-" "Mozilla/5.0 (compatible; Yahoo! Slurp; http://help.yahoo.com/help/us/ysearch/slurp)"
182.118.20.164 - - [01/Jan/2015:23:20:22 +0100] "GET /robots.txt HTTP/1.1" 301 315 "http://a-und-h.de/robots.txt" "Mozilla/5.0 (compatible; MSIE 9.0; Windows NT 6.1; Trident/5.0); 360Spider"
182.118.20.174 - - [01/Jan/2015:23:20:28 +0100] "GET /robots.txt HTTP/1.1" 200 35 "http://a-und-h.de/robots.txt" "Mozilla/5.0 (compatible; MSIE 9.0; Windows NT 6.1; Trident/5.0); 360Spider"
141.8.147.20 - - [01/Jan/2015:23:21:32 +0100] "GET /de/ HTTP/1.1" 200 26581 "-" "Mozilla/5.0 (compatible; YandexBot/3.0; +http://yandex.com/bots)"
94.153.9.175 - - [01/Jan/2015:23:32:43 +0100] "GET / HTTP/1.1" 302 - "http://sk.golden-praga.ru/" "Mozilla/4.0 (compatible; MSIE 6.0; Windows NT 5.1; SV1)"
94.153.9.175 - - [01/Jan/2015:23:32:44 +0100] "GET / HTTP/1.1" 302 - "http://sk.golden-praga.ru/" "Mozilla/4.0 (compatible; MSIE 6.0; Windows NT 5.1; SV1)"
94.153.9.175 - - [01/Jan/2015:23:32:42 +0100] "GET / HTTP/1.1" 302 - "http://sk.golden-praga.ru/" "Mozilla/4.0 (compatible; MSIE 6.0; Windows NT 5.1; SV1)"
188.40.35.97 - - [01/Jan/2015:23:32:43 +0100] "POST /wp-cron.php?doing_wp_cron=1420151563.7319929599761962890625 HTTP/1.0" 200 - "-" "WordPress/4.0.1; http://www.a-und-h.de"
217.69.133.236 - - [01/Jan/2015:23:34:12 +0100] "GET /robots.txt HTTP/1.1" 200 35 "-" "Mozilla/5.0 (compatible; Linux x86_64; Mail.RU_Bot/2.0; +http://go.mail.ru/help/robots)"
217.69.133.234 - - [01/Jan/2015:23:34:13 +0100] "GET /da-310-da-410-3 HTTP/1.1" 200 30680 "-" "Mozilla/5.0 (compatible; Linux x86_64; Mail.RU_Bot/2.0; +http://go.mail.ru/help/robots)"
188.40.35.97 - - [01/Jan/2015:23:46:21 +0100] "POST /wp-cron.php?doing_wp_cron=1420152381.2708630561828613281250 HTTP/1.0" 200 - "-" "WordPress/4.0.1; http://www.a-und-h.de"
66.249.78.93 - - [01/Jan/2015:23:46:21 +0100] "GET /air-dehumidification/principle-of-air-dehumidification HTTP/1.1" 200 22248 "-" "Mozilla/5.0 (compatible; Googlebot/2.1; +http://www.google.com/bot.html)"
188.40.35.97 - - [02/Jan/2015:00:19:09 +0100] "POST /wp-cron.php?doing_wp_cron=1420154349.6749119758605957031250 HTTP/1.0" 200 - "-" "WordPress/4.0.1; http://www.a-und-h.de"
66.249.78.79 - - [02/Jan/2015:00:18:35 +0100] "GET /?page_id=14 HTTP/1.1" 301 - "-" "Mozilla/5.0 (compatible; Googlebot/2.1; +http://www.google.com/bot.html)"
66.249.78.86 - - [02/Jan/2015:00:19:22 +0100] "GET /kontakt-service HTTP/1.1" 200 23791 "-" "Mozilla/5.0 (compatible; Googlebot/2.1; +http://www.google.com/bot.html)"
37.57.25.225 - - [02/Jan/2015:00:39:12 +0100] "GET / HTTP/1.0" 301 305 "http://a-und-h.de/" "Mozilla/4.0 (compatible; MSIE 6.0; Windows 98; Win 9x 4.90)"
81.0.199.226 - - [02/Jan/2015:01:01:13 +0100] "GET / HTTP/1.1" 302 - "-" "Mozilla/5.0 (Macintosh; Intel Mac OS X 10.7; rv:22.0) Gecko/20100101 Firefox/22.0"
188.40.35.97 - - [02/Jan/2015:01:01:14 +0100] "POST /wp-cron.php?doing_wp_cron=1420156874.0343708992004394531250 HTTP/1.0" 200 - "-" "WordPress/4.0.1; http://www.a-und-h.de"
81.0.199.226 - - [02/Jan/2015:01:01:15 +0100] "GET /en/ HTTP/1.1" 200 24843 "-" "Mozilla/5.0 (Macintosh; Intel Mac OS X 10.7; rv:22.0) Gecko/20100101 Firefox/22.0"
188.40.35.97 - - [02/Jan/2015:01:07:32 +0100] "POST /wp-cron.php?doing_wp_cron=1420157252.3240609169006347656250 HTTP/1.0" 200 - "-" "WordPress/4.0.1; http://www.a-und-h.de"
141.8.147.20 - - [02/Jan/2015:01:07:31 +0100] "GET /expertise HTTP/1.1" 200 22966 "-" "Mozilla/5.0 (compatible; YandexBot/3.0; +http://yandex.com/bots)"
188.40.35.97 - - [02/Jan/2015:01:11:56 +0100] "POST /wp-cron.php?doing_wp_cron=1420157516.8983359336853027343750 HTTP/1.0" 200 - "-" "WordPress/4.0.1; http://www.a-und-h.de"
202.46.49.181 - - [02/Jan/2015:01:11:56 +0100] "GET /de HTTP/1.1" 301 - "-" "Mozilla/5.0 (Windows; U; Windows NT 5.1; zh-CN; rv:1.9.1.2) Firefox/3.5.2"
202.46.51.78 - - [02/Jan/2015:01:11:58 +0100] "GET /de/ HTTP/1.1" 200 26581 "-" "Mozilla/5.0 (Windows; U; Windows NT 5.1; zh-CN; rv:1.9.1.2) Firefox/3.5.2"
93.54.97.162 - - [02/Jan/2015:01:17:22 +0100] "POST /wp-login.php HTTP/1.1" 200 3898 "http://www.a-und-h.de/wp-login.php" "Opera/9.80 (Windows NT 6.1; WOW64) Presto/2.12 Version/12.14"
78.6.90.234 - - [02/Jan/2015:01:17:23 +0100] "POST /wp-login.php HTTP/1.1" 200 3898 "http://www.a-und-h.de/wp-login.php" "Mozilla/5.0 (Windows NT 6.1) AppleWebKit/537.36 (KHTML like Gecko) Chrome/29.0.1547.57 Safari/537.36"
93.61.52.191 - - [02/Jan/2015:01:17:04 +0100] "POST /wp-login.php HTTP/1.1" 200 3898 "http://www.a-und-h.de/wp-login.php" "Mozilla/5.0 (Windows NT 6.1; rv:8.0.1) Gecko/20100101 Firefox/8.0.1"
93.54.94.35 - - [02/Jan/2015:01:17:08 +0100] "POST /wp-login.php HTTP/1.1" 200 3898 "http://www.a-und-h.de/wp-login.php" "Mozilla/5.0 (Windows NT 6.1) AppleWebKit/536.5 (KHTML like Gecko) Chrome/19.0.1084.56 Safari/536.5"
78.6.100.134 - - [02/Jan/2015:01:17:23 +0100] "POST /wp-login.php HTTP/1.1" 200 3898 "http://www.a-und-h.de/wp-login.php" "Mozilla/5.0 (Windows NT 6.1) AppleWebKit/537.36 (KHTML like Gecko) Chrome/33.0.1750.117 Safari/537.36"
89.96.105.139 - - [02/Jan/2015:01:17:04 +0100] "POST /wp-login.php HTTP/1.1" 200 3898 "http://www.a-und-h.de/wp-login.php" "Mozilla/5.0 (Windows NT 6.1) AppleWebKit/537.36 (KHTML like Gecko) Chrome/32.0.1700.76 Safari/537.36"
78.6.148.74 - - [02/Jan/2015:01:17:18 +0100] "POST /wp-login.php HTTP/1.1" 200 3898 "http://www.a-und-h.de/wp-login.php" "Mozilla/5.0 (Windows NT 6.1) AppleWebKit/536.5 (KHTML like Gecko) Chrome/19.0.1084.56 Safari/536.5"
78.7.229.70 - - [02/Jan/2015:01:17:03 +0100] "POST /wp-login.php HTTP/1.1" 200 3898 "http://www.a-und-h.de/wp-login.php" "Mozilla/5.0 (Windows NT 6.1; WOW64; rv:12.0) Gecko/20100101 Firefox/12.0"
188.40.35.97 - - [02/Jan/2015:01:17:27 +0100] "POST /wp-cron.php?doing_wp_cron=1420157847.0905990600585937500000 HTTP/1.0" 200 - "-" "WordPress/4.0.1; http://www.a-und-h.de"
188.40.35.97 - - [02/Jan/2015:01:17:27 +0100] "POST /wp-cron.php?doing_wp_cron=1420157847.0893220901489257812500 HTTP/1.0" 200 - "-" "WordPress/4.0.1; http://www.a-und-h.de"
188.40.35.97 - - [02/Jan/2015:01:17:27 +0100] "POST /wp-cron.php?doing_wp_cron=1420157847.0908529758453369140625 HTTP/1.0" 200 - "-" "WordPress/4.0.1; http://www.a-und-h.de"
