66.249.88.140 - - [02/Jan/2015:23:01:03 +0100] "GET /wp-content/plugins/cookie-opt-in/js/cookie-opt-in-if.js?ver=1 HTTP/1.1" 200 1119 "http://www.a-und-h.de/produkte/anlagenbau" "Mozilla/4.0 (compatible; MSIE 8.0; Windows NT 6.1; Trident/4.0; SLCC2; .NET CLR 2.0.50727; .NET CLR 3.5.30729; .NET CLR 3.0.30729; Media Center PC 6.0)"
66.249.88.138 - - [02/Jan/2015:23:01:03 +0100] "GET /wp-includes/js/comment-reply.min.js?ver=4.0.1 HTTP/1.1" 200 757 "http://www.a-und-h.de/produkte/anlagenbau" "Mozilla/4.0 (compatible; MSIE 8.0; Windows NT 6.1; Trident/4.0; SLCC2; .NET CLR 2.0.50727; .NET CLR 3.5.30729; .NET CLR 3.0.30729; Media Center PC 6.0)"
66.249.88.140 - - [02/Jan/2015:23:01:04 +0100] "GET /wp-content/plugins/contact-form-7/includes/js/jquery.form.min.js?ver=3.51.0-2014.06.20 HTTP/1.1" 200 15248 "http://www.a-und-h.de/produkte/anlagenbau" "Mozilla/4.0 (compatible; MSIE 8.0; Windows NT 6.1; Trident/4.0; SLCC2; .NET CLR 2.0.50727; .NET CLR 3.5.30729; .NET CLR 3.0.30729; Media Center PC 6.0)"
66.249.88.140 - - [02/Jan/2015:23:01:05 +0100] "GET /wp-content/plugins/contact-form-7/includes/js/scripts.js?ver=4.0.1 HTTP/1.1" 200 9658 "http://www.a-und-h.de/produkte/anlagenbau" "Mozilla/4.0 (compatible; MSIE 8.0; Windows NT 6.1; Trident/4.0; SLCC2; .NET CLR 2.0.50727; .NET CLR 3.5.30729; .NET CLR 3.0.30729; Media Center PC 6.0)"
66.249.88.138 - - [02/Jan/2015:23:01:06 +0100] "GET /produkte/www.a-und-h.de/favicon.ico HTTP/1.1" 404 22073 "-" "Mozilla/4.0 (compatible; MSIE 8.0; Windows NT 6.1; Trident/4.0; SLCC2; .NET CLR 2.0.50727; .NET CLR 3.5.30729; .NET CLR 3.0.30729; Media Center PC 6.0)"
66.249.88.142 - - [02/Jan/2015:23:01:09 +0100] "GET /wp-content/plugins/wp-slimbox2/images/de_DE/closelabel-de.gif HTTP/1.1" 200 886 "http://www.a-und-h.de/produkte/anlagenbau" "Mozilla/4.0 (compatible; MSIE 8.0; Windows NT 6.1; Trident/4.0; SLCC2; .NET CLR 2.0.50727; .NET CLR 3.5.30729; .NET CLR 3.0.30729; Media Center PC 6.0)"
66.249.88.142 - - [02/Jan/2015:23:01:03 +0100] "GET /piwik/piwik.php?action_name=Anlagenbau%20%7C%20A%2BH%20Adsorp&idsite=1&rec=1&r=871766&h=14&m=0&s=54&url=http%3A%2F%2Fwww.a-und-h.de%2Fprodukte%2Fanlagenbau&urlref=http%3A%2F%2Fwww.google.de%2Furl%3Fsa%3Dt%26rct%3Dj%26q%3D%26esrc%3Ds%26source%3Dweb%26cd%3D1%26ved%3D0CCEQFjAF%26url%3Dhttp%253A%252F%252Fwww.a-und-h.de%252Fprodukte%252Fanlagenbau%26ei%3D8hSnVJSEGZSE5wTzGg%26usg%3DAFQjCNFkYYE3pWtaxn3zPfUrTdGQvrurVA&_id=c330847249b15b3b&_idts=1420236055&_idvc=1&_idn=1&_refts=1420236055&_viewts=1420236055&_ref=http%3A%2F%2Fwww.google.de%2Furl%3Fsa%3Dt%26rct%3Dj%26q%3D%26esrc%3Ds%26source%3Dweb%26cd%3D1%26ved%3D0CCEQFjAF%26url%3Dhttp%253A%252F%252Fwww.a-und-h.de%252Fprodukte%252Fanlagenbau%26ei%3D8hSnVJSEGZSE5wTzGg%26usg%3DAFQjCNFkYYE3pWtaxn3zPfUrTdGQvrurVA&java=1&res=1024x768&cookie=1 HTTP/1.1" 200 43 "http://www.a-und-h.de/produkte/anlagenbau" "Mozilla/4.0 (compatible; MSIE 8.0; Windows NT 6.1; Trident/4.0; SLCC2; .NET CLR 2.0.50727; .NET CLR 3.5.30729; .NET CLR 3.0.30729; Media Center PC 6.0)"
66.249.64.24 - - [02/Jan/2015:23:11:49 +0100] "GET /wp-content/themes/purevision/sliders/slider_de/piecemaker.swf?random_number=7817&cssSource=http://www.a-und-h.de/wp-content/themes/purevision/sliders/slider_de/piecemaker.css&xmlSource=http://www.a-und-h.de/wp-content/themes/purevision/sliders/slider_de/piecemaker.xml HTTP/1.1" 200 208139 "-" "Googlebot-Video/1.0"
188.40.35.97 - - [02/Jan/2015:23:19:13 +0100] "POST /wp-cron.php?doing_wp_cron=1420237153.0646469593048095703125 HTTP/1.0" 200 - "-" "WordPress/4.0.1; http://www.a-und-h.de"
217.69.133.235 - - [02/Jan/2015:23:19:12 +0100] "GET /robots.txt HTTP/1.1" 200 35 "-" "Mozilla/5.0 (compatible; Linux x86_64; Mail.RU_Bot/2.0; +http://go.mail.ru/help/robots)"
217.69.133.240 - - [02/Jan/2015:23:19:16 +0100] "GET /wp-content/uploads/2014/08/ZEP-Logo-E-300x113.jpg HTTP/1.1" 200 9232 "-" "Mozilla/5.0 (compatible; Linux x86_64; Mail.RU_Bot/2.0; +http://go.mail.ru/help/robots)"
217.69.133.235 - - [02/Jan/2015:23:19:29 +0100] "GET /kompetenzen HTTP/1.1" 200 25223 "-" "Mozilla/5.0 (compatible; Linux x86_64; Mail.RU_Bot/2.0; +http://go.mail.ru/help/robots)"
62.210.215.119 - - [02/Jan/2015:23:20:59 +0100] "GET /de/feed HTTP/1.1" 200 22105 "-" "Mozilla/5.0 (X11; Linux i686) AppleWebKit/537.36 (KHTML, like Gecko) Chrome/30.0.1599.66 Safari/537.36"
188.40.35.97 - - [02/Jan/2015:23:25:45 +0100] "POST /wp-cron.php?doing_wp_cron=1420237545.6732320785522460937500 HTTP/1.0" 200 - "-" "WordPress/4.0.1; http://www.a-und-h.de"
220.181.108.174 - - [02/Jan/2015:23:25:44 +0100] "GET /da-160-da-250-2 HTTP/1.1" 200 29494 "-" "Mozilla/5.0 (compatible; Baiduspider/2.0; +http://www.baidu.com/search/spider.html)"
220.181.108.156 - - [02/Jan/2015:23:32:41 +0100] "GET /wp-content/plugins/wp-slimbox2/css/slimbox2.css?ver=1.1 HTTP/1.1" 200 917 "http://www.a-und-h.de/da-160-da-250-2" "Mozilla/5.0 (compatible; Baiduspider/2.0; +http://www.baidu.com/search/spider.html)"
220.181.108.175 - - [02/Jan/2015:23:32:41 +0100] "GET /wp-content/themes/purevision/styles/common-css/reset.css?ver=1.0 HTTP/1.1" 200 1004 "http://www.a-und-h.de/da-160-da-250-2" "Mozilla/5.0 (compatible; Baiduspider/2.0; +http://www.baidu.com/search/spider.html)"
220.181.108.119 - - [02/Jan/2015:23:32:43 +0100] "GET /wp-content/themes/purevision/style.css?ver=1.0 HTTP/1.1" 200 885 "http://www.a-und-h.de/da-160-da-250-2" "Mozilla/5.0 (compatible; Baiduspider/2.0; +http://www.baidu.com/search/spider.html)"
220.181.108.75 - - [02/Jan/2015:23:32:43 +0100] "GET /wp-includes/js/jquery/jquery.js?ver=1.11.1 HTTP/1.1" 200 95807 "http://www.a-und-h.de/da-160-da-250-2" "Mozilla/5.0 (compatible; Baiduspider/2.0; +http://www.baidu.com/search/spider.html)"
220.181.108.166 - - [02/Jan/2015:23:32:46 +0100] "GET /wp-content/plugins/snow-storm/snow-storm.js?ver=1.41 HTTP/1.1" 200 9852 "http://www.a-und-h.de/da-160-da-250-2" "Mozilla/5.0 (compatible; Baiduspider/2.0; +http://www.baidu.com/search/spider.html)"
220.181.108.157 - - [02/Jan/2015:23:32:42 +0100] "GET /wp-content/themes/purevision/styles/style1/css/style.css?ver=1.0 HTTP/1.1" 200 72108 "http://www.a-und-h.de/da-160-da-250-2" "Mozilla/5.0 (compatible; Baiduspider/2.0; +http://www.baidu.com/search/spider.html)"
220.181.108.180 - - [02/Jan/2015:23:32:52 +0100] "GET /wp-content/plugins/wp-table-reloaded/js/jquery.datatables.min.js?ver=1.9.4 HTTP/1.1" 200 70944 "http://www.a-und-h.de/da-160-da-250-2" "Mozilla/5.0 (compatible; Baiduspider/2.0; +http://www.baidu.com/search/spider.html)"
220.181.108.88 - - [02/Jan/2015:23:32:53 +0100] "GET /piwik/piwik.js HTTP/1.1" 200 18716 "http://www.a-und-h.de/da-160-da-250-2" "Mozilla/5.0 (compatible; Baiduspider/2.0; +http://www.baidu.com/search/spider.html)"
220.181.108.99 - - [02/Jan/2015:23:32:54 +0100] "GET /wp-includes/js/comment-reply.min.js?ver=4.0.1 HTTP/1.1" 200 757 "http://www.a-und-h.de/da-160-da-250-2" "Mozilla/5.0 (compatible; Baiduspider/2.0; +http://www.baidu.com/search/spider.html)"
220.181.108.121 - - [02/Jan/2015:23:32:54 +0100] "GET /wp-content/plugins/contact-form-7/includes/js/scripts.js?ver=4.0.1 HTTP/1.1" 200 9658 "http://www.a-und-h.de/da-160-da-250-2" "Mozilla/5.0 (compatible; Baiduspider/2.0; +http://www.baidu.com/search/spider.html)"
188.40.35.97 - - [02/Jan/2015:23:38:11 +0100] "POST /wp-cron.php?doing_wp_cron=1420238291.1317589282989501953125 HTTP/1.0" 200 - "-" "WordPress/4.0.1; http://www.a-und-h.de"
2.243.67.154 - - [02/Jan/2015:23:38:12 +0100] "GET /wp-content/plugins/cookie-opt-in/css/style.css?ver=4.0.1 HTTP/1.1" 200 2316 "http://www.a-und-h.de/produkte/anlagenbau?gclid=CILM1_Wv9sICFSoewwodZbkA0Q" "Mozilla/5.0 (Linux; U; Android 4.4.2; de-de; GT-P5210 Build/KOT49H) AppleWebKit/534.30 (KHTML, like Gecko) Version/4.0 Safari/534.30"
2.243.67.154 - - [02/Jan/2015:23:38:12 +0100] "GET /wp-content/plugins/wp-slimbox2/css/slimbox2.css?ver=1.1 HTTP/1.1" 200 917 "http://www.a-und-h.de/produkte/anlagenbau?gclid=CILM1_Wv9sICFSoewwodZbkA0Q" "Mozilla/5.0 (Linux; U; Android 4.4.2; de-de; GT-P5210 Build/KOT49H) AppleWebKit/534.30 (KHTML, like Gecko) Version/4.0 Safari/534.30"
2.243.67.154 - - [02/Jan/2015:23:38:12 +0100] "GET /wp-content/plugins/category-posts/cat-posts.css?ver=4.0.1 HTTP/1.1" 200 833 "http://www.a-und-h.de/produkte/anlagenbau?gclid=CILM1_Wv9sICFSoewwodZbkA0Q" "Mozilla/5.0 (Linux; U; Android 4.4.2; de-de; GT-P5210 Build/KOT49H) AppleWebKit/534.30 (KHTML, like Gecko) Version/4.0 Safari/534.30"
2.243.67.154 - - [02/Jan/2015:23:38:12 +0100] "GET /wp-content/themes/purevision/styles/common-css/reset.css?ver=1.0 HTTP/1.1" 200 1004 "http://www.a-und-h.de/produkte/anlagenbau?gclid=CILM1_Wv9sICFSoewwodZbkA0Q" "Mozilla/5.0 (Linux; U; Android 4.4.2; de-de; GT-P5210 Build/KOT49H) AppleWebKit/534.30 (KHTML, like Gecko) Version/4.0 Safari/534.30"
2.243.67.154 - - [02/Jan/2015:23:38:12 +0100] "GET /wp-content/plugins/contact-form-7/includes/css/styles.css?ver=4.0.1 HTTP/1.1" 200 1103 "http://www.a-und-h.de/produkte/anlagenbau?gclid=CILM1_Wv9sICFSoewwodZbkA0Q" "Mozilla/5.0 (Linux; U; Android 4.4.2; de-de; GT-P5210 Build/KOT49H) AppleWebKit/534.30 (KHTML, like Gecko) Version/4.0 Safari/534.30"
2.243.67.154 - - [02/Jan/2015:23:38:12 +0100] "GET /wp-content/plugins/snow-storm/snow-storm.js?ver=1.41 HTTP/1.1" 200 9852 "http://www.a-und-h.de/produkte/anlagenbau?gclid=CILM1_Wv9sICFSoewwodZbkA0Q" "Mozilla/5.0 (Linux; U; Android 4.4.2; de-de; GT-P5210 Build/KOT49H) AppleWebKit/534.30 (KHTML, like Gecko) Version/4.0 Safari/534.30"
2.243.67.154 - - [02/Jan/2015:23:38:12 +0100] "GET /wp-content/themes/purevision/styles/style1/css/text.css?ver=1.0 HTTP/1.1" 200 1819 "http://www.a-und-h.de/produkte/anlagenbau?gclid=CILM1_Wv9sICFSoewwodZbkA0Q" "Mozilla/5.0 (Linux; U; Android 4.4.2; de-de; GT-P5210 Build/KOT49H) AppleWebKit/534.30 (KHTML, like Gecko) Version/4.0 Safari/534.30"
2.243.67.154 - - [02/Jan/2015:23:38:12 +0100] "GET /wp-content/plugins/wp-slimbox2/javascript/slimbox2.js?ver=2.04 HTTP/1.1" 200 3777 "http://www.a-und-h.de/produkte/anlagenbau?gclid=CILM1_Wv9sICFSoewwodZbkA0Q" "Mozilla/5.0 (Linux; U; Android 4.4.2; de-de; GT-P5210 Build/KOT49H) AppleWebKit/534.30 (KHTML, like Gecko) Version/4.0 Safari/534.30"
2.243.67.154 - - [02/Jan/2015:23:38:12 +0100] "GET /wp-content/themes/purevision/style.css?ver=1.0 HTTP/1.1" 200 885 "http://www.a-und-h.de/produkte/anlagenbau?gclid=CILM1_Wv9sICFSoewwodZbkA0Q" "Mozilla/5.0 (Linux; U; Android 4.4.2; de-de; GT-P5210 Build/KOT49H) AppleWebKit/534.30 (KHTML, like Gecko) Version/4.0 Safari/534.30"
2.243.67.154 - - [02/Jan/2015:23:38:12 +0100] "GET /wp-content/themes/purevision/scripts/superfish-1.4.8/css/superfish.css?ver=1.0 HTTP/1.1" 200 3275 "http://www.a-und-h.de/produkte/anlagenbau?gclid=CILM1_Wv9sICFSoewwodZbkA0Q" "Mozilla/5.0 (Linux; U; Android 4.4.2; de-de; GT-P5210 Build/KOT49H) AppleWebKit/534.30 (KHTML, like Gecko) Version/4.0 Safari/534.30"
2.243.67.154 - - [02/Jan/2015:23:38:12 +0100] "GET /wp-content/themes/purevision/styles/common-css/960.css?ver=1.0 HTTP/1.1" 200 7707 "http://www.a-und-h.de/produkte/anlagenbau?gclid=CILM1_Wv9sICFSoewwodZbkA0Q" "Mozilla/5.0 (Linux; U; Android 4.4.2; de-de; GT-P5210 Build/KOT49H) AppleWebKit/534.30 (KHTML, like Gecko) Version/4.0 Safari/534.30"
2.243.67.154 - - [02/Jan/2015:23:38:12 +0100] "GET /wp-content/plugins/wp-slimbox2/javascript/slimbox2_autoload.js?ver=1.0.4b HTTP/1.1" 200 3027 "http://www.a-und-h.de/produkte/anlagenbau?gclid=CILM1_Wv9sICFSoewwodZbkA0Q" "Mozilla/5.0 (Linux; U; Android 4.4.2; de-de; GT-P5210 Build/KOT49H) AppleWebKit/534.30 (KHTML, like Gecko) Version/4.0 Safari/534.30"
2.243.67.154 - - [02/Jan/2015:23:38:12 +0100] "GET /wp-content/plugins/cookie-opt-in/js/cookie-opt-in.js?ver=1 HTTP/1.1" 200 9405 "http://www.a-und-h.de/produkte/anlagenbau?gclid=CILM1_Wv9sICFSoewwodZbkA0Q" "Mozilla/5.0 (Linux; U; Android 4.4.2; de-de; GT-P5210 Build/KOT49H) AppleWebKit/534.30 (KHTML, like Gecko) Version/4.0 Safari/534.30"
2.243.67.154 - - [02/Jan/2015:23:38:12 +0100] "GET /wp-includes/js/jquery/jquery-migrate.min.js?ver=1.2.1 HTTP/1.1" 200 7200 "http://www.a-und-h.de/produkte/anlagenbau?gclid=CILM1_Wv9sICFSoewwodZbkA0Q" "Mozilla/5.0 (Linux; U; Android 4.4.2; de-de; GT-P5210 Build/KOT49H) AppleWebKit/534.30 (KHTML, like Gecko) Version/4.0 Safari/534.30"
2.243.67.154 - - [02/Jan/2015:23:38:12 +0100] "GET /wp-content/themes/purevision/scripts/script.js?ver=1.0 HTTP/1.1" 200 7495 "http://www.a-und-h.de/produkte/anlagenbau?gclid=CILM1_Wv9sICFSoewwodZbkA0Q" "Mozilla/5.0 (Linux; U; Android 4.4.2; de-de; GT-P5210 Build/KOT49H) AppleWebKit/534.30 (KHTML, like Gecko) Version/4.0 Safari/534.30"
2.243.67.154 - - [02/Jan/2015:23:38:12 +0100] "GET /wp-content/plugins/newsletter/subscription/styles/widget-neutral.css HTTP/1.1" 200 1018 "http://www.a-und-h.de/produkte/anlagenbau?gclid=CILM1_Wv9sICFSoewwodZbkA0Q" "Mozilla/5.0 (Linux; U; Android 4.4.2; de-de; GT-P5210 Build/KOT49H) AppleWebKit/534.30 (KHTML, like Gecko) Version/4.0 Safari/534.30"
2.243.67.154 - - [02/Jan/2015:23:38:12 +0100] "GET /wp-content/themes/purevision/scripts/superfish-1.4.8/js/superfish.combined.js?ver=1.0.0 HTTP/1.1" 200 5387 "http://www.a-und-h.de/produkte/anlagenbau?gclid=CILM1_Wv9sICFSoewwodZbkA0Q" "Mozilla/5.0 (Linux; U; Android 4.4.2; de-de; GT-P5210 Build/KOT49H) AppleWebKit/534.30 (KHTML, like Gecko) Version/4.0 Safari/534.30"
2.243.67.154 - - [02/Jan/2015:23:38:12 +0100] "GET /wp-includes/js/jquery/jquery.js?ver=1.11.1 HTTP/1.1" 200 95807 "http://www.a-und-h.de/produkte/anlagenbau?gclid=CILM1_Wv9sICFSoewwodZbkA0Q" "Mozilla/5.0 (Linux; U; Android 4.4.2; de-de; GT-P5210 Build/KOT49H) AppleWebKit/534.30 (KHTML, like Gecko) Version/4.0 Safari/534.30"
2.243.67.154 - - [02/Jan/2015:23:38:12 +0100] "GET /wp-content/themes/purevision/styles/style1/css/style.css?ver=1.0 HTTP/1.1" 200 72108 "http://www.a-und-h.de/produkte/anlagenbau?gclid=CILM1_Wv9sICFSoewwodZbkA0Q" "Mozilla/5.0 (Linux; U; Android 4.4.2; de-de; GT-P5210 Build/KOT49H) AppleWebKit/534.30 (KHTML, like Gecko) Version/4.0 Safari/534.30"
2.243.67.154 - - [02/Jan/2015:23:38:10 +0100] "GET /produkte/anlagenbau?gclid=CILM1_Wv9sICFSoewwodZbkA0Q HTTP/1.1" 200 26863 "http://www.google.de/aclk?sa=L&ai=CDNG0yh2nVKn3O6m8jAac9IL4CPLY_4cGopuC77AB6tWVjzAIABABILO0hxgoA2CVuomCmAfIAQGpAqgqBUX5J7Q-qgQqT9CAGcbrBPcJQDFmnKcxzooQIsPwgTruFyihzxlyDwgLKLPVMbYkC07ogAWz-P4Y2AYEgAe675MqkAcBqAemvhs&sig=AOD64_1-Je3ngBJvHz7_kBWdsIzEvxGs8w&ved=0CB0Q0Qw&adurl=http://www.a-und-h.de/produkte/anlagenbau&rct=j&q=ebac%20luftentfeuchtungsger%C3%A4te" "Mozilla/5.0 (Linux; U; Android 4.4.2; de-de; GT-P5210 Build/KOT49H) AppleWebKit/534.30 (KHTML, like Gecko) Version/4.0 Safari/534.30"
2.243.67.154 - - [02/Jan/2015:23:38:12 +0100] "GET /wp-content/themes/purevision/styles/custom/custom_style.php?ver=4.0.1 HTTP/1.1" 200 4550 "http://www.a-und-h.de/produkte/anlagenbau?gclid=CILM1_Wv9sICFSoewwodZbkA0Q" "Mozilla/5.0 (Linux; U; Android 4.4.2; de-de; GT-P5210 Build/KOT49H) AppleWebKit/534.30 (KHTML, like Gecko) Version/4.0 Safari/534.30"
2.243.67.154 - - [02/Jan/2015:23:38:12 +0100] "GET /wp-content/plugins/wp-table-reloaded/css/plugin.css?ver=1.9.4 HTTP/1.1" 200 980 "http://www.a-und-h.de/produkte/anlagenbau?gclid=CILM1_Wv9sICFSoewwodZbkA0Q" "Mozilla/5.0 (Linux; U; Android 4.4.2; de-de; GT-P5210 Build/KOT49H) AppleWebKit/534.30 (KHTML, like Gecko) Version/4.0 Safari/534.30"
2.243.67.154 - - [02/Jan/2015:23:38:12 +0100] "GET /wp-content/plugins/wp-table-reloaded/css/datatables.css?ver=1.9.4 HTTP/1.1" 200 2329 "http://www.a-und-h.de/produkte/anlagenbau?gclid=CILM1_Wv9sICFSoewwodZbkA0Q" "Mozilla/5.0 (Linux; U; Android 4.4.2; de-de; GT-P5210 Build/KOT49H) AppleWebKit/534.30 (KHTML, like Gecko) Version/4.0 Safari/534.30"
2.243.67.154 - - [02/Jan/2015:23:38:12 +0100] "GET /wp-content/plugins/contact-form-7/includes/js/scripts.js?ver=4.0.1 HTTP/1.1" 200 9658 "http://www.a-und-h.de/produkte/anlagenbau?gclid=CILM1_Wv9sICFSoewwodZbkA0Q" "Mozilla/5.0 (Linux; U; Android 4.4.2; de-de; GT-P5210 Build/KOT49H) AppleWebKit/534.30 (KHTML, like Gecko) Version/4.0 Safari/534.30"
2.243.67.154 - - [02/Jan/2015:23:38:12 +0100] "GET /wp-content/plugins/cookie-opt-in/js/cookie-opt-in-if.js?ver=1 HTTP/1.1" 200 1119 "http://www.a-und-h.de/produkte/anlagenbau?gclid=CILM1_Wv9sICFSoewwodZbkA0Q" "Mozilla/5.0 (Linux; U; Android 4.4.2; de-de; GT-P5210 Build/KOT49H) AppleWebKit/534.30 (KHTML, like Gecko) Version/4.0 Safari/534.30"
2.243.67.154 - - [02/Jan/2015:23:38:12 +0100] "GET /wp-includes/js/comment-reply.min.js?ver=4.0.1 HTTP/1.1" 403 316 "http://www.a-und-h.de/produkte/anlagenbau?gclid=CILM1_Wv9sICFSoewwodZbkA0Q" "Mozilla/5.0 (Linux; U; Android 4.4.2; de-de; GT-P5210 Build/KOT49H) AppleWebKit/534.30 (KHTML, like Gecko) Version/4.0 Safari/534.30"
2.243.67.154 - - [02/Jan/2015:23:38:12 +0100] "GET /wp-content/plugins/contact-form-7/includes/js/jquery.form.min.js?ver=3.51.0-2014.06.20 HTTP/1.1" 200 15248 "http://www.a-und-h.de/produkte/anlagenbau?gclid=CILM1_Wv9sICFSoewwodZbkA0Q" "Mozilla/5.0 (Linux; U; Android 4.4.2; de-de; GT-P5210 Build/KOT49H) AppleWebKit/534.30 (KHTML, like Gecko) Version/4.0 Safari/534.30"
2.243.67.154 - - [02/Jan/2015:23:38:13 +0100] "GET /wp-content/uploads/2012/03/a_und_h_logo.jpg HTTP/1.1" 301 348 "http://www.a-und-h.de/produkte/anlagenbau?gclid=CILM1_Wv9sICFSoewwodZbkA0Q" "Mozilla/5.0 (Linux; U; Android 4.4.2; de-de; GT-P5210 Build/KOT49H) AppleWebKit/534.30 (KHTML, like Gecko) Version/4.0 Safari/534.30"
2.243.67.154 - - [02/Jan/2015:23:38:13 +0100] "GET /wp-content/themes/purevision/styles/style1/images/feedback-btn.png HTTP/1.1" 200 2384 "http://www.a-und-h.de/produkte/anlagenbau?gclid=CILM1_Wv9sICFSoewwodZbkA0Q" "Mozilla/5.0 (Linux; U; Android 4.4.2; de-de; GT-P5210 Build/KOT49H) AppleWebKit/534.30 (KHTML, like Gecko) Version/4.0 Safari/534.30"
2.243.67.154 - - [02/Jan/2015:23:38:13 +0100] "GET /wp-content/themes/purevision/styles/style1/images/menu-active-btn_l.png HTTP/1.1" 200 754 "http://www.a-und-h.de/produkte/anlagenbau?gclid=CILM1_Wv9sICFSoewwodZbkA0Q" "Mozilla/5.0 (Linux; U; Android 4.4.2; de-de; GT-P5210 Build/KOT49H) AppleWebKit/534.30 (KHTML, like Gecko) Version/4.0 Safari/534.30"
2.243.67.154 - - [02/Jan/2015:23:38:13 +0100] "GET /wp-content/themes/purevision/styles/style1/images/menu-btn_l.png HTTP/1.1" 200 767 "http://www.a-und-h.de/produkte/anlagenbau?gclid=CILM1_Wv9sICFSoewwodZbkA0Q" "Mozilla/5.0 (Linux; U; Android 4.4.2; de-de; GT-P5210 Build/KOT49H) AppleWebKit/534.30 (KHTML, like Gecko) Version/4.0 Safari/534.30"
2.243.67.154 - - [02/Jan/2015:23:38:13 +0100] "GET /wp-content/plugins/polylang/flags/de_DE.png HTTP/1.1" 200 545 "http://www.a-und-h.de/produkte/anlagenbau?gclid=CILM1_Wv9sICFSoewwodZbkA0Q" "Mozilla/5.0 (Linux; U; Android 4.4.2; de-de; GT-P5210 Build/KOT49H) AppleWebKit/534.30 (KHTML, like Gecko) Version/4.0 Safari/534.30"
2.243.67.154 - - [02/Jan/2015:23:38:13 +0100] "GET /wp-content/plugins/polylang/flags/en_US.png HTTP/1.1" 200 599 "http://www.a-und-h.de/produkte/anlagenbau?gclid=CILM1_Wv9sICFSoewwodZbkA0Q" "Mozilla/5.0 (Linux; U; Android 4.4.2; de-de; GT-P5210 Build/KOT49H) AppleWebKit/534.30 (KHTML, like Gecko) Version/4.0 Safari/534.30"
2.243.67.154 - - [02/Jan/2015:23:38:13 +0100] "GET /wp-content/themes/purevision/styles/style1/images/menu-btn_r.png HTTP/1.1" 200 670 "http://www.a-und-h.de/produkte/anlagenbau?gclid=CILM1_Wv9sICFSoewwodZbkA0Q" "Mozilla/5.0 (Linux; U; Android 4.4.2; de-de; GT-P5210 Build/KOT49H) AppleWebKit/534.30 (KHTML, like Gecko) Version/4.0 Safari/534.30"
2.243.67.154 - - [02/Jan/2015:23:38:13 +0100] "GET /wp-content/themes/purevision/styles/style1/images/double-arrow.png HTTP/1.1" 200 197 "http://www.a-und-h.de/produkte/anlagenbau?gclid=CILM1_Wv9sICFSoewwodZbkA0Q" "Mozilla/5.0 (Linux; U; Android 4.4.2; de-de; GT-P5210 Build/KOT49H) AppleWebKit/534.30 (KHTML, like Gecko) Version/4.0 Safari/534.30"
2.243.67.154 - - [02/Jan/2015:23:38:13 +0100] "GET /wp-content/uploads/2012/03/background3.png HTTP/1.1" 301 347 "http://www.a-und-h.de/produkte/anlagenbau?gclid=CILM1_Wv9sICFSoewwodZbkA0Q" "Mozilla/5.0 (Linux; U; Android 4.4.2; de-de; GT-P5210 Build/KOT49H) AppleWebKit/534.30 (KHTML, like Gecko) Version/4.0 Safari/534.30"
2.243.67.154 - - [02/Jan/2015:23:38:13 +0100] "GET /wp-content/themes/purevision/styles/style1/images/searchbox.png HTTP/1.1" 200 2646 "http://www.a-und-h.de/produkte/anlagenbau?gclid=CILM1_Wv9sICFSoewwodZbkA0Q" "Mozilla/5.0 (Linux; U; Android 4.4.2; de-de; GT-P5210 Build/KOT49H) AppleWebKit/534.30 (KHTML, like Gecko) Version/4.0 Safari/534.30"
2.243.67.154 - - [02/Jan/2015:23:38:13 +0100] "GET /wp-content/themes/purevision/styles/style1/images/menu-active-with-arrow-btn_r.png HTTP/1.1" 200 318 "http://www.a-und-h.de/produkte/anlagenbau?gclid=CILM1_Wv9sICFSoewwodZbkA0Q" "Mozilla/5.0 (Linux; U; Android 4.4.2; de-de; GT-P5210 Build/KOT49H) AppleWebKit/534.30 (KHTML, like Gecko) Version/4.0 Safari/534.30"
2.243.67.154 - - [02/Jan/2015:23:38:13 +0100] "GET /wp-content/themes/purevision/styles/style1/images/menu-with-arrow-btn_r.png HTTP/1.1" 200 322 "http://www.a-und-h.de/produkte/anlagenbau?gclid=CILM1_Wv9sICFSoewwodZbkA0Q" "Mozilla/5.0 (Linux; U; Android 4.4.2; de-de; GT-P5210 Build/KOT49H) AppleWebKit/534.30 (KHTML, like Gecko) Version/4.0 Safari/534.30"
2.243.67.154 - - [02/Jan/2015:23:38:13 +0100] "GET /wp-content/themes/purevision/scripts/superfish-1.4.8/images/auto-arrows.png HTTP/1.1" 200 295 "http://www.a-und-h.de/produkte/anlagenbau?gclid=CILM1_Wv9sICFSoewwodZbkA0Q" "Mozilla/5.0 (Linux; U; Android 4.4.2; de-de; GT-P5210 Build/KOT49H) AppleWebKit/534.30 (KHTML, like Gecko) Version/4.0 Safari/534.30"
2.243.67.154 - - [02/Jan/2015:23:38:13 +0100] "GET /wp-content/themes/purevision/styles/style1/images/menu-active-btn_r.png HTTP/1.1" 200 967 "http://www.a-und-h.de/produkte/anlagenbau?gclid=CILM1_Wv9sICFSoewwodZbkA0Q" "Mozilla/5.0 (Linux; U; Android 4.4.2; de-de; GT-P5210 Build/KOT49H) AppleWebKit/534.30 (KHTML, like Gecko) Version/4.0 Safari/534.30"
2.243.67.154 - - [02/Jan/2015:23:38:13 +0100] "GET /wp-content/themes/purevision/scripts/superfish-1.4.8/images/sf-menu-bg.png HTTP/1.1" 200 1869 "http://www.a-und-h.de/produkte/anlagenbau?gclid=CILM1_Wv9sICFSoewwodZbkA0Q" "Mozilla/5.0 (Linux; U; Android 4.4.2; de-de; GT-P5210 Build/KOT49H) AppleWebKit/534.30 (KHTML, like Gecko) Version/4.0 Safari/534.30"
2.243.67.154 - - [02/Jan/2015:23:38:13 +0100] "GET /wp-content/uploads/2014/10/Anlagenbau-Banner-1024x266.jpg HTTP/1.1" 200 26280 "http://www.a-und-h.de/produkte/anlagenbau?gclid=CILM1_Wv9sICFSoewwodZbkA0Q" "Mozilla/5.0 (Linux; U; Android 4.4.2; de-de; GT-P5210 Build/KOT49H) AppleWebKit/534.30 (KHTML, like Gecko) Version/4.0 Safari/534.30"
2.243.67.154 - - [02/Jan/2015:23:38:13 +0100] "GET /wp-content/uploads/facebook.png HTTP/1.1" 200 807 "http://www.a-und-h.de/produkte/anlagenbau?gclid=CILM1_Wv9sICFSoewwodZbkA0Q" "Mozilla/5.0 (Linux; U; Android 4.4.2; de-de; GT-P5210 Build/KOT49H) AppleWebKit/534.30 (KHTML, like Gecko) Version/4.0 Safari/534.30"
2.243.67.154 - - [02/Jan/2015:23:38:13 +0100] "GET /piwik/piwik.js HTTP/1.1" 200 18716 "http://www.a-und-h.de/produkte/anlagenbau?gclid=CILM1_Wv9sICFSoewwodZbkA0Q" "Mozilla/5.0 (Linux; U; Android 4.4.2; de-de; GT-P5210 Build/KOT49H) AppleWebKit/534.30 (KHTML, like Gecko) Version/4.0 Safari/534.30"
2.243.67.154 - - [02/Jan/2015:23:38:13 +0100] "GET /wp-content/uploads/2014/10/Luftentfeuchtungsanlage-Anlagenbau-300x267.jpg HTTP/1.1" 200 13934 "http://www.a-und-h.de/produkte/anlagenbau?gclid=CILM1_Wv9sICFSoewwodZbkA0Q" "Mozilla/5.0 (Linux; U; Android 4.4.2; de-de; GT-P5210 Build/KOT49H) AppleWebKit/534.30 (KHTML, like Gecko) Version/4.0 Safari/534.30"
2.243.67.154 - - [02/Jan/2015:23:38:13 +0100] "GET /wp-content/uploads/twitter.png HTTP/1.1" 200 1258 "http://www.a-und-h.de/produkte/anlagenbau?gclid=CILM1_Wv9sICFSoewwodZbkA0Q" "Mozilla/5.0 (Linux; U; Android 4.4.2; de-de; GT-P5210 Build/KOT49H) AppleWebKit/534.30 (KHTML, like Gecko) Version/4.0 Safari/534.30"
2.243.67.154 - - [02/Jan/2015:23:38:13 +0100] "GET /wp-content/uploads/google.png HTTP/1.1" 200 1718 "http://www.a-und-h.de/produkte/anlagenbau?gclid=CILM1_Wv9sICFSoewwodZbkA0Q" "Mozilla/5.0 (Linux; U; Android 4.4.2; de-de; GT-P5210 Build/KOT49H) AppleWebKit/534.30 (KHTML, like Gecko) Version/4.0 Safari/534.30"
2.243.67.154 - - [02/Jan/2015:23:38:13 +0100] "GET /wp-content/uploads/xing.png HTTP/1.1" 200 1343 "http://www.a-und-h.de/produkte/anlagenbau?gclid=CILM1_Wv9sICFSoewwodZbkA0Q" "Mozilla/5.0 (Linux; U; Android 4.4.2; de-de; GT-P5210 Build/KOT49H) AppleWebKit/534.30 (KHTML, like Gecko) Version/4.0 Safari/534.30"
2.243.67.154 - - [02/Jan/2015:23:38:13 +0100] "GET /wp-content/uploads/2012/03/a_und_h_logo.jpg HTTP/1.1" 200 5378 "http://www.a-und-h.de/produkte/anlagenbau?gclid=CILM1_Wv9sICFSoewwodZbkA0Q" "Mozilla/5.0 (Linux; U; Android 4.4.2; de-de; GT-P5210 Build/KOT49H) AppleWebKit/534.30 (KHTML, like Gecko) Version/4.0 Safari/534.30"
2.243.67.154 - - [02/Jan/2015:23:38:13 +0100] "GET /wp-content/uploads/2012/03/background3.png HTTP/1.1" 200 6997 "http://www.a-und-h.de/produkte/anlagenbau?gclid=CILM1_Wv9sICFSoewwodZbkA0Q" "Mozilla/5.0 (Linux; U; Android 4.4.2; de-de; GT-P5210 Build/KOT49H) AppleWebKit/534.30 (KHTML, like Gecko) Version/4.0 Safari/534.30"
2.243.67.154 - - [02/Jan/2015:23:38:13 +0100] "GET /wp-content/uploads/2014/10/Luftentfeuchtungsanlage-300x178.jpg HTTP/1.1" 200 13777 "http://www.a-und-h.de/produkte/anlagenbau?gclid=CILM1_Wv9sICFSoewwodZbkA0Q" "Mozilla/5.0 (Linux; U; Android 4.4.2; de-de; GT-P5210 Build/KOT49H) AppleWebKit/534.30 (KHTML, like Gecko) Version/4.0 Safari/534.30"
2.243.67.154 - - [02/Jan/2015:23:38:13 +0100] "GET /wp-content/uploads/2014/10/Luftentfeuchtungssystem-300x250.jpg HTTP/1.1" 200 15242 "http://www.a-und-h.de/produkte/anlagenbau?gclid=CILM1_Wv9sICFSoewwodZbkA0Q" "Mozilla/5.0 (Linux; U; Android 4.4.2; de-de; GT-P5210 Build/KOT49H) AppleWebKit/534.30 (KHTML, like Gecko) Version/4.0 Safari/534.30"
2.243.67.154 - - [02/Jan/2015:23:38:14 +0100] "GET /piwik/piwik.php?action_name=Anlagenbau%20%7C%20A%2BH%20Adsorp&idsite=1&rec=1&r=573881&h=23&m=37&s=58&url=http%3A%2F%2Fwww.a-und-h.de%2Fprodukte%2Fanlagenbau%3Fgclid%3DCILM1_Wv9sICFSoewwodZbkA0Q&urlref=http%3A%2F%2Fwww.google.de%2Faclk%3Fsa%3DL%26ai%3DCDNG0yh2nVKn3O6m8jAac9IL4CPLY_4cGopuC77AB6tWVjzAIABABILO0hxgoA2CVuomCmAfIAQGpAqgqBUX5J7Q-qgQqT9CAGcbrBPcJQDFmnKcxzooQIsPwgTruFyihzxlyDwgLKLPVMbYkC07ogAWz-P4Y2AYEgAe675MqkAcBqAemvhs%26sig%3DAOD64_1-Je3ngBJvHz7_kBWdsIzEvxGs8w%26ved%3D0CB0Q0Qw%26adurl%3Dhttp%3A%2F%2Fwww.a-und-h.de%2Fprodukte%2Fanlagenbau%26rct%3Dj%26q%3Debac%2520luftentfeuchtungsger%25C3%25A4te&_id=94fac1b39b3e27e6&_idts=1420238278&_idvc=1&_idn=1&_refts=1420238278&_viewts=1420238278&_ref=http%3A%2F%2Fwww.google.de%2Faclk%3Fsa%3DL%26ai%3DCDNG0yh2nVKn3O6m8jAac9IL4CPLY_4cGopuC77AB6tWVjzAIABABILO0hxgoA2CVuomCmAfIAQGpAqgqBUX5J7Q-qgQqT9CAGcbrBPcJQDFmnKcxzooQIsPwgTruFyihzxlyDwgLKLPVMbYkC07ogAWz-P4Y2AYEgAe675MqkAcBqAemvhs%26sig%3DAOD64_1-Je3ngBJvHz7_kBWdsIzEvxGs8w%26ved%3D0CB0Q0Qw%26adurl%3Dhttp%3A%2F%2Fwww.a-und-h.de%2Fprodukte%2Fanlagenbau%26rct%3Dj%26q%3Debac%2520luftentfeuchtungsger%25C3%25A4te&res=1280x800&cookie=0 HTTP/1.1" 200 43 "http://www.a-und-h.de/produkte/anlagenbau?gclid=CILM1_Wv9sICFSoewwodZbkA0Q" "Mozilla/5.0 (Linux; U; Android 4.4.2; de-de; GT-P5210 Build/KOT49H) AppleWebKit/534.30 (KHTML, like Gecko) Version/4.0 Safari/534.30"
2.243.67.154 - - [02/Jan/2015:23:38:17 +0100] "GET /produkte/www.a-und-h.de/favicon.ico HTTP/1.1" 404 22073 "http://www.a-und-h.de/produkte/anlagenbau?gclid=CILM1_Wv9sICFSoewwodZbkA0Q" "Mozilla/5.0 (Linux; U; Android 4.4.2; de-de; GT-P5210 Build/KOT49H) AppleWebKit/534.30 (KHTML, like Gecko) Version/4.0 Safari/534.30"
180.76.5.81 - - [02/Jan/2015:23:41:23 +0100] "GET /wp-content/themes/purevision/styles/custom/custom_style.php?ver=3.8.3 HTTP/1.1" 200 4550 "-" "Mozilla/5.0 (compatible; Baiduspider/2.0; +http://www.baidu.com/search/spider.html)"
62.113.216.229 - - [03/Jan/2015:01:24:12 +0100] "POST /wp-login.php HTTP/1.1" 200 3949 "http://www.a-und-h.de/wp-login.php" "Opera/9.80 (Windows NT 5.1; U; ru) Presto/2.9.168 Version/11.50"
188.40.35.97 - - [03/Jan/2015:01:24:36 +0100] "POST /wp-cron.php?doing_wp_cron=1420244676.4802320003509521484375 HTTP/1.0" 200 - "-" "WordPress/4.0.1; http://www.a-und-h.de"
62.113.216.229 - - [03/Jan/2015:01:24:46 +0100] "POST /wp-login.php HTTP/1.1" 200 3949 "http://www.a-und-h.de/wp-login.php" "Opera/9.80 (Windows NT 5.1; U; ru) Presto/2.9.168 Version/11.50"
188.40.35.97 - - [03/Jan/2015:01:40:55 +0100] "POST /wp-cron.php?doing_wp_cron=1420245655.3197519779205322265625 HTTP/1.0" 200 - "-" "WordPress/4.0.1; http://www.a-und-h.de"
97.68.91.68 - - [03/Jan/2015:01:40:55 +0100] "POST /wp-login.php HTTP/1.1" 200 3898 "http://www.a-und-h.de/wp-login.php" "Mozilla/5.0 (Windows NT 6.1) AppleWebKit/537.36 (KHTML like Gecko) Chrome/30.0.1599.69 Safari/537.36"
78.6.7.142 - - [03/Jan/2015:01:40:55 +0100] "POST /wp-login.php HTTP/1.1" 200 3898 "http://www.a-und-h.de/wp-login.php" "Mozilla/5.0 (Windows NT 6.1; WOW64) AppleWebKit/537.1 (KHTML like Gecko) Chrome/21.0.1180.83 Safari/537.1"
78.4.162.254 - - [03/Jan/2015:01:40:56 +0100] "POST /wp-login.php HTTP/1.1" 200 3898 "http://www.a-und-h.de/wp-login.php" "Mozilla/5.0 (Windows NT 6.1; rv:13.0) Gecko/20100101 Firefox/13.0.1"
93.61.36.144 - - [03/Jan/2015:01:40:59 +0100] "POST /wp-login.php HTTP/1.1" 200 3898 "http://www.a-und-h.de/wp-login.php" "Mozilla/5.0 (Windows NT 6.2; WOW64) AppleWebKit/537.36 (KHTML like Gecko) Chrome/27.0.1453.94 Safari/537.36"
62.94.208.235 - - [03/Jan/2015:01:41:22 +0100] "POST /wp-login.php HTTP/1.1" 200 3898 "http://www.a-und-h.de/wp-login.php" "Mozilla/4.0 (compatible; MSIE 8.0; Windows NT 6.1; Trident/4.0; SLCC2; .NET CLR 2.0.50727; .NET CLR 3.5.30729; .NET CLR 3.0.30729; Media Center PC 6.0; InfoPath.2; .NET4.0C; .NET4.0E)"
162.213.42.130 - - [03/Jan/2015:01:57:12 +0100] "GET / HTTP/1.1" 302 - "-" "robospider/1.0"
188.40.35.97 - - [03/Jan/2015:01:57:12 +0100] "POST /wp-cron.php?doing_wp_cron=1420246632.1825830936431884765625 HTTP/1.0" 200 - "-" "WordPress/4.0.1; http://www.a-und-h.de"
162.213.42.130 - - [03/Jan/2015:01:57:12 +0100] "GET /kontakt-service/infomaterial-bestellen HTTP/1.1" 200 25268 "-" "robospider/1.0"
162.213.42.130 - - [03/Jan/2015:01:57:11 +0100] "GET /kontakt-service HTTP/1.1" 200 23791 "-" "robospider/1.0"
162.213.42.130 - - [03/Jan/2015:01:57:12 +0100] "GET /de/ HTTP/1.1" 200 26581 "-" "robospider/1.0"
198.36.86.81 - - [03/Jan/2015:02:03:17 +0100] "GET /wp-content/uploads/2012/03/imtech_logo_web-300x66.jpg HTTP/1.1" 304 - "-" "Mozilla/4.0 (compatible;)"
188.40.35.97 - - [03/Jan/2015:02:04:41 +0100] "POST /wp-cron.php?doing_wp_cron=1420247081.4626879692077636718750 HTTP/1.0" 200 - "-" "WordPress/4.0.1; http://www.a-und-h.de"
188.40.35.97 - - [03/Jan/2015:02:04:41 +0100] "POST /wp-cron.php?doing_wp_cron=1420247081.4550900459289550781250 HTTP/1.0" 200 - "-" "WordPress/4.0.1; http://www.a-und-h.de"
162.213.42.130 - - [03/Jan/2015:02:04:41 +0100] "GET /de HTTP/1.1" 301 - "-" "robospider/1.0"
188.40.35.97 - - [03/Jan/2015:02:04:41 +0100] "POST /wp-cron.php?doing_wp_cron=1420247081.5308899879455566406250 HTTP/1.0" 200 - "-" "WordPress/4.0.1; http://www.a-und-h.de"
162.213.42.130 - - [03/Jan/2015:02:04:41 +0100] "GET /en HTTP/1.1" 301 - "-" "robospider/1.0"
188.40.35.97 - - [03/Jan/2015:02:04:41 +0100] "POST /wp-cron.php?doing_wp_cron=1420247081.6277658939361572265625 HTTP/1.0" 200 - "-" "WordPress/4.0.1; http://www.a-und-h.de"
188.40.35.97 - - [03/Jan/2015:02:04:41 +0100] "POST /wp-cron.php?doing_wp_cron=1420247081.5387859344482421875000 HTTP/1.0" 200 - "-" "WordPress/4.0.1; http://www.a-und-h.de"
188.40.35.97 - - [03/Jan/2015:02:04:41 +0100] "POST /wp-cron.php?doing_wp_cron=1420247081.4656159877777099609375 HTTP/1.0" 200 - "-" "WordPress/4.0.1; http://www.a-und-h.de"
162.213.42.130 - - [03/Jan/2015:02:04:41 +0100] "GET /produkte HTTP/1.1" 200 26150 "-" "robospider/1.0"
162.213.42.130 - - [03/Jan/2015:02:04:41 +0100] "GET /category/standardgeraete HTTP/1.1" 200 33114 "-" "robospider/1.0"
162.213.42.130 - - [03/Jan/2015:02:04:41 +0100] "GET /kompetenzen HTTP/1.1" 200 25223 "-" "robospider/1.0"
188.40.35.97 - - [03/Jan/2015:02:04:41 +0100] "POST /wp-cron.php?doing_wp_cron=1420247081.6485478878021240234375 HTTP/1.0" 200 - "-" "WordPress/4.0.1; http://www.a-und-h.de"
162.213.42.130 - - [03/Jan/2015:02:04:41 +0100] "GET /mietgeraete HTTP/1.1" 200 31355 "-" "robospider/1.0"
162.213.42.130 - - [03/Jan/2015:02:04:42 +0100] "GET /en/ HTTP/1.1" 200 24842 "-" "robospider/1.0"
162.213.42.130 - - [03/Jan/2015:02:04:42 +0100] "GET /de/ HTTP/1.1" 200 26581 "-" "robospider/1.0"
162.213.42.130 - - [03/Jan/2015:02:04:41 +0100] "GET /kontakt-service/anfrage HTTP/1.1" 200 25021 "-" "robospider/1.0"
162.213.42.130 - - [03/Jan/2015:02:04:41 +0100] "GET /produkte/anlagenbau HTTP/1.1" 200 26863 "-" "robospider/1.0"
194.113.41.2 - - [03/Jan/2015:02:07:43 +0100] "GET /wp-content/plugins/contact-form-7/includes/css/styles.css?ver=4.0.1 HTTP/1.1" 304 - "-" "Mozilla/4.0 (compatible;)"
89.0.149.157 - - [03/Jan/2015:02:11:51 +0100] "GET /wp-content/uploads/2012/03/MSR-Symbole+Kennbuchstaben.pdf HTTP/1.1" 200 511716 "http://www.google.de/url?sa=t&rct=j&q=&esrc=s&source=web&cd=5&sqi=2&ved=0CDkQFjAE&url=http%3A%2F%2Fwww.a-und-h.de%2Fwp-content%2Fuploads%2F2012%2F03%2FMSR-Symbole%2BKennbuchstaben.pdf&ei=2j-nVIXjE4KsOoPOgcgB&usg=AFQjCNH7QqWx-Vo33Ud7shqvy2hMX1jkSw&sig2=ygFEg3wPkDxlprZt9grlpA&bvm=bv.82001339,d.ZWU" "Mozilla/5.0 (Macintosh; Intel Mac OS X 10_9_5) AppleWebKit/537.78.2 (KHTML, like Gecko) Version/7.0.6 Safari/537.78.2"
89.0.149.157 - - [03/Jan/2015:02:11:53 +0100] "GET /favicon.ico HTTP/1.1" 200 1406 "http://www.a-und-h.de/wp-content/uploads/2012/03/MSR-Symbole+Kennbuchstaben.pdf" "Mozilla/5.0 (Macintosh; Intel Mac OS X 10_9_5) AppleWebKit/537.78.2 (KHTML, like Gecko) Version/7.0.6 Safari/537.78.2"
188.40.35.97 - - [03/Jan/2015:02:12:30 +0100] "POST /wp-cron.php?doing_wp_cron=1420247550.5704560279846191406250 HTTP/1.0" 200 - "-" "WordPress/4.0.1; http://www.a-und-h.de"
141.8.147.20 - - [03/Jan/2015:02:12:30 +0100] "GET /products HTTP/1.1" 200 23326 "-" "Mozilla/5.0 (compatible; YandexBot/3.0; +http://yandex.com/bots)"
162.213.42.130 - - [03/Jan/2015:02:15:24 +0100] "GET /kontakt-service/anfrage HTTP/1.1" 200 25021 "-" "robospider/1.0"
162.213.42.130 - - [03/Jan/2015:02:15:25 +0100] "GET /en HTTP/1.1" 301 - "-" "robospider/1.0"
162.213.42.130 - - [03/Jan/2015:02:15:25 +0100] "GET /en/ HTTP/1.1" 200 24842 "-" "robospider/1.0"
162.213.42.130 - - [03/Jan/2015:02:15:26 +0100] "GET /de HTTP/1.1" 301 - "-" "robospider/1.0"
162.213.42.130 - - [03/Jan/2015:02:15:27 +0100] "GET /de/ HTTP/1.1" 200 26581 "-" "robospider/1.0"
188.40.35.97 - - [03/Jan/2015:02:26:29 +0100] "POST /wp-cron.php?doing_wp_cron=1420248389.7277209758758544921875 HTTP/1.0" 200 - "-" "WordPress/4.0.1; http://www.a-und-h.de"
207.46.13.29 - - [03/Jan/2015:02:26:29 +0100] "GET /karriere-bei-ah HTTP/1.1" 200 26034 "-" "Mozilla/5.0 (compatible; bingbot/2.0; +http://www.bing.com/bingbot.htm)"
94.153.9.175 - - [03/Jan/2015:02:27:07 +0100] "GET / HTTP/1.1" 403 281 "http://sk.golden-praga.ru/" "Mozilla/4.0 (compatible; MSIE 6.0; Windows NT 5.1; .NET CLR 1.1.4322)"
94.153.9.175 - - [03/Jan/2015:02:27:07 +0100] "GET / HTTP/1.1" 302 - "http://sk.golden-praga.ru/" "Mozilla/4.0 (compatible; MSIE 6.0; Windows NT 5.1; .NET CLR 1.1.4322)"
188.40.35.97 - - [03/Jan/2015:02:27:07 +0100] "POST /wp-cron.php?doing_wp_cron=1420248427.8278160095214843750000 HTTP/1.0" 200 - "-" "WordPress/4.0.1; http://www.a-und-h.de"
94.153.9.175 - - [03/Jan/2015:02:27:08 +0100] "GET / HTTP/1.1" 302 - "http://sk.golden-praga.ru/" "Mozilla/4.0 (compatible; MSIE 6.0; Windows NT 5.1; .NET CLR 1.1.4322)"
180.76.5.76 - - [03/Jan/2015:02:30:56 +0100] "GET /legal-notice HTTP/1.1" 301 - "-" "Mozilla/5.0 (compatible; Baiduspider/2.0; +http://www.baidu.com/search/spider.html)"
180.76.6.55 - - [03/Jan/2015:02:30:57 +0100] "GET /legal-notice-2 HTTP/1.1" 200 21841 "-" "Mozilla/5.0 (compatible; Baiduspider/2.0; +http://www.baidu.com/search/spider.html)"
188.40.35.97 - - [03/Jan/2015:02:44:35 +0100] "POST /wp-cron.php?doing_wp_cron=1420249475.2695930004119873046875 HTTP/1.0" 200 - "-" "WordPress/4.0.1; http://www.a-und-h.de"
66.249.64.20 - - [03/Jan/2015:02:44:35 +0100] "GET /files/unternehmensbrosch__re_deutsch.pdf HTTP/1.1" 404 22078 "-" "Mozilla/5.0 (compatible; Googlebot/2.1; +http://www.google.com/bot.html)"
207.46.13.11 - - [03/Jan/2015:02:45:22 +0100] "GET /wp-content/uploads/2014/08/Hygroscopic-Materials1.pdf HTTP/1.1" 200 264499 "-" "Mozilla/5.0 (compatible; bingbot/2.0; +http://www.bing.com/bingbot.htm)"
198.252.44.14 - - [03/Jan/2015:02:46:32 +0100] "GET / HTTP/1.0" 301 305 "-" "=Mozilla/5.0 (Windows; U; Windows NT 6.1; en-US) AppleWebKit/534.16 (KHTML, like Gecko) Chrome/10.0.648.204 Safari/534.16"
198.252.44.14 - - [03/Jan/2015:02:46:33 +0100] "GET / HTTP/1.0" 302 - "-" "=Mozilla/5.0 (Windows; U; Windows NT 6.1; en-US) AppleWebKit/534.16 (KHTML, like Gecko) Chrome/10.0.648.204 Safari/534.16"
198.252.44.14 - - [03/Jan/2015:02:46:34 +0100] "GET /de/ HTTP/1.0" 200 26581 "-" "=Mozilla/5.0 (Windows; U; Windows NT 6.1; en-US) AppleWebKit/534.16 (KHTML, like Gecko) Chrome/10.0.648.204 Safari/534.16"
202.46.50.153 - - [03/Jan/2015:02:54:40 +0100] "GET /de HTTP/1.1" 301 - "-" "Mozilla/5.0 (Windows NT 6.1; WOW64) AppleWebKit/537.36 (KHTML, like Gecko) Chrome/36.0.1985.125 Safari/537.36"
188.40.35.97 - - [03/Jan/2015:02:54:41 +0100] "POST /wp-cron.php?doing_wp_cron=1420250081.0870079994201660156250 HTTP/1.0" 200 - "-" "WordPress/4.0.1; http://www.a-und-h.de"
202.46.56.79 - - [03/Jan/2015:02:54:42 +0100] "GET /de/ HTTP/1.1" 200 26581 "-" "Mozilla/5.0 (Windows NT 6.1; WOW64) AppleWebKit/537.36 (KHTML, like Gecko) Chrome/36.0.1985.125 Safari/537.36"
188.40.35.97 - - [03/Jan/2015:03:00:33 +0100] "POST /wp-cron.php?doing_wp_cron=1420250433.9373970031738281250000 HTTP/1.0" 200 - "-" "WordPress/4.0.1; http://www.a-und-h.de"
208.115.111.75 - - [03/Jan/2015:03:00:33 +0100] "GET /robots.txt HTTP/1.1" 200 35 "-" "Mozilla/5.0 (compatible; DotBot/1.1; http://www.opensiteexplorer.org/dotbot, help@moz.com)"
66.249.93.231 - - [03/Jan/2015:03:01:36 +0100] "GET /produkte/anlagenbau HTTP/1.1" 200 26394 "http://www.google.de/url?sa=t&rct=j&q=&esrc=s&source=web&cd=1&ved=0CCQQFjAD&url=http%3A%2F%2Fwww.a-und-h.de%2Fprodukte%2Fanlagenbau&ei=f02nVIy5NpnZ7wWadA&usg=AFQjCNFkYYE3pWtaxn3zPfUrTdGQvrurVA" "Mozilla/5.0 (Linux; U; Android 4.3; en-us; SCH-I535 Build/JSS15J) AppleWebKit/534.30 (KHTML, like Gecko) Version/4.0 Mobile Safari/534.30"
66.249.83.128 - - [03/Jan/2015:03:01:37 +0100] "GET /wp-content/plugins/cookie-opt-in/css/style.css?ver=4.0.1 HTTP/1.1" 200 2316 "http://www.a-und-h.de/produkte/anlagenbau" "Mozilla/5.0 (Linux; U; Android 4.3; en-us; SCH-I535 Build/JSS15J) AppleWebKit/534.30 (KHTML, like Gecko) Version/4.0 Mobile Safari/534.30"
66.249.83.236 - - [03/Jan/2015:03:01:37 +0100] "GET /wp-content/plugins/category-posts/cat-posts.css?ver=4.0.1 HTTP/1.1" 200 833 "http://www.a-und-h.de/produkte/anlagenbau" "Mozilla/5.0 (Linux; U; Android 4.3; en-us; SCH-I535 Build/JSS15J) AppleWebKit/534.30 (KHTML, like Gecko) Version/4.0 Mobile Safari/534.30"
66.249.83.128 - - [03/Jan/2015:03:01:37 +0100] "GET /wp-content/plugins/wptouch/themes/foundation/modules/pushit/pushit.css?ver=4.0.1 HTTP/1.1" 200 484 "http://www.a-und-h.de/produkte/anlagenbau" "Mozilla/5.0 (Linux; U; Android 4.3; en-us; SCH-I535 Build/JSS15J) AppleWebKit/534.30 (KHTML, like Gecko) Version/4.0 Mobile Safari/534.30"
66.249.83.128 - - [03/Jan/2015:03:01:37 +0100] "GET /wp-content/plugins/wptouch/themes/foundation/modules/font-awesome/font-awesome.min.css?ver=2.2 HTTP/1.1" 200 22054 "http://www.a-und-h.de/produkte/anlagenbau" "Mozilla/5.0 (Linux; U; Android 4.3; en-us; SCH-I535 Build/JSS15J) AppleWebKit/534.30 (KHTML, like Gecko) Version/4.0 Mobile Safari/534.30"
66.249.83.242 - - [03/Jan/2015:03:01:37 +0100] "GET /wp-content/plugins/wptouch/themes/bauhaus/default/style.css?ver=3.5.3 HTTP/1.1" 200 18657 "http://www.a-und-h.de/produkte/anlagenbau" "Mozilla/5.0 (Linux; U; Android 4.3; en-us; SCH-I535 Build/JSS15J) AppleWebKit/534.30 (KHTML, like Gecko) Version/4.0 Mobile Safari/534.30"
66.249.83.242 - - [03/Jan/2015:03:01:37 +0100] "GET /wp-content/plugins/wptouch/themes/foundation/default/style.css?ver=3.5.3 HTTP/1.1" 200 23416 "http://www.a-und-h.de/produkte/anlagenbau" "Mozilla/5.0 (Linux; U; Android 4.3; en-us; SCH-I535 Build/JSS15J) AppleWebKit/534.30 (KHTML, like Gecko) Version/4.0 Mobile Safari/534.30"
66.249.83.128 - - [03/Jan/2015:03:01:37 +0100] "GET /wp-content/plugins/contact-form-7/includes/css/styles.css?ver=4.0.1 HTTP/1.1" 200 1103 "http://www.a-und-h.de/produkte/anlagenbau" "Mozilla/5.0 (Linux; U; Android 4.3; en-us; SCH-I535 Build/JSS15J) AppleWebKit/534.30 (KHTML, like Gecko) Version/4.0 Mobile Safari/534.30"
66.249.83.128 - - [03/Jan/2015:03:01:37 +0100] "GET /wp-content/plugins/wp-slimbox2/css/slimbox2.css?ver=1.1 HTTP/1.1" 200 917 "http://www.a-und-h.de/produkte/anlagenbau" "Mozilla/5.0 (Linux; U; Android 4.3; en-us; SCH-I535 Build/JSS15J) AppleWebKit/534.30 (KHTML, like Gecko) Version/4.0 Mobile Safari/534.30"
66.249.83.128 - - [03/Jan/2015:03:01:38 +0100] "GET /wp-includes/js/jquery/jquery-migrate.min.js?ver=1.2.1 HTTP/1.1" 200 7200 "http://www.a-und-h.de/produkte/anlagenbau" "Mozilla/5.0 (Linux; U; Android 4.3; en-us; SCH-I535 Build/JSS15J) AppleWebKit/534.30 (KHTML, like Gecko) Version/4.0 Mobile Safari/534.30"
66.249.83.242 - - [03/Jan/2015:03:01:38 +0100] "GET /wp-content/plugins/cookie-opt-in/js/cookie-opt-in.js?ver=1 HTTP/1.1" 200 9405 "http://www.a-und-h.de/produkte/anlagenbau" "Mozilla/5.0 (Linux; U; Android 4.3; en-us; SCH-I535 Build/JSS15J) AppleWebKit/534.30 (KHTML, like Gecko) Version/4.0 Mobile Safari/534.30"
66.249.83.128 - - [03/Jan/2015:03:01:38 +0100] "GET /wp-content/plugins/snow-storm/snow-storm.js?ver=1.41 HTTP/1.1" 200 9852 "http://www.a-und-h.de/produkte/anlagenbau" "Mozilla/5.0 (Linux; U; Android 4.3; en-us; SCH-I535 Build/JSS15J) AppleWebKit/534.30 (KHTML, like Gecko) Version/4.0 Mobile Safari/534.30"
66.249.83.236 - - [03/Jan/2015:03:01:38 +0100] "GET /wp-content/plugins/wp-slimbox2/javascript/slimbox2.js?ver=2.04 HTTP/1.1" 200 3777 "http://www.a-und-h.de/produkte/anlagenbau" "Mozilla/5.0 (Linux; U; Android 4.3; en-us; SCH-I535 Build/JSS15J) AppleWebKit/534.30 (KHTML, like Gecko) Version/4.0 Mobile Safari/534.30"
66.249.83.242 - - [03/Jan/2015:03:01:38 +0100] "GET /wp-content/plugins/wp-slimbox2/javascript/slimbox2_autoload.js?ver=1.0.4b HTTP/1.1" 200 3027 "http://www.a-und-h.de/produkte/anlagenbau" "Mozilla/5.0 (Linux; U; Android 4.3; en-us; SCH-I535 Build/JSS15J) AppleWebKit/534.30 (KHTML, like Gecko) Version/4.0 Mobile Safari/534.30"
66.249.83.242 - - [03/Jan/2015:03:01:38 +0100] "GET /wp-content/plugins/wp-table-reloaded/css/plugin.css?ver=1.9.4 HTTP/1.1" 200 980 "http://www.a-und-h.de/produkte/anlagenbau" "Mozilla/5.0 (Linux; U; Android 4.3; en-us; SCH-I535 Build/JSS15J) AppleWebKit/534.30 (KHTML, like Gecko) Version/4.0 Mobile Safari/534.30"
66.249.83.242 - - [03/Jan/2015:03:01:38 +0100] "GET /wp-content/plugins/wp-table-reloaded/css/datatables.css?ver=1.9.4 HTTP/1.1" 403 336 "http://www.a-und-h.de/produkte/anlagenbau" "Mozilla/5.0 (Linux; U; Android 4.3; en-us; SCH-I535 Build/JSS15J) AppleWebKit/534.30 (KHTML, like Gecko) Version/4.0 Mobile Safari/534.30"
66.249.83.128 - - [03/Jan/2015:03:01:38 +0100] "GET /wp-content/plugins/newsletter/subscription/styles/widget-neutral.css HTTP/1.1" 200 1018 "http://www.a-und-h.de/produkte/anlagenbau" "Mozilla/5.0 (Linux; U; Android 4.3; en-us; SCH-I535 Build/JSS15J) AppleWebKit/534.30 (KHTML, like Gecko) Version/4.0 Mobile Safari/534.30"
66.249.83.236 - - [03/Jan/2015:03:01:38 +0100] "GET /wp-content/plugins/cookie-opt-in/js/cookie-opt-in-if.js?ver=1 HTTP/1.1" 200 1119 "http://www.a-und-h.de/produkte/anlagenbau" "Mozilla/5.0 (Linux; U; Android 4.3; en-us; SCH-I535 Build/JSS15J) AppleWebKit/534.30 (KHTML, like Gecko) Version/4.0 Mobile Safari/534.30"
66.249.83.242 - - [03/Jan/2015:03:01:37 +0100] "GET /wp-includes/js/jquery/jquery.js?ver=1.11.1 HTTP/1.1" 200 95807 "http://www.a-und-h.de/produkte/anlagenbau" "Mozilla/5.0 (Linux; U; Android 4.3; en-us; SCH-I535 Build/JSS15J) AppleWebKit/534.30 (KHTML, like Gecko) Version/4.0 Mobile Safari/534.30"
66.249.83.128 - - [03/Jan/2015:03:01:38 +0100] "GET /wp-content/plugins/contact-form-7/includes/js/scripts.js?ver=4.0.1 HTTP/1.1" 200 9658 "http://www.a-und-h.de/produkte/anlagenbau" "Mozilla/5.0 (Linux; U; Android 4.3; en-us; SCH-I535 Build/JSS15J) AppleWebKit/534.30 (KHTML, like Gecko) Version/4.0 Mobile Safari/534.30"
66.249.83.242 - - [03/Jan/2015:03:01:38 +0100] "GET /wp-content/plugins/wptouch/resources/icons/elegant/Pencil.png HTTP/1.1" 200 1370 "http://www.a-und-h.de/produkte/anlagenbau" "Mozilla/5.0 (Linux; U; Android 4.3; en-us; SCH-I535 Build/JSS15J) AppleWebKit/534.30 (KHTML, like Gecko) Version/4.0 Mobile Safari/534.30"
66.249.83.242 - - [03/Jan/2015:03:01:38 +0100] "GET /wp-content/plugins/wptouch/resources/icons/elegant/Paper.png HTTP/1.1" 200 336 "http://www.a-und-h.de/produkte/anlagenbau" "Mozilla/5.0 (Linux; U; Android 4.3; en-us; SCH-I535 Build/JSS15J) AppleWebKit/534.30 (KHTML, like Gecko) Version/4.0 Mobile Safari/534.30"
66.249.83.128 - - [03/Jan/2015:03:01:38 +0100] "GET /wp-content/plugins/contact-form-7/includes/js/jquery.form.min.js?ver=3.51.0-2014.06.20 HTTP/1.1" 200 15248 "http://www.a-und-h.de/produkte/anlagenbau" "Mozilla/5.0 (Linux; U; Android 4.3; en-us; SCH-I535 Build/JSS15J) AppleWebKit/534.30 (KHTML, like Gecko) Version/4.0 Mobile Safari/534.30"
66.249.83.128 - - [03/Jan/2015:03:01:38 +0100] "GET /piwik/piwik.js HTTP/1.1" 200 18716 "http://www.a-und-h.de/produkte/anlagenbau" "Mozilla/5.0 (Linux; U; Android 4.3; en-us; SCH-I535 Build/JSS15J) AppleWebKit/534.30 (KHTML, like Gecko) Version/4.0 Mobile Safari/534.30"
66.249.83.242 - - [03/Jan/2015:03:01:38 +0100] "GET /wp-content/plugins/wptouch/resources/icons/elegant/Config.png HTTP/1.1" 200 789 "http://www.a-und-h.de/produkte/anlagenbau" "Mozilla/5.0 (Linux; U; Android 4.3; en-us; SCH-I535 Build/JSS15J) AppleWebKit/534.30 (KHTML, like Gecko) Version/4.0 Mobile Safari/534.30"
66.249.83.128 - - [03/Jan/2015:03:01:38 +0100] "GET /wp-content/wptouch-data/cache/wptouch-f5396d16806ec55b7e82bcb4a6d4752a1f2f5b33.js HTTP/1.1" 200 66433 "http://www.a-und-h.de/produkte/anlagenbau" "Mozilla/5.0 (Linux; U; Android 4.3; en-us; SCH-I535 Build/JSS15J) AppleWebKit/534.30 (KHTML, like Gecko) Version/4.0 Mobile Safari/534.30"
66.249.83.242 - - [03/Jan/2015:03:01:39 +0100] "GET /wp-content/plugins/wptouch/resources/icons/elegant/Graph.png HTTP/1.1" 200 970 "http://www.a-und-h.de/produkte/anlagenbau" "Mozilla/5.0 (Linux; U; Android 4.3; en-us; SCH-I535 Build/JSS15J) AppleWebKit/534.30 (KHTML, like Gecko) Version/4.0 Mobile Safari/534.30"
66.249.83.242 - - [03/Jan/2015:03:01:39 +0100] "GET /wp-content/plugins/wptouch/resources/icons/elegant/Mail.png HTTP/1.1" 200 1245 "http://www.a-und-h.de/produkte/anlagenbau" "Mozilla/5.0 (Linux; U; Android 4.3; en-us; SCH-I535 Build/JSS15J) AppleWebKit/534.30 (KHTML, like Gecko) Version/4.0 Mobile Safari/534.30"
66.249.83.242 - - [03/Jan/2015:03:01:39 +0100] "GET /wp-content/plugins/wptouch/resources/icons/elegant/Questions.png HTTP/1.1" 200 2784 "http://www.a-und-h.de/produkte/anlagenbau" "Mozilla/5.0 (Linux; U; Android 4.3; en-us; SCH-I535 Build/JSS15J) AppleWebKit/534.30 (KHTML, like Gecko) Version/4.0 Mobile Safari/534.30"
66.249.83.128 - - [03/Jan/2015:03:01:39 +0100] "GET /wp-content/plugins/wptouch/resources/icons/elegant/World.png HTTP/1.1" 200 3483 "http://www.a-und-h.de/produkte/anlagenbau" "Mozilla/5.0 (Linux; U; Android 4.3; en-us; SCH-I535 Build/JSS15J) AppleWebKit/534.30 (KHTML, like Gecko) Version/4.0 Mobile Safari/534.30"
66.249.83.128 - - [03/Jan/2015:03:01:39 +0100] "GET /wp-content/wptouch-data/uploads/A+H-Markenzeichen%20f%C3%BCr%20Google.jpg HTTP/1.1" 200 20474 "http://www.a-und-h.de/produkte/anlagenbau" "Mozilla/5.0 (Linux; U; Android 4.3; en-us; SCH-I535 Build/JSS15J) AppleWebKit/534.30 (KHTML, like Gecko) Version/4.0 Mobile Safari/534.30"
66.249.83.242 - - [03/Jan/2015:03:01:39 +0100] "GET /wp-content/uploads/2014/10/Luftentfeuchtungsanlage-Anlagenbau-300x267.jpg HTTP/1.1" 200 13934 "http://www.a-und-h.de/produkte/anlagenbau" "Mozilla/5.0 (Linux; U; Android 4.3; en-us; SCH-I535 Build/JSS15J) AppleWebKit/534.30 (KHTML, like Gecko) Version/4.0 Mobile Safari/534.30"
66.249.83.242 - - [03/Jan/2015:03:01:39 +0100] "GET /wp-content/uploads/2014/10/Anlagenbau-Banner-1024x266.jpg HTTP/1.1" 200 26280 "http://www.a-und-h.de/produkte/anlagenbau" "Mozilla/5.0 (Linux; U; Android 4.3; en-us; SCH-I535 Build/JSS15J) AppleWebKit/534.30 (KHTML, like Gecko) Version/4.0 Mobile Safari/534.30"
66.249.83.236 - - [03/Jan/2015:03:01:39 +0100] "GET /wp-content/uploads/2014/10/Luftentfeuchtungssystem-300x250.jpg HTTP/1.1" 200 15242 "http://www.a-und-h.de/produkte/anlagenbau" "Mozilla/5.0 (Linux; U; Android 4.3; en-us; SCH-I535 Build/JSS15J) AppleWebKit/534.30 (KHTML, like Gecko) Version/4.0 Mobile Safari/534.30"
66.249.83.236 - - [03/Jan/2015:03:01:39 +0100] "GET /wp-content/plugins/wptouch/themes/foundation/modules/font-awesome/fontawesome-webfont.woff?v=3.2.1 HTTP/1.1" 200 43572 "http://www.a-und-h.de/produkte/anlagenbau" "Mozilla/5.0 (Linux; U; Android 4.3; en-us; SCH-I535 Build/JSS15J) AppleWebKit/534.30 (KHTML, like Gecko) Version/4.0 Mobile Safari/534.30"
66.249.83.128 - - [03/Jan/2015:03:01:39 +0100] "GET /wp-content/uploads/2014/10/Luftentfeuchtungsanlage-300x178.jpg HTTP/1.1" 200 13777 "http://www.a-und-h.de/produkte/anlagenbau" "Mozilla/5.0 (Linux; U; Android 4.3; en-us; SCH-I535 Build/JSS15J) AppleWebKit/534.30 (KHTML, like Gecko) Version/4.0 Mobile Safari/534.30"
