109.42.121.70 - - [02/Jan/2015:12:30:09 +0100] "GET /wp-content/plugins/newsletter/subscription/styles/widget-neutral.css HTTP/1.1" 200 1018 "http://www.a-und-h.de/produkte/anlagenbau?gclid=CI-U3sya9cICFW7MtAodC20A2Q" "Mozilla/5.0 (Linux; U; Android 5.0; de-de; LG-D855/V20e Build/LRX21R.A1417604035) AppleWebKit/537.36 (KHTML, like Gecko) Version/4.0 Chrome/34.0.1847.118 Mobile Safari/537.36"
109.42.121.70 - - [02/Jan/2015:12:30:09 +0100] "GET /wp-content/plugins/wp-table-reloaded/css/plugin.css?ver=1.9.4 HTTP/1.1" 200 980 "http://www.a-und-h.de/produkte/anlagenbau?gclid=CI-U3sya9cICFW7MtAodC20A2Q" "Mozilla/5.0 (Linux; U; Android 5.0; de-de; LG-D855/V20e Build/LRX21R.A1417604035) AppleWebKit/537.36 (KHTML, like Gecko) Version/4.0 Chrome/34.0.1847.118 Mobile Safari/537.36"
109.42.121.70 - - [02/Jan/2015:12:30:09 +0100] "GET /wp-content/plugins/wp-table-reloaded/css/datatables.css?ver=1.9.4 HTTP/1.1" 200 2329 "http://www.a-und-h.de/produkte/anlagenbau?gclid=CI-U3sya9cICFW7MtAodC20A2Q" "Mozilla/5.0 (Linux; U; Android 5.0; de-de; LG-D855/V20e Build/LRX21R.A1417604035) AppleWebKit/537.36 (KHTML, like Gecko) Version/4.0 Chrome/34.0.1847.118 Mobile Safari/537.36"
109.42.121.70 - - [02/Jan/2015:12:30:09 +0100] "GET /wp-content/plugins/wptouch/resources/icons/elegant/Questions.png HTTP/1.1" 200 2784 "http://www.a-und-h.de/produkte/anlagenbau?gclid=CI-U3sya9cICFW7MtAodC20A2Q" "Mozilla/5.0 (Linux; U; Android 5.0; de-de; LG-D855/V20e Build/LRX21R.A1417604035) AppleWebKit/537.36 (KHTML, like Gecko) Version/4.0 Chrome/34.0.1847.118 Mobile Safari/537.36"
109.42.121.70 - - [02/Jan/2015:12:30:09 +0100] "GET /wp-content/plugins/wptouch/resources/icons/elegant/Mail.png HTTP/1.1" 200 1245 "http://www.a-und-h.de/produkte/anlagenbau?gclid=CI-U3sya9cICFW7MtAodC20A2Q" "Mozilla/5.0 (Linux; U; Android 5.0; de-de; LG-D855/V20e Build/LRX21R.A1417604035) AppleWebKit/537.36 (KHTML, like Gecko) Version/4.0 Chrome/34.0.1847.118 Mobile Safari/537.36"
109.42.121.70 - - [02/Jan/2015:12:30:09 +0100] "GET /wp-content/plugins/wptouch/resources/icons/elegant/Config.png HTTP/1.1" 200 789 "http://www.a-und-h.de/produkte/anlagenbau?gclid=CI-U3sya9cICFW7MtAodC20A2Q" "Mozilla/5.0 (Linux; U; Android 5.0; de-de; LG-D855/V20e Build/LRX21R.A1417604035) AppleWebKit/537.36 (KHTML, like Gecko) Version/4.0 Chrome/34.0.1847.118 Mobile Safari/537.36"
109.42.121.70 - - [02/Jan/2015:12:30:09 +0100] "GET /wp-content/plugins/wptouch/resources/icons/elegant/Paper.png HTTP/1.1" 200 336 "http://www.a-und-h.de/produkte/anlagenbau?gclid=CI-U3sya9cICFW7MtAodC20A2Q" "Mozilla/5.0 (Linux; U; Android 5.0; de-de; LG-D855/V20e Build/LRX21R.A1417604035) AppleWebKit/537.36 (KHTML, like Gecko) Version/4.0 Chrome/34.0.1847.118 Mobile Safari/537.36"
109.42.121.70 - - [02/Jan/2015:12:30:09 +0100] "GET /wp-content/plugins/wptouch/resources/icons/elegant/Graph.png HTTP/1.1" 200 970 "http://www.a-und-h.de/produkte/anlagenbau?gclid=CI-U3sya9cICFW7MtAodC20A2Q" "Mozilla/5.0 (Linux; U; Android 5.0; de-de; LG-D855/V20e Build/LRX21R.A1417604035) AppleWebKit/537.36 (KHTML, like Gecko) Version/4.0 Chrome/34.0.1847.118 Mobile Safari/537.36"
109.42.121.70 - - [02/Jan/2015:12:30:09 +0100] "GET /wp-content/plugins/wptouch/resources/icons/elegant/Pencil.png HTTP/1.1" 200 1370 "http://www.a-und-h.de/produkte/anlagenbau?gclid=CI-U3sya9cICFW7MtAodC20A2Q" "Mozilla/5.0 (Linux; U; Android 5.0; de-de; LG-D855/V20e Build/LRX21R.A1417604035) AppleWebKit/537.36 (KHTML, like Gecko) Version/4.0 Chrome/34.0.1847.118 Mobile Safari/537.36"
109.42.121.70 - - [02/Jan/2015:12:30:09 +0100] "GET /wp-content/plugins/wptouch/resources/icons/elegant/World.png HTTP/1.1" 200 3483 "http://www.a-und-h.de/produkte/anlagenbau?gclid=CI-U3sya9cICFW7MtAodC20A2Q" "Mozilla/5.0 (Linux; U; Android 5.0; de-de; LG-D855/V20e Build/LRX21R.A1417604035) AppleWebKit/537.36 (KHTML, like Gecko) Version/4.0 Chrome/34.0.1847.118 Mobile Safari/537.36"
109.42.121.70 - - [02/Jan/2015:12:30:09 +0100] "GET /wp-content/wptouch-data/uploads/A+H-Markenzeichen%20f%C3%BCr%20Google.jpg HTTP/1.1" 200 20474 "http://www.a-und-h.de/produkte/anlagenbau?gclid=CI-U3sya9cICFW7MtAodC20A2Q" "Mozilla/5.0 (Linux; U; Android 5.0; de-de; LG-D855/V20e Build/LRX21R.A1417604035) AppleWebKit/537.36 (KHTML, like Gecko) Version/4.0 Chrome/34.0.1847.118 Mobile Safari/537.36"
109.42.121.70 - - [02/Jan/2015:12:30:09 +0100] "GET /wp-content/uploads/2014/10/Anlagenbau-Banner-1024x266.jpg HTTP/1.1" 200 26280 "http://www.a-und-h.de/produkte/anlagenbau?gclid=CI-U3sya9cICFW7MtAodC20A2Q" "Mozilla/5.0 (Linux; U; Android 5.0; de-de; LG-D855/V20e Build/LRX21R.A1417604035) AppleWebKit/537.36 (KHTML, like Gecko) Version/4.0 Chrome/34.0.1847.118 Mobile Safari/537.36"
109.42.121.70 - - [02/Jan/2015:12:30:09 +0100] "GET /wp-content/uploads/2014/10/Luftentfeuchtungsanlage-Anlagenbau-300x267.jpg HTTP/1.1" 200 13934 "http://www.a-und-h.de/produkte/anlagenbau?gclid=CI-U3sya9cICFW7MtAodC20A2Q" "Mozilla/5.0 (Linux; U; Android 5.0; de-de; LG-D855/V20e Build/LRX21R.A1417604035) AppleWebKit/537.36 (KHTML, like Gecko) Version/4.0 Chrome/34.0.1847.118 Mobile Safari/537.36"
109.42.121.70 - - [02/Jan/2015:12:30:09 +0100] "GET /wp-content/wptouch-data/cache/wptouch-f5396d16806ec55b7e82bcb4a6d4752a1f2f5b33.js HTTP/1.1" 200 66433 "http://www.a-und-h.de/produkte/anlagenbau?gclid=CI-U3sya9cICFW7MtAodC20A2Q" "Mozilla/5.0 (Linux; U; Android 5.0; de-de; LG-D855/V20e Build/LRX21R.A1417604035) AppleWebKit/537.36 (KHTML, like Gecko) Version/4.0 Chrome/34.0.1847.118 Mobile Safari/537.36"
109.42.121.70 - - [02/Jan/2015:12:30:09 +0100] "GET /wp-content/uploads/2014/10/Luftentfeuchtungssystem-300x250.jpg HTTP/1.1" 200 15242 "http://www.a-und-h.de/produkte/anlagenbau?gclid=CI-U3sya9cICFW7MtAodC20A2Q" "Mozilla/5.0 (Linux; U; Android 5.0; de-de; LG-D855/V20e Build/LRX21R.A1417604035) AppleWebKit/537.36 (KHTML, like Gecko) Version/4.0 Chrome/34.0.1847.118 Mobile Safari/537.36"
109.42.121.70 - - [02/Jan/2015:12:30:09 +0100] "GET /wp-content/uploads/2014/10/Luftentfeuchtungsanlage-300x178.jpg HTTP/1.1" 200 13777 "http://www.a-und-h.de/produkte/anlagenbau?gclid=CI-U3sya9cICFW7MtAodC20A2Q" "Mozilla/5.0 (Linux; U; Android 5.0; de-de; LG-D855/V20e Build/LRX21R.A1417604035) AppleWebKit/537.36 (KHTML, like Gecko) Version/4.0 Chrome/34.0.1847.118 Mobile Safari/537.36"
109.42.121.70 - - [02/Jan/2015:12:30:09 +0100] "GET /piwik/piwik.js HTTP/1.1" 200 18716 "http://www.a-und-h.de/produkte/anlagenbau?gclid=CI-U3sya9cICFW7MtAodC20A2Q" "Mozilla/5.0 (Linux; U; Android 5.0; de-de; LG-D855/V20e Build/LRX21R.A1417604035) AppleWebKit/537.36 (KHTML, like Gecko) Version/4.0 Chrome/34.0.1847.118 Mobile Safari/537.36"
109.42.121.70 - - [02/Jan/2015:12:30:10 +0100] "GET /piwik/piwik.php?action_name=Anlagenbau%20%7C%20A%2BH%20Adsorp&idsite=1&rec=1&r=936295&h=12&m=30&s=12&url=http%3A%2F%2Fwww.a-und-h.de%2Fprodukte%2Fanlagenbau%3Fgclid%3DCI-U3sya9cICFW7MtAodC20A2Q&urlref=http%3A%2F%2Fwww.google.de%2Faclk%3Fsa%3DL%26ai%3DCexrKHoGmVLaLLOe97gbdioLwBfLY_4cGopuC77AB6tWVjzAIABABINqmrQ9glbr9gZQHyAEBqQI8IOw3Azq0PqoEKE_QatFhyYpMGRmch6SegUE18PcZOlfZZTKPmuOp3ImOr_UvXvfC4oWABZfgvAvYBgKAB7rvkyqQBwOoB6a-Gw%26sig%3DAOD64_1HBWW51F93UVWpMszvjFL9QeHRNg%26rct%3Dj%26q%3D%26ved%3D0CDAQ0Qw%26adurl%3Dhttp%3A%2F%2Fwww.a-und-h.de%2Fprodukte%2Fanlagenbau&_id=8442585c95c6f0a9&_idts=1420198212&_idvc=1&_idn=1&_refts=1420198212&_viewts=1420198212&_ref=http%3A%2F%2Fwww.google.de%2Faclk%3Fsa%3DL%26ai%3DCexrKHoGmVLaLLOe97gbdioLwBfLY_4cGopuC77AB6tWVjzAIABABINqmrQ9glbr9gZQHyAEBqQI8IOw3Azq0PqoEKE_QatFhyYpMGRmch6SegUE18PcZOlfZZTKPmuOp3ImOr_UvXvfC4oWABZfgvAvYBgKAB7rvkyqQBwOoB6a-Gw%26sig%3DAOD64_1HBWW51F93UVWpMszvjFL9QeHRNg%26rct%3Dj%26q%3D%26ved%3D0CDAQ0Qw%26adurl%3Dhttp%3A%2F%2Fwww.a-und-h.de%2Fprodukte%2Fanlagenbau&java=1&res=360x598&cookie=1 HTTP/1.1" 200 43 "http://www.a-und-h.de/produkte/anlagenbau?gclid=CI-U3sya9cICFW7MtAodC20A2Q" "Mozilla/5.0 (Linux; U; Android 5.0; de-de; LG-D855/V20e Build/LRX21R.A1417604035) AppleWebKit/537.36 (KHTML, like Gecko) Version/4.0 Chrome/34.0.1847.118 Mobile Safari/537.36"
109.42.121.70 - - [02/Jan/2015:12:30:10 +0100] "GET /wp-content/plugins/wptouch/themes/foundation/modules/font-awesome/fontawesome-webfont.woff?v=3.2.1 HTTP/1.1" 200 43572 "http://www.a-und-h.de/produkte/anlagenbau?gclid=CI-U3sya9cICFW7MtAodC20A2Q" "Mozilla/5.0 (Linux; U; Android 5.0; de-de; LG-D855/V20e Build/LRX21R.A1417604035) AppleWebKit/537.36 (KHTML, like Gecko) Version/4.0 Chrome/34.0.1847.118 Mobile Safari/537.36"
109.42.121.70 - - [02/Jan/2015:12:30:10 +0100] "GET /favicon.ico HTTP/1.1" 200 1406 "-" "Mozilla/5.0 (Linux; U;Android 5.0; LG-D855 Build/LRX21R.A1417604035) AppleWebKit/537.36 (KHTML, like Gecko) Version/4.0 Chrome/34.0.1847.118 Mobile Safari/537.36"
109.42.121.70 - - [02/Jan/2015:12:30:11 +0100] "GET /wp-content/wptouch-data/uploads/A+H-Logo-Gross.png HTTP/1.1" 200 48851 "-" "Mozilla/5.0 (Linux; U; Android 5.0; de-de; LG-D855/V20e Build/LRX21R.A1417604035) AppleWebKit/537.36 (KHTML, like Gecko) Version/4.0 Chrome/34.0.1847.118 Mobile Safari/537.36"
66.249.64.20 - - [02/Jan/2015:12:30:23 +0100] "GET /de/ HTTP/1.1" 200 26581 "-" "SAMSUNG-SGH-E250/1.0 Profile/MIDP-2.0 Configuration/CLDC-1.1 UP.Browser/6.2.3.3.c.1.101 (GUI) MMP/2.0 (compatible; Googlebot-Mobile/2.1; +http://www.google.com/bot.html)"
188.40.35.97 - - [02/Jan/2015:12:32:13 +0100] "POST /wp-cron.php?doing_wp_cron=1420198333.1608960628509521484375 HTTP/1.0" 200 - "-" "WordPress/4.0.1; http://www.a-und-h.de"
66.249.78.86 - - [02/Jan/2015:12:32:12 +0100] "GET /2-0-Ueber-Uns.html HTTP/1.1" 404 22051 "-" "Mozilla/5.0 (compatible; Googlebot/2.1; +http://www.google.com/bot.html)"
66.249.78.86 - - [02/Jan/2015:12:36:03 +0100] "GET /produkte/standardgerate/ HTTP/1.1" 301 - "-" "Mozilla/5.0 (compatible; Googlebot/2.1; +http://www.google.com/bot.html)"
66.249.78.79 - - [02/Jan/2015:12:36:04 +0100] "GET /produkte/standardgerate HTTP/1.1" 200 45096 "-" "Mozilla/5.0 (compatible; Googlebot/2.1; +http://www.google.com/bot.html)"
188.40.35.97 - - [02/Jan/2015:12:37:34 +0100] "POST /wp-cron.php?doing_wp_cron=1420198654.8503301143646240234375 HTTP/1.0" 200 - "-" "WordPress/4.0.1; http://www.a-und-h.de"
94.153.11.109 - - [02/Jan/2015:12:37:34 +0100] "GET / HTTP/1.1" 302 - "http://av-host.net/" "Opera/7.60 (Windows NT 5.2; U) [en] (IBM EVV/3.0/EAK01AG9/LE)"
94.153.11.109 - - [02/Jan/2015:12:37:35 +0100] "GET / HTTP/1.1" 302 - "http://av-host.net/" "Opera/7.60 (Windows NT 5.2; U) [en] (IBM EVV/3.0/EAK01AG9/LE)"
94.153.11.109 - - [02/Jan/2015:12:37:34 +0100] "GET / HTTP/1.1" 302 - "http://uiutdom.ru/" "Mozilla/4.0 (compatible; MSIE 6.0; Windows ME) Opera 7.11 [en]"
94.153.11.109 - - [02/Jan/2015:12:37:35 +0100] "GET / HTTP/1.1" 302 - "http://uiutdom.ru/" "Mozilla/4.0 (compatible; MSIE 6.0; Windows ME) Opera 7.11 [en]"
188.40.35.97 - - [02/Jan/2015:12:37:34 +0100] "POST /wp-cron.php?doing_wp_cron=1420198654.8597300052642822265625 HTTP/1.0" 200 - "-" "WordPress/4.0.1; http://www.a-und-h.de"
94.153.11.109 - - [02/Jan/2015:12:37:36 +0100] "GET / HTTP/1.1" 302 - "http://av-host.net/" "Opera/7.60 (Windows NT 5.2; U) [en] (IBM EVV/3.0/EAK01AG9/LE)"
94.153.11.109 - - [02/Jan/2015:12:37:36 +0100] "GET / HTTP/1.1" 302 - "http://uiutdom.ru/" "Mozilla/4.0 (compatible; MSIE 6.0; Windows ME) Opera 7.11 [en]"
66.249.64.24 - - [02/Jan/2015:12:42:27 +0100] "GET /wp-content/plugins/cookie-opt-in/css/style.css?ver=4.0 HTTP/1.1" 200 2316 "-" "Mozilla/5.0 (compatible; Googlebot/2.1; +http://www.google.com/bot.html)"
188.40.35.97 - - [02/Jan/2015:12:42:27 +0100] "POST /wp-cron.php?doing_wp_cron=1420198947.8719658851623535156250 HTTP/1.0" 200 - "-" "WordPress/4.0.1; http://www.a-und-h.de"
66.249.64.28 - - [02/Jan/2015:12:42:27 +0100] "GET /wp-content/themes/purevision/styles/custom/custom_style.php?ver=4.0 HTTP/1.1" 200 4550 "-" "Mozilla/5.0 (compatible; Googlebot/2.1; +http://www.google.com/bot.html)"
66.249.78.79 - - [02/Jan/2015:12:42:28 +0100] "GET /wp-content/plugins/category-posts/cat-posts.css?ver=4.0 HTTP/1.1" 200 833 "-" "Mozilla/5.0 (compatible; Googlebot/2.1; +http://www.google.com/bot.html)"
66.249.64.20 - - [02/Jan/2015:12:42:29 +0100] "GET /wp-content/plugins/contact-form-7/includes/css/styles.css?ver=3.9.3 HTTP/1.1" 200 1103 "-" "Mozilla/5.0 (compatible; Googlebot/2.1; +http://www.google.com/bot.html)"
207.46.13.11 - - [02/Jan/2015:12:49:58 +0100] "GET / HTTP/1.1" 302 - "-" "Mozilla/5.0 (compatible; bingbot/2.0; +http://www.bing.com/bingbot.htm)"
188.40.35.97 - - [02/Jan/2015:12:49:59 +0100] "POST /wp-cron.php?doing_wp_cron=1420199399.0479888916015625000000 HTTP/1.0" 200 - "-" "WordPress/4.0.1; http://www.a-und-h.de"
207.46.13.11 - - [02/Jan/2015:12:50:03 +0100] "GET /de/ HTTP/1.1" 200 26581 "-" "Mozilla/5.0 (compatible; bingbot/2.0; +http://www.bing.com/bingbot.htm)"
188.40.35.97 - - [02/Jan/2015:13:03:37 +0100] "POST /wp-cron.php?doing_wp_cron=1420200217.0127220153808593750000 HTTP/1.0" 200 - "-" "WordPress/4.0.1; http://www.a-und-h.de"
95.85.47.123 - - [02/Jan/2015:13:03:36 +0100] "GET /robots.txt HTTP/1.1" 200 35 "-" "Mozilla/5.0 (Windows; U; Windows NT 6.1; en-US) AppleWebKit/534.16 (KHTML, like Gecko) Chrome/10.0.648.204 Safari/534.16"
95.85.47.123 - - [02/Jan/2015:13:03:37 +0100] "GET /de/ HTTP/1.1" 200 26581 "-" "Mozilla/5.0 (Windows; U; Windows NT 6.1; en-US) AppleWebKit/534.16 (KHTML, like Gecko) Chrome/10.0.648.204 Safari/534.16"
188.40.35.97 - - [02/Jan/2015:13:16:16 +0100] "POST /wp-cron.php?doing_wp_cron=1420200976.4087600708007812500000 HTTP/1.0" 200 - "-" "WordPress/4.0.1; http://www.a-und-h.de"
141.8.147.20 - - [02/Jan/2015:13:16:16 +0100] "GET /da-250ttp-2 HTTP/1.1" 200 29414 "-" "Mozilla/5.0 (compatible; YandexBot/3.0; +http://yandex.com/bots)"
93.61.27.109 - - [02/Jan/2015:13:30:05 +0100] "POST /wp-login.php HTTP/1.1" 200 3898 "http://www.a-und-h.de/wp-login.php" "Mozilla/5.0 (Windows NT 6.1) AppleWebKit/537.36 (KHTML like Gecko) Chrome/34.0.1847.137 Safari/537.36"
89.96.106.216 - - [02/Jan/2015:13:30:05 +0100] "POST /wp-login.php HTTP/1.1" 200 3898 "http://www.a-und-h.de/wp-login.php" "Mozilla/5.0 (Windows NT 6.1; rv:10.0) Gecko/20100101 Firefox/10.0"
188.40.35.97 - - [02/Jan/2015:13:30:05 +0100] "POST /wp-cron.php?doing_wp_cron=1420201805.1295049190521240234375 HTTP/1.0" 200 - "-" "WordPress/4.0.1; http://www.a-und-h.de"
93.61.60.184 - - [02/Jan/2015:13:30:04 +0100] "POST /wp-login.php HTTP/1.1" 200 3898 "http://www.a-und-h.de/wp-login.php" "Mozilla/5.0 (compatible; MSIE 9.0; Windows NT 6.1; WOW64; Trident/5.0)"
78.5.240.206 - - [02/Jan/2015:13:30:04 +0100] "POST /wp-login.php HTTP/1.1" 200 3898 "http://www.a-und-h.de/wp-login.php" "Mozilla/5.0 (Windows NT 6.1) AppleWebKit/535.2 (KHTML like Gecko) Chrome/15.0.874.121 Safari/535.2"
188.40.35.97 - - [02/Jan/2015:13:30:04 +0100] "POST /wp-cron.php?doing_wp_cron=1420201804.9758949279785156250000 HTTP/1.0" 200 - "-" "WordPress/4.0.1; http://www.a-und-h.de"
78.5.35.98 - - [02/Jan/2015:13:30:17 +0100] "POST /wp-login.php HTTP/1.1" 200 3898 "http://www.a-und-h.de/wp-login.php" "Mozilla/5.0 (Windows NT 6.1; WOW64) AppleWebKit/534.30 (KHTML like Gecko) Chrome/12.0.742.112 Safari/534.30"
66.249.64.28 - - [02/Jan/2015:13:31:54 +0100] "GET /?wptouch_switch=desktop&redirect=%2Fprodukte HTTP/1.1" 302 - "-" "Mozilla/5.0 (compatible; Googlebot/2.1; +http://www.google.com/bot.html)"
188.40.35.97 - - [02/Jan/2015:13:32:51 +0100] "POST /wp-cron.php?doing_wp_cron=1420201971.8087770938873291015625 HTTP/1.0" 200 - "-" "WordPress/4.0.1; http://www.a-und-h.de"
66.249.64.28 - - [02/Jan/2015:13:32:51 +0100] "GET /de/ HTTP/1.1" 200 26581 "-" "Mozilla/5.0 (compatible; Googlebot/2.1; +http://www.google.com/bot.html)"
66.249.64.20 - - [02/Jan/2015:13:35:56 +0100] "GET /wp-content/themes/purevision/sliders/slider_de/piecemaker.swf?random_number=2329 HTTP/1.1" 200 208139 "-" "Mozilla/5.0 (compatible; Googlebot/2.1; +http://www.google.com/bot.html)"
188.40.35.97 - - [02/Jan/2015:13:46:22 +0100] "POST /wp-cron.php?doing_wp_cron=1420202782.3162579536437988281250 HTTP/1.0" 200 - "-" "WordPress/4.0.1; http://www.a-und-h.de"
180.153.198.220 - - [02/Jan/2015:13:46:28 +0100] "GET /wp-content/plugins/cookie-opt-in/css/style.css?ver=4.0.1 HTTP/1.1" 200 2316 "http://www.a-und-h.de/produkte" "Mozilla/5.0 (iPhone; U; CPU iPhone OS 4_2_1 like Mac OS X; en-us) AppleWebKit/533.17.9 (KHTML, like Gecko) Version/5.0.2 Mobile/8C148 Safari/6533.18.5"
180.153.198.220 - - [02/Jan/2015:13:46:22 +0100] "GET /produkte HTTP/1.1" 200 24631 "-" "Mozilla/5.0 (iPhone; U; CPU iPhone OS 4_2_1 like Mac OS X; en-us) AppleWebKit/533.17.9 (KHTML, like Gecko) Version/5.0.2 Mobile/8C148 Safari/6533.18.5"
180.153.198.220 - - [02/Jan/2015:13:46:28 +0100] "GET /wp-content/plugins/wptouch/themes/foundation/modules/font-awesome/font-awesome.min.css?ver=2.2 HTTP/1.1" 200 22054 "http://www.a-und-h.de/produkte" "Mozilla/5.0 (iPhone; U; CPU iPhone OS 4_2_1 like Mac OS X; en-us) AppleWebKit/533.17.9 (KHTML, like Gecko) Version/5.0.2 Mobile/8C148 Safari/6533.18.5"
188.40.35.97 - - [02/Jan/2015:13:51:09 +0100] "POST /wp-cron.php?doing_wp_cron=1420203069.1923930644989013671875 HTTP/1.0" 200 - "-" "WordPress/4.0.1; http://www.a-und-h.de"
66.249.64.24 - - [02/Jan/2015:13:51:08 +0100] "GET /files/luftentfeuchter_da_310___da_410.pdf HTTP/1.1" 404 22079 "-" "Mozilla/5.0 (compatible; Googlebot/2.1; +http://www.google.com/bot.html)"
217.69.133.70 - - [02/Jan/2015:13:51:41 +0100] "GET /robots.txt HTTP/1.1" 200 35 "-" "Mozilla/5.0 (compatible; Linux x86_64; Mail.RU_Bot/2.0; +http://go.mail.ru/help/robots)"
217.69.133.70 - - [02/Jan/2015:13:51:42 +0100] "GET /karriere-bei-ah HTTP/1.1" 200 26034 "-" "Mozilla/5.0 (compatible; Linux x86_64; Mail.RU_Bot/2.0; +http://go.mail.ru/help/robots)"
188.40.35.97 - - [02/Jan/2015:14:02:42 +0100] "POST /wp-cron.php?doing_wp_cron=1420203762.2494080066680908203125 HTTP/1.0" 200 - "-" "WordPress/4.0.1; http://www.a-und-h.de"
66.249.64.28 - - [02/Jan/2015:14:02:42 +0100] "GET /da-160-da-250 HTTP/1.1" 200 31642 "-" "Mozilla/5.0 (compatible; Googlebot/2.1; +http://www.google.com/bot.html)"
66.249.64.20 - - [02/Jan/2015:14:06:33 +0100] "GET /?page_id=39 HTTP/1.1" 301 - "-" "Mozilla/5.0 (compatible; Googlebot/2.1; +http://www.google.com/bot.html)"
66.249.64.28 - - [02/Jan/2015:14:06:33 +0100] "GET /kontakt-service/infomaterial-bestellen HTTP/1.1" 200 25268 "-" "Mozilla/5.0 (compatible; Googlebot/2.1; +http://www.google.com/bot.html)"
78.158.11.226 - - [02/Jan/2015:14:10:13 +0100] "GET / HTTP/1.0" 302 - "http://www.google.com/url?sa=t&rct=j&q=www.a-und-h.de&source=web&cd=5&ved=0CF0QFjAE&url=http:%2F%2Fwww.a-und-h.de%2F&cad=rja" "Lynx/2.8.5rel.1 libwww-FM/2.15FC SSL-MM/1.4.1c OpenSSL/0.9.7e-dev"
188.40.35.97 - - [02/Jan/2015:14:10:14 +0100] "POST /wp-cron.php?doing_wp_cron=1420204213.9998610019683837890625 HTTP/1.0" 200 - "-" "WordPress/4.0.1; http://www.a-und-h.de"
78.158.11.226 - - [02/Jan/2015:14:10:15 +0100] "GET /en/ HTTP/1.0" 200 24843 "http://www.google.com/url?sa=t&rct=j&q=www.a-und-h.de&source=web&cd=5&ved=0CF0QFjAE&url=http:%2F%2Fwww.a-und-h.de%2F&cad=rja" "Lynx/2.8.5rel.1 libwww-FM/2.15FC SSL-MM/1.4.1c OpenSSL/0.9.7e-dev"
78.158.11.226 - - [02/Jan/2015:14:10:15 +0100] "GET /wp-content/themes/purevision/styles/common-css/960.css?ver=1.0 HTTP/1.0" 200 7707 "http://www.a-und-h.de/" "Lynx/2.8.5rel.1 libwww-FM/2.15FC SSL-MM/1.4.1c OpenSSL/0.9.7e-dev"
66.249.64.24 - - [02/Jan/2015:14:10:18 +0100] "GET /wp-content/plugins/cookie-opt-in/css/style.css?ver=3.9.2 HTTP/1.1" 200 2316 "-" "Mozilla/5.0 (compatible; Googlebot/2.1; +http://www.google.com/bot.html)"
66.249.64.28 - - [02/Jan/2015:14:10:19 +0100] "GET /wp-content/plugins/category-posts/cat-posts.css?ver=3.9.2 HTTP/1.1" 200 833 "-" "Mozilla/5.0 (compatible; Googlebot/2.1; +http://www.google.com/bot.html)"
66.249.64.20 - - [02/Jan/2015:14:10:20 +0100] "GET /wp-content/plugins/contact-form-7/includes/css/styles.css?ver=3.9.2 HTTP/1.1" 200 1103 "-" "Mozilla/5.0 (compatible; Googlebot/2.1; +http://www.google.com/bot.html)"
188.40.35.97 - - [02/Jan/2015:14:22:36 +0100] "POST /wp-cron.php?doing_wp_cron=1420204956.8659439086914062500000 HTTP/1.0" 200 - "-" "WordPress/4.0.1; http://www.a-und-h.de"
91.189.219.140 - - [02/Jan/2015:14:22:36 +0100] "GET /en/ HTTP/1.1" 200 24843 "-" "Mozilla/5.0 (Windows NT 6.1; rv:6.0) Gecko/20100101 Firefox/19.0"
91.189.219.140 - - [02/Jan/2015:14:22:37 +0100] "GET /en/wp-login.php?action=login HTTP/1.1" 404 20464 "-" "Mozilla/5.0 (Windows NT 6.1; rv:14.0) Gecko/20100101 Firefox/18.0.1"
220.181.108.75 - - [02/Jan/2015:14:28:14 +0100] "GET /xmlrpc.php?rsd HTTP/1.1" 200 723 "-" "Mozilla/5.0 (compatible; Baiduspider/2.0; +http://www.baidu.com/search/spider.html)"
188.40.35.97 - - [02/Jan/2015:14:28:14 +0100] "POST /wp-cron.php?doing_wp_cron=1420205294.6931140422821044921875 HTTP/1.0" 200 - "-" "WordPress/4.0.1; http://www.a-und-h.de"
188.40.35.97 - - [02/Jan/2015:14:36:22 +0100] "POST /wp-cron.php?doing_wp_cron=1420205782.1655840873718261718750 HTTP/1.0" 200 - "-" "WordPress/4.0.1; http://www.a-und-h.de"
94.153.9.175 - - [02/Jan/2015:14:36:22 +0100] "GET / HTTP/1.1" 302 - "http://sporg.ru/" "Mozilla/4.0 (compatible; MSIE 6.0; Windows NT 5.1; SV1; Media Center PC"
134.249.51.137 - - [02/Jan/2015:14:36:21 +0100] "GET / HTTP/1.1" 302 - "http://npoet.ru/" "Mozilla/4.0 (compatible; MSIE 6.0; Windows NT 5.1) Opera 7.54 [en]"
134.249.51.137 - - [02/Jan/2015:14:36:22 +0100] "GET / HTTP/1.1" 302 - "http://npoet.ru/" "Mozilla/4.0 (compatible; MSIE 6.0; Windows NT 5.1) Opera 7.54 [en]"
94.153.9.175 - - [02/Jan/2015:14:36:22 +0100] "GET / HTTP/1.1" 302 - "http://sporg.ru/" "Mozilla/4.0 (compatible; MSIE 6.0; Windows NT 5.1; SV1; Media Center PC"
134.249.51.137 - - [02/Jan/2015:14:36:23 +0100] "GET / HTTP/1.1" 302 - "http://npoet.ru/" "Mozilla/4.0 (compatible; MSIE 6.0; Windows NT 5.1) Opera 7.54 [en]"
94.153.9.175 - - [02/Jan/2015:14:36:23 +0100] "GET / HTTP/1.1" 302 - "http://sporg.ru/" "Mozilla/4.0 (compatible; MSIE 6.0; Windows NT 5.1; SV1; Media Center PC"
78.42.156.99 - - [02/Jan/2015:14:37:24 +0100] "GET /wp-content/uploads/2012/03/MSR-Symbole+Kennbuchstaben.pdf HTTP/1.1" 200 511716 "https://www.google.de/" "Mozilla/5.0 (Windows NT 6.3; WOW64) AppleWebKit/537.36 (KHTML, like Gecko) Chrome/39.0.2171.95 Safari/537.36"
188.40.35.97 - - [02/Jan/2015:14:43:55 +0100] "POST /wp-cron.php?doing_wp_cron=1420206235.1987490653991699218750 HTTP/1.0" 200 - "-" "WordPress/4.0.1; http://www.a-und-h.de"
182.73.85.182 - - [02/Jan/2015:14:43:54 +0100] "GET / HTTP/1.1" 302 - "http://www.achema.de/en/exhibition/exhibitors-2015.html" "Mozilla/5.0 (Windows NT 6.1; rv:34.0) Gecko/20100101 Firefox/34.0"
182.73.85.182 - - [02/Jan/2015:14:43:56 +0100] "GET /wp-content/plugins/cookie-opt-in/css/style.css?ver=4.0.1 HTTP/1.1" 200 2316 "http://www.a-und-h.de/en/" "Mozilla/5.0 (Windows NT 6.1; rv:34.0) Gecko/20100101 Firefox/34.0"
182.73.85.182 - - [02/Jan/2015:14:43:57 +0100] "GET /wp-content/plugins/category-posts/cat-posts.css?ver=4.0.1 HTTP/1.1" 200 833 "http://www.a-und-h.de/en/" "Mozilla/5.0 (Windows NT 6.1; rv:34.0) Gecko/20100101 Firefox/34.0"
182.73.85.182 - - [02/Jan/2015:14:43:57 +0100] "GET /wp-content/plugins/contact-form-7/includes/css/styles.css?ver=4.0.1 HTTP/1.1" 200 1103 "http://www.a-und-h.de/en/" "Mozilla/5.0 (Windows NT 6.1; rv:34.0) Gecko/20100101 Firefox/34.0"
182.73.85.182 - - [02/Jan/2015:14:43:57 +0100] "GET /wp-content/plugins/wp-slimbox2/css/slimbox2.css?ver=1.1 HTTP/1.1" 200 917 "http://www.a-und-h.de/en/" "Mozilla/5.0 (Windows NT 6.1; rv:34.0) Gecko/20100101 Firefox/34.0"
182.73.85.182 - - [02/Jan/2015:14:43:57 +0100] "GET /wp-content/themes/purevision/styles/style1/css/text.css?ver=1.0 HTTP/1.1" 200 1819 "http://www.a-und-h.de/en/" "Mozilla/5.0 (Windows NT 6.1; rv:34.0) Gecko/20100101 Firefox/34.0"
182.73.85.182 - - [02/Jan/2015:14:43:57 +0100] "GET /wp-content/themes/purevision/styles/common-css/960.css?ver=1.0 HTTP/1.1" 200 7707 "http://www.a-und-h.de/en/" "Mozilla/5.0 (Windows NT 6.1; rv:34.0) Gecko/20100101 Firefox/34.0"
182.73.85.182 - - [02/Jan/2015:14:43:56 +0100] "GET /en/ HTTP/1.1" 200 24843 "http://www.achema.de/en/exhibition/exhibitors-2015.html" "Mozilla/5.0 (Windows NT 6.1; rv:34.0) Gecko/20100101 Firefox/34.0"
182.73.85.182 - - [02/Jan/2015:14:43:57 +0100] "GET /wp-content/themes/purevision/styles/common-css/reset.css?ver=1.0 HTTP/1.1" 200 1004 "http://www.a-und-h.de/en/" "Mozilla/5.0 (Windows NT 6.1; rv:34.0) Gecko/20100101 Firefox/34.0"
182.73.85.182 - - [02/Jan/2015:14:43:57 +0100] "GET /wp-content/themes/purevision/scripts/superfish-1.4.8/css/superfish.css?ver=1.0 HTTP/1.1" 200 3275 "http://www.a-und-h.de/en/" "Mozilla/5.0 (Windows NT 6.1; rv:34.0) Gecko/20100101 Firefox/34.0"
182.73.85.182 - - [02/Jan/2015:14:43:58 +0100] "GET /wp-content/themes/purevision/style.css?ver=1.0 HTTP/1.1" 200 885 "http://www.a-und-h.de/en/" "Mozilla/5.0 (Windows NT 6.1; rv:34.0) Gecko/20100101 Firefox/34.0"
182.73.85.182 - - [02/Jan/2015:14:43:58 +0100] "GET /wp-includes/js/jquery/jquery-migrate.min.js?ver=1.2.1 HTTP/1.1" 200 7200 "http://www.a-und-h.de/en/" "Mozilla/5.0 (Windows NT 6.1; rv:34.0) Gecko/20100101 Firefox/34.0"
182.73.85.182 - - [02/Jan/2015:14:43:58 +0100] "GET /wp-content/plugins/cookie-opt-in/js/cookie-opt-in.js?ver=1 HTTP/1.1" 200 9405 "http://www.a-und-h.de/en/" "Mozilla/5.0 (Windows NT 6.1; rv:34.0) Gecko/20100101 Firefox/34.0"
182.73.85.182 - - [02/Jan/2015:14:43:58 +0100] "GET /wp-content/plugins/snow-storm/snow-storm.js?ver=1.41 HTTP/1.1" 200 9852 "http://www.a-und-h.de/en/" "Mozilla/5.0 (Windows NT 6.1; rv:34.0) Gecko/20100101 Firefox/34.0"
182.73.85.182 - - [02/Jan/2015:14:43:58 +0100] "GET /wp-content/themes/purevision/styles/custom/custom_style.php?ver=4.0.1 HTTP/1.1" 200 4550 "http://www.a-und-h.de/en/" "Mozilla/5.0 (Windows NT 6.1; rv:34.0) Gecko/20100101 Firefox/34.0"
182.73.85.182 - - [02/Jan/2015:14:43:58 +0100] "GET /wp-content/plugins/wp-slimbox2/javascript/slimbox2.js?ver=2.04 HTTP/1.1" 200 3777 "http://www.a-und-h.de/en/" "Mozilla/5.0 (Windows NT 6.1; rv:34.0) Gecko/20100101 Firefox/34.0"
182.73.85.182 - - [02/Jan/2015:14:43:57 +0100] "GET /en/www.a-und-h.de/favicon.ico HTTP/1.1" 404 20465 "-" "Mozilla/5.0 (Windows NT 6.1; rv:34.0) Gecko/20100101 Firefox/34.0"
182.73.85.182 - - [02/Jan/2015:14:44:00 +0100] "GET /wp-content/themes/purevision/scripts/script.js?ver=1.0 HTTP/1.1" 200 7495 "http://www.a-und-h.de/en/" "Mozilla/5.0 (Windows NT 6.1; rv:34.0) Gecko/20100101 Firefox/34.0"
182.73.85.182 - - [02/Jan/2015:14:44:00 +0100] "GET /wp-content/plugins/wp-slimbox2/javascript/slimbox2_autoload.js?ver=1.0.4b HTTP/1.1" 200 3027 "http://www.a-und-h.de/en/" "Mozilla/5.0 (Windows NT 6.1; rv:34.0) Gecko/20100101 Firefox/34.0"
182.73.85.182 - - [02/Jan/2015:14:44:01 +0100] "GET /wp-content/plugins/newsletter/subscription/styles/widget-neutral.css HTTP/1.1" 200 1018 "http://www.a-und-h.de/en/" "Mozilla/5.0 (Windows NT 6.1; rv:34.0) Gecko/20100101 Firefox/34.0"
182.73.85.182 - - [02/Jan/2015:14:44:01 +0100] "GET /wp-content/themes/purevision/scripts/superfish-1.4.8/js/superfish.combined.js?ver=1.0.0 HTTP/1.1" 200 5387 "http://www.a-und-h.de/en/" "Mozilla/5.0 (Windows NT 6.1; rv:34.0) Gecko/20100101 Firefox/34.0"
182.73.85.182 - - [02/Jan/2015:14:44:01 +0100] "GET /wp-content/plugins/cookie-opt-in/js/cookie-opt-in-if.js?ver=1 HTTP/1.1" 200 1119 "http://www.a-und-h.de/en/" "Mozilla/5.0 (Windows NT 6.1; rv:34.0) Gecko/20100101 Firefox/34.0"
182.73.85.182 - - [02/Jan/2015:14:43:58 +0100] "GET /wp-content/themes/purevision/styles/style1/css/style.css?ver=1.0 HTTP/1.1" 200 72108 "http://www.a-und-h.de/en/" "Mozilla/5.0 (Windows NT 6.1; rv:34.0) Gecko/20100101 Firefox/34.0"
182.73.85.182 - - [02/Jan/2015:14:44:01 +0100] "GET /wp-content/plugins/contact-form-7/includes/js/scripts.js?ver=4.0.1 HTTP/1.1" 200 9658 "http://www.a-und-h.de/en/" "Mozilla/5.0 (Windows NT 6.1; rv:34.0) Gecko/20100101 Firefox/34.0"
182.73.85.182 - - [02/Jan/2015:14:44:00 +0100] "GET /wp-content/plugins/contact-form-7/includes/js/jquery.form.min.js?ver=3.51.0-2014.06.20 HTTP/1.1" 200 15248 "http://www.a-und-h.de/en/" "Mozilla/5.0 (Windows NT 6.1; rv:34.0) Gecko/20100101 Firefox/34.0"
182.73.85.182 - - [02/Jan/2015:14:43:58 +0100] "GET /wp-includes/js/jquery/jquery.js?ver=1.11.1 HTTP/1.1" 200 95807 "http://www.a-und-h.de/en/" "Mozilla/5.0 (Windows NT 6.1; rv:34.0) Gecko/20100101 Firefox/34.0"
182.73.85.182 - - [02/Jan/2015:14:44:03 +0100] "GET /wp-content/themes/purevision/sliders/piecemaker/js/swfobject.js?ver=1.5 HTTP/1.1" 200 6880 "http://www.a-und-h.de/en/" "Mozilla/5.0 (Windows NT 6.1; rv:34.0) Gecko/20100101 Firefox/34.0"
182.73.85.182 - - [02/Jan/2015:14:44:04 +0100] "GET /wp-content/themes/purevision/scripts/superfish-1.4.8/images/auto-arrows.png HTTP/1.1" 200 295 "http://www.a-und-h.de/en/" "Mozilla/5.0 (Windows NT 6.1; rv:34.0) Gecko/20100101 Firefox/34.0"
182.73.85.182 - - [02/Jan/2015:14:44:04 +0100] "GET /wp-content/uploads/google.png HTTP/1.1" 200 1718 "http://www.a-und-h.de/en/" "Mozilla/5.0 (Windows NT 6.1; rv:34.0) Gecko/20100101 Firefox/34.0"
182.73.85.182 - - [02/Jan/2015:14:44:05 +0100] "GET /wp-content/uploads/xing.png HTTP/1.1" 200 1343 "http://www.a-und-h.de/en/" "Mozilla/5.0 (Windows NT 6.1; rv:34.0) Gecko/20100101 Firefox/34.0"
182.73.85.182 - - [02/Jan/2015:14:44:03 +0100] "GET /en/www.a-und-h.de/favicon.ico HTTP/1.1" 404 20465 "-" "Mozilla/5.0 (Windows NT 6.1; rv:34.0) Gecko/20100101 Firefox/34.0"
182.73.85.182 - - [02/Jan/2015:14:44:05 +0100] "GET /wp-content/themes/purevision/styles/style1/images/menu-active-btn_l.png HTTP/1.1" 200 754 "http://www.a-und-h.de/en/" "Mozilla/5.0 (Windows NT 6.1; rv:34.0) Gecko/20100101 Firefox/34.0"
182.73.85.182 - - [02/Jan/2015:14:44:05 +0100] "GET /wp-content/plugins/polylang/flags/de_DE.png HTTP/1.1" 200 545 "http://www.a-und-h.de/en/" "Mozilla/5.0 (Windows NT 6.1; rv:34.0) Gecko/20100101 Firefox/34.0"
182.73.85.182 - - [02/Jan/2015:14:44:05 +0100] "GET /wp-content/themes/purevision/styles/style1/images/menu-btn_r.png HTTP/1.1" 200 670 "http://www.a-und-h.de/en/" "Mozilla/5.0 (Windows NT 6.1; rv:34.0) Gecko/20100101 Firefox/34.0"
182.73.85.182 - - [02/Jan/2015:14:44:05 +0100] "GET /wp-content/themes/purevision/sliders/piecemaker_2/contents/javascript.jpg HTTP/1.1" 301 378 "http://www.a-und-h.de/en/" "Mozilla/5.0 (Windows NT 6.1; rv:34.0) Gecko/20100101 Firefox/34.0"
182.73.85.182 - - [02/Jan/2015:14:44:06 +0100] "GET /wp-content/plugins/wp-table-reloaded/css/datatables.css?ver=1.9.4 HTTP/1.1" 200 2329 "http://www.a-und-h.de/en/" "Mozilla/5.0 (Windows NT 6.1; rv:34.0) Gecko/20100101 Firefox/34.0"
182.73.85.182 - - [02/Jan/2015:14:44:06 +0100] "GET /wp-content/plugins/wp-table-reloaded/css/plugin.css?ver=1.9.4 HTTP/1.1" 200 980 "http://www.a-und-h.de/en/" "Mozilla/5.0 (Windows NT 6.1; rv:34.0) Gecko/20100101 Firefox/34.0"
182.73.85.182 - - [02/Jan/2015:14:44:06 +0100] "GET /wp-content/themes/purevision/styles/style1/images/menu-with-arrow-btn_r.png HTTP/1.1" 200 322 "http://www.a-und-h.de/en/" "Mozilla/5.0 (Windows NT 6.1; rv:34.0) Gecko/20100101 Firefox/34.0"
182.73.85.182 - - [02/Jan/2015:14:44:06 +0100] "GET /wp-content/themes/purevision/styles/style1/images/menu-active-with-arrow-btn_r.png HTTP/1.1" 200 318 "http://www.a-und-h.de/en/" "Mozilla/5.0 (Windows NT 6.1; rv:34.0) Gecko/20100101 Firefox/34.0"
182.73.85.182 - - [02/Jan/2015:14:44:06 +0100] "GET /wp-content/uploads/Teaser-Produkte.jpg HTTP/1.1" 200 9420 "http://www.a-und-h.de/en/" "Mozilla/5.0 (Windows NT 6.1; rv:34.0) Gecko/20100101 Firefox/34.0"
182.73.85.182 - - [02/Jan/2015:14:44:05 +0100] "GET /wp-includes/images/partner-logos.png HTTP/1.1" 200 51457 "http://www.a-und-h.de/en/" "Mozilla/5.0 (Windows NT 6.1; rv:34.0) Gecko/20100101 Firefox/34.0"
182.73.85.182 - - [02/Jan/2015:14:44:07 +0100] "GET /wp-content/uploads/twitter.png HTTP/1.1" 200 1258 "http://www.a-und-h.de/en/" "Mozilla/5.0 (Windows NT 6.1; rv:34.0) Gecko/20100101 Firefox/34.0"
182.73.85.182 - - [02/Jan/2015:14:44:07 +0100] "GET /wp-content/themes/purevision/styles/style1/images/menu-btn_l.png HTTP/1.1" 200 767 "http://www.a-und-h.de/en/" "Mozilla/5.0 (Windows NT 6.1; rv:34.0) Gecko/20100101 Firefox/34.0"
182.73.85.182 - - [02/Jan/2015:14:44:07 +0100] "GET /wp-content/plugins/polylang/flags/en_US.png HTTP/1.1" 200 599 "http://www.a-und-h.de/en/" "Mozilla/5.0 (Windows NT 6.1; rv:34.0) Gecko/20100101 Firefox/34.0"
182.73.85.182 - - [02/Jan/2015:14:44:07 +0100] "GET /wp-content/uploads/facebook.png HTTP/1.1" 200 807 "http://www.a-und-h.de/en/" "Mozilla/5.0 (Windows NT 6.1; rv:34.0) Gecko/20100101 Firefox/34.0"
182.73.85.182 - - [02/Jan/2015:14:44:06 +0100] "GET /wp-content/uploads/Teaser-Luftentfeuchtung.jpg HTTP/1.1" 200 18918 "http://www.a-und-h.de/en/" "Mozilla/5.0 (Windows NT 6.1; rv:34.0) Gecko/20100101 Firefox/34.0"
182.73.85.182 - - [02/Jan/2015:14:44:07 +0100] "GET /wp-content/uploads/Teaser-kompetenzen.jpg HTTP/1.1" 200 13434 "http://www.a-und-h.de/en/" "Mozilla/5.0 (Windows NT 6.1; rv:34.0) Gecko/20100101 Firefox/34.0"
182.73.85.182 - - [02/Jan/2015:14:44:08 +0100] "GET /wp-content/themes/purevision/styles/style1/images/menu-active-btn_r.png HTTP/1.1" 200 967 "http://www.a-und-h.de/en/" "Mozilla/5.0 (Windows NT 6.1; rv:34.0) Gecko/20100101 Firefox/34.0"
182.73.85.182 - - [02/Jan/2015:14:44:06 +0100] "GET /wp-content/themes/purevision/sliders/piecemaker_2/contents/javascript.jpg HTTP/1.1" 200 102007 "http://www.a-und-h.de/en/" "Mozilla/5.0 (Windows NT 6.1; rv:34.0) Gecko/20100101 Firefox/34.0"
182.73.85.182 - - [02/Jan/2015:14:44:12 +0100] "GET /wp-content/uploads/2012/03/a_und_h_logo.jpg HTTP/1.1" 301 348 "http://www.a-und-h.de/wp-content/themes/purevision/styles/custom/custom_style.php?ver=4.0.1" "Mozilla/5.0 (Windows NT 6.1; rv:34.0) Gecko/20100101 Firefox/34.0"
182.73.85.182 - - [02/Jan/2015:14:44:12 +0100] "GET /wp-content/themes/purevision/styles/style1/images/feedback-btn.png HTTP/1.1" 200 2384 "http://www.a-und-h.de/wp-content/themes/purevision/styles/style1/css/style.css?ver=1.0" "Mozilla/5.0 (Windows NT 6.1; rv:34.0) Gecko/20100101 Firefox/34.0"
182.73.85.182 - - [02/Jan/2015:14:44:12 +0100] "GET /wp-content/uploads/2012/03/background3.png HTTP/1.1" 301 347 "http://www.a-und-h.de/wp-content/themes/purevision/styles/custom/custom_style.php?ver=4.0.1" "Mozilla/5.0 (Windows NT 6.1; rv:34.0) Gecko/20100101 Firefox/34.0"
182.73.85.182 - - [02/Jan/2015:14:44:12 +0100] "GET /wp-content/themes/purevision/styles/style1/images/searchbox.png HTTP/1.1" 200 2646 "http://www.a-und-h.de/wp-content/themes/purevision/styles/style1/css/style.css?ver=1.0" "Mozilla/5.0 (Windows NT 6.1; rv:34.0) Gecko/20100101 Firefox/34.0"
182.73.85.182 - - [02/Jan/2015:14:44:13 +0100] "GET /wp-content/themes/purevision/scripts/superfish-1.4.8/images/sf-menu-bg.png HTTP/1.1" 200 1869 "http://www.a-und-h.de/wp-content/themes/purevision/scripts/superfish-1.4.8/css/superfish.css?ver=1.0" "Mozilla/5.0 (Windows NT 6.1; rv:34.0) Gecko/20100101 Firefox/34.0"
182.73.85.182 - - [02/Jan/2015:14:44:13 +0100] "GET /wp-content/themes/purevision/styles/common-images/home-page-before-content-top.png HTTP/1.1" 200 112 "http://www.a-und-h.de/wp-content/themes/purevision/styles/style1/css/style.css?ver=1.0" "Mozilla/5.0 (Windows NT 6.1; rv:34.0) Gecko/20100101 Firefox/34.0"
182.73.85.182 - - [02/Jan/2015:14:44:14 +0100] "GET /wp-content/themes/purevision/styles/style1/images/double-arrow.png HTTP/1.1" 200 197 "http://www.a-und-h.de/wp-content/themes/purevision/styles/style1/css/style.css?ver=1.0" "Mozilla/5.0 (Windows NT 6.1; rv:34.0) Gecko/20100101 Firefox/34.0"
182.73.85.182 - - [02/Jan/2015:14:44:14 +0100] "GET /wp-content/uploads/2012/03/a_und_h_logo.jpg HTTP/1.1" 200 5378 "http://www.a-und-h.de/wp-content/themes/purevision/styles/custom/custom_style.php?ver=4.0.1" "Mozilla/5.0 (Windows NT 6.1; rv:34.0) Gecko/20100101 Firefox/34.0"
182.73.85.182 - - [02/Jan/2015:14:44:14 +0100] "GET /wp-content/uploads/2012/03/background3.png HTTP/1.1" 200 6997 "http://www.a-und-h.de/wp-content/themes/purevision/styles/custom/custom_style.php?ver=4.0.1" "Mozilla/5.0 (Windows NT 6.1; rv:34.0) Gecko/20100101 Firefox/34.0"
182.73.85.182 - - [02/Jan/2015:14:44:14 +0100] "GET /wp-content/themes/purevision/styles/style1/images/heading_underline.png HTTP/1.1" 200 115 "http://www.a-und-h.de/wp-content/themes/purevision/styles/style1/css/style.css?ver=1.0" "Mozilla/5.0 (Windows NT 6.1; rv:34.0) Gecko/20100101 Firefox/34.0"
182.73.85.182 - - [02/Jan/2015:14:44:12 +0100] "GET /piwik/piwik.js HTTP/1.1" 200 18716 "http://www.a-und-h.de/en/" "Mozilla/5.0 (Windows NT 6.1; rv:34.0) Gecko/20100101 Firefox/34.0"
182.73.85.182 - - [02/Jan/2015:14:44:12 +0100] "GET /wp-content/themes/purevision/sliders/slider_en/piecemaker.swf?random_number=1223 HTTP/1.1" 200 208139 "http://www.a-und-h.de/en/" "Mozilla/5.0 (Windows NT 6.1; rv:34.0) Gecko/20100101 Firefox/34.0"
182.73.85.182 - - [02/Jan/2015:14:44:19 +0100] "GET /wp-content/themes/purevision/sliders/slider_en/piecemaker.xml HTTP/1.1" 200 2188 "http://www.a-und-h.de/wp-content/themes/purevision/sliders/slider_en/piecemaker.swf?random_number=1223" "Mozilla/5.0 (Windows NT 6.1; rv:34.0) Gecko/20100101 Firefox/34.0"
182.73.85.182 - - [02/Jan/2015:14:44:20 +0100] "GET /wp-content/themes/purevision/sliders/slider_en/piecemaker.css HTTP/1.1" 200 1227 "http://www.a-und-h.de/wp-content/themes/purevision/sliders/slider_en/piecemaker.swf?random_number=1223" "Mozilla/5.0 (Windows NT 6.1; rv:34.0) Gecko/20100101 Firefox/34.0"
182.73.85.182 - - [02/Jan/2015:14:44:21 +0100] "GET /wp-content/themes/purevision/sliders/slider_en/header1.jpg HTTP/1.1" 200 78433 "http://www.a-und-h.de/wp-content/themes/purevision/sliders/slider_en/piecemaker.swf?random_number=1223" "Mozilla/5.0 (Windows NT 6.1; rv:34.0) Gecko/20100101 Firefox/34.0"
182.73.85.182 - - [02/Jan/2015:14:44:24 +0100] "GET /wp-content/themes/purevision/sliders/slider_en/header2.jpg HTTP/1.1" 200 109946 "http://www.a-und-h.de/wp-content/themes/purevision/sliders/slider_en/piecemaker.swf?random_number=1223" "Mozilla/5.0 (Windows NT 6.1; rv:34.0) Gecko/20100101 Firefox/34.0"
182.73.85.182 - - [02/Jan/2015:14:44:27 +0100] "GET /wp-content/themes/purevision/sliders/slider_en/header3.jpg HTTP/1.1" 200 72747 "http://www.a-und-h.de/wp-content/themes/purevision/sliders/slider_en/piecemaker.swf?random_number=1223" "Mozilla/5.0 (Windows NT 6.1; rv:34.0) Gecko/20100101 Firefox/34.0"
182.73.85.182 - - [02/Jan/2015:14:44:15 +0100] "GET /piwik/piwik.php?action_name=A%2BH%20Adsorp%20Luftentfeuchtungssysteme%20GmbH&idsite=1&rec=1&r=601281&h=19&m=14&s=34&url=http%3A%2F%2Fwww.a-und-h.de%2Fen%2F&urlref=http%3A%2F%2Fwww.achema.de%2Fen%2Fexhibition%2Fexhibitors-2015.html&_id=8f15510c7910d41e&_idts=1420206274&_idvc=1&_idn=1&_refts=1420206274&_viewts=1420206274&_ref=http%3A%2F%2Fwww.achema.de%2Fen%2Fexhibition%2Fexhibitors-2015.html&pdf=1&qt=0&realp=1&wma=1&dir=0&fla=1&java=1&gears=0&ag=0&res=1366x768&cookie=1 HTTP/1.1" 200 43 "http://www.a-und-h.de/en/" "Mozilla/5.0 (Windows NT 6.1; rv:34.0) Gecko/20100101 Firefox/34.0"
182.73.85.182 - - [02/Jan/2015:14:44:38 +0100] "GET /products HTTP/1.1" 200 23326 "http://www.a-und-h.de/en/" "Mozilla/5.0 (Windows NT 6.1; rv:34.0) Gecko/20100101 Firefox/34.0"
182.73.85.182 - - [02/Jan/2015:14:44:39 +0100] "GET /wp-content/plugins/cookie-opt-in/css/style.css?ver=4.0.1 HTTP/1.1" 304 - "http://www.a-und-h.de/products" "Mozilla/5.0 (Windows NT 6.1; rv:34.0) Gecko/20100101 Firefox/34.0"
182.73.85.182 - - [02/Jan/2015:14:44:39 +0100] "GET /wp-content/plugins/category-posts/cat-posts.css?ver=4.0.1 HTTP/1.1" 304 - "http://www.a-und-h.de/products" "Mozilla/5.0 (Windows NT 6.1; rv:34.0) Gecko/20100101 Firefox/34.0"
182.73.85.182 - - [02/Jan/2015:14:44:39 +0100] "GET /wp-content/plugins/contact-form-7/includes/css/styles.css?ver=4.0.1 HTTP/1.1" 304 - "http://www.a-und-h.de/products" "Mozilla/5.0 (Windows NT 6.1; rv:34.0) Gecko/20100101 Firefox/34.0"
182.73.85.182 - - [02/Jan/2015:14:44:39 +0100] "GET /wp-content/plugins/wp-slimbox2/css/slimbox2.css?ver=1.1 HTTP/1.1" 304 - "http://www.a-und-h.de/products" "Mozilla/5.0 (Windows NT 6.1; rv:34.0) Gecko/20100101 Firefox/34.0"
182.73.85.182 - - [02/Jan/2015:14:44:39 +0100] "GET /wp-content/themes/purevision/styles/common-css/reset.css?ver=1.0 HTTP/1.1" 304 - "http://www.a-und-h.de/products" "Mozilla/5.0 (Windows NT 6.1; rv:34.0) Gecko/20100101 Firefox/34.0"
182.73.85.182 - - [02/Jan/2015:14:44:40 +0100] "GET /wp-content/themes/purevision/styles/style1/css/text.css?ver=1.0 HTTP/1.1" 304 - "http://www.a-und-h.de/products" "Mozilla/5.0 (Windows NT 6.1; rv:34.0) Gecko/20100101 Firefox/34.0"
182.73.85.182 - - [02/Jan/2015:14:44:40 +0100] "GET /wp-content/themes/purevision/styles/common-css/960.css?ver=1.0 HTTP/1.1" 304 - "http://www.a-und-h.de/products" "Mozilla/5.0 (Windows NT 6.1; rv:34.0) Gecko/20100101 Firefox/34.0"
182.73.85.182 - - [02/Jan/2015:14:44:40 +0100] "GET /wp-content/themes/purevision/scripts/superfish-1.4.8/css/superfish.css?ver=1.0 HTTP/1.1" 304 - "http://www.a-und-h.de/products" "Mozilla/5.0 (Windows NT 6.1; rv:34.0) Gecko/20100101 Firefox/34.0"
182.73.85.182 - - [02/Jan/2015:14:44:40 +0100] "GET /wp-content/themes/purevision/styles/style1/css/style.css?ver=1.0 HTTP/1.1" 304 - "http://www.a-und-h.de/products" "Mozilla/5.0 (Windows NT 6.1; rv:34.0) Gecko/20100101 Firefox/34.0"
182.73.85.182 - - [02/Jan/2015:14:44:40 +0100] "GET /wp-content/themes/purevision/style.css?ver=1.0 HTTP/1.1" 304 - "http://www.a-und-h.de/products" "Mozilla/5.0 (Windows NT 6.1; rv:34.0) Gecko/20100101 Firefox/34.0"
182.73.85.182 - - [02/Jan/2015:14:44:40 +0100] "GET /wp-content/themes/purevision/styles/custom/custom_style.php?ver=4.0.1 HTTP/1.1" 200 4550 "http://www.a-und-h.de/products" "Mozilla/5.0 (Windows NT 6.1; rv:34.0) Gecko/20100101 Firefox/34.0"
182.73.85.182 - - [02/Jan/2015:14:44:40 +0100] "GET /wp-includes/js/jquery/jquery.js?ver=1.11.1 HTTP/1.1" 304 - "http://www.a-und-h.de/products" "Mozilla/5.0 (Windows NT 6.1; rv:34.0) Gecko/20100101 Firefox/34.0"
182.73.85.182 - - [02/Jan/2015:14:44:40 +0100] "GET /wp-includes/js/jquery/jquery-migrate.min.js?ver=1.2.1 HTTP/1.1" 304 - "http://www.a-und-h.de/products" "Mozilla/5.0 (Windows NT 6.1; rv:34.0) Gecko/20100101 Firefox/34.0"
182.73.85.182 - - [02/Jan/2015:14:44:40 +0100] "GET /wp-content/plugins/cookie-opt-in/js/cookie-opt-in.js?ver=1 HTTP/1.1" 304 - "http://www.a-und-h.de/products" "Mozilla/5.0 (Windows NT 6.1; rv:34.0) Gecko/20100101 Firefox/34.0"
182.73.85.182 - - [02/Jan/2015:14:44:40 +0100] "GET /wp-content/plugins/snow-storm/snow-storm.js?ver=1.41 HTTP/1.1" 304 - "http://www.a-und-h.de/products" "Mozilla/5.0 (Windows NT 6.1; rv:34.0) Gecko/20100101 Firefox/34.0"
182.73.85.182 - - [02/Jan/2015:14:44:40 +0100] "GET /wp-content/plugins/wp-slimbox2/javascript/slimbox2.js?ver=2.04 HTTP/1.1" 304 - "http://www.a-und-h.de/products" "Mozilla/5.0 (Windows NT 6.1; rv:34.0) Gecko/20100101 Firefox/34.0"
182.73.85.182 - - [02/Jan/2015:14:44:40 +0100] "GET /wp-content/plugins/wp-slimbox2/javascript/slimbox2_autoload.js?ver=1.0.4b HTTP/1.1" 304 - "http://www.a-und-h.de/products" "Mozilla/5.0 (Windows NT 6.1; rv:34.0) Gecko/20100101 Firefox/34.0"
182.73.85.182 - - [02/Jan/2015:14:44:40 +0100] "GET /wp-content/themes/purevision/scripts/superfish-1.4.8/js/superfish.combined.js?ver=1.0.0 HTTP/1.1" 304 - "http://www.a-und-h.de/products" "Mozilla/5.0 (Windows NT 6.1; rv:34.0) Gecko/20100101 Firefox/34.0"
182.73.85.182 - - [02/Jan/2015:14:44:40 +0100] "GET /wp-content/themes/purevision/scripts/script.js?ver=1.0 HTTP/1.1" 304 - "http://www.a-und-h.de/products" "Mozilla/5.0 (Windows NT 6.1; rv:34.0) Gecko/20100101 Firefox/34.0"
182.73.85.182 - - [02/Jan/2015:14:44:41 +0100] "GET /wp-content/plugins/cookie-opt-in/js/cookie-opt-in-if.js?ver=1 HTTP/1.1" 304 - "http://www.a-und-h.de/products" "Mozilla/5.0 (Windows NT 6.1; rv:34.0) Gecko/20100101 Firefox/34.0"
182.73.85.182 - - [02/Jan/2015:14:44:41 +0100] "GET /wp-content/plugins/contact-form-7/includes/js/jquery.form.min.js?ver=3.51.0-2014.06.20 HTTP/1.1" 304 - "http://www.a-und-h.de/products" "Mozilla/5.0 (Windows NT 6.1; rv:34.0) Gecko/20100101 Firefox/34.0"
182.73.85.182 - - [02/Jan/2015:14:44:41 +0100] "GET /wp-includes/js/comment-reply.min.js?ver=4.0.1 HTTP/1.1" 200 757 "http://www.a-und-h.de/products" "Mozilla/5.0 (Windows NT 6.1; rv:34.0) Gecko/20100101 Firefox/34.0"
182.73.85.182 - - [02/Jan/2015:14:44:41 +0100] "GET /wp-content/plugins/contact-form-7/includes/js/scripts.js?ver=4.0.1 HTTP/1.1" 304 - "http://www.a-und-h.de/products" "Mozilla/5.0 (Windows NT 6.1; rv:34.0) Gecko/20100101 Firefox/34.0"
182.73.85.182 - - [02/Jan/2015:14:44:41 +0100] "GET /wp-content/plugins/wp-table-reloaded/css/plugin.css?ver=1.9.4 HTTP/1.1" 304 - "http://www.a-und-h.de/products" "Mozilla/5.0 (Windows NT 6.1; rv:34.0) Gecko/20100101 Firefox/34.0"
182.73.85.182 - - [02/Jan/2015:14:44:41 +0100] "GET /wp-content/plugins/wp-table-reloaded/css/datatables.css?ver=1.9.4 HTTP/1.1" 304 - "http://www.a-und-h.de/products" "Mozilla/5.0 (Windows NT 6.1; rv:34.0) Gecko/20100101 Firefox/34.0"
182.73.85.182 - - [02/Jan/2015:14:44:42 +0100] "GET /wp-content/uploads/twitter.png HTTP/1.1" 206 54 "http://www.a-und-h.de/products" "Mozilla/5.0 (Windows NT 6.1; rv:34.0) Gecko/20100101 Firefox/34.0"
182.73.85.182 - - [02/Jan/2015:14:44:42 +0100] "GET /piwik/piwik.php?action_name=Products%20%7C%20A%2BH%20Adsorp&idsite=1&rec=1&r=770507&h=19&m=15&s=1&url=http%3A%2F%2Fwww.a-und-h.de%2Fproducts&urlref=http%3A%2F%2Fwww.a-und-h.de%2Fen%2F&_id=8f15510c7910d41e&_idts=1420206274&_idvc=1&_idn=0&_refts=1420206274&_viewts=1420206274&_ref=http%3A%2F%2Fwww.achema.de%2Fen%2Fexhibition%2Fexhibitors-2015.html&pdf=1&qt=0&realp=1&wma=1&dir=0&fla=1&java=1&gears=0&ag=0&res=1366x768&cookie=1 HTTP/1.1" 200 43 "http://www.a-und-h.de/products" "Mozilla/5.0 (Windows NT 6.1; rv:34.0) Gecko/20100101 Firefox/34.0"
182.73.85.182 - - [02/Jan/2015:14:44:41 +0100] "GET /www.a-und-h.de/favicon.ico HTTP/1.1" 404 20462 "-" "Mozilla/5.0 (Windows NT 6.1; rv:34.0) Gecko/20100101 Firefox/34.0"
182.73.85.182 - - [02/Jan/2015:14:44:41 +0100] "GET /wp-content/uploads/2012/03/Header-produkte-seite.jpg HTTP/1.1" 200 60812 "http://www.a-und-h.de/products" "Mozilla/5.0 (Windows NT 6.1; rv:34.0) Gecko/20100101 Firefox/34.0"
182.73.85.182 - - [02/Jan/2015:14:44:42 +0100] "GET /www.a-und-h.de/favicon.ico HTTP/1.1" 404 20462 "-" "Mozilla/5.0 (Windows NT 6.1; rv:34.0) Gecko/20100101 Firefox/34.0"
141.8.147.20 - - [02/Jan/2015:14:46:15 +0100] "GET /contact-service HTTP/1.1" 200 21987 "-" "Mozilla/5.0 (compatible; YandexBot/3.0; +http://yandex.com/bots)"
188.40.35.97 - - [02/Jan/2015:14:57:49 +0100] "POST /wp-cron.php?doing_wp_cron=1420207069.6250319480895996093750 HTTP/1.0" 200 - "-" "WordPress/4.0.1; http://www.a-und-h.de"
66.249.64.28 - - [02/Jan/2015:14:57:49 +0100] "GET /de/ HTTP/1.1" 200 26581 "-" "DoCoMo/2.0 N905i(c100;TB;W24H16) (compatible; Googlebot-Mobile/2.1; +http://www.google.com/bot.html)"
66.249.64.28 - - [02/Jan/2015:14:59:29 +0100] "GET /wp-content/uploads/2012/05/FlowChart-Legend.pdf HTTP/1.1" 304 - "-" "Mozilla/5.0 (compatible; Googlebot/2.1; +http://www.google.com/bot.html)"
66.249.64.28 - - [02/Jan/2015:15:01:25 +0100] "GET /wp-content/uploads/2012/03/MSR-Symbole+Kennbuchstaben.pdf HTTP/1.1" 304 - "-" "Mozilla/5.0 (compatible; Googlebot/2.1; +http://www.google.com/bot.html)"
188.40.35.97 - - [02/Jan/2015:15:24:33 +0100] "POST /wp-cron.php?doing_wp_cron=1420208673.4743590354919433593750 HTTP/1.0" 200 - "-" "WordPress/4.0.1; http://www.a-und-h.de"
90.186.0.221 - - [02/Jan/2015:15:24:34 +0100] "GET /wp-content/plugins/cookie-opt-in/css/style.css?ver=4.0.1 HTTP/1.1" 200 2316 "-" "Mozilla/5.0 (Linux; U; Android 4.2.2; de-de; SAMSUNG GT-I8200N/I8200NXXUANJ2 Build/JDQ39) AppleWebKit/534.30 (KHTML, like Gecko) Version/4.0 Mobile Safari/534.30"
90.186.0.221 - - [02/Jan/2015:15:24:34 +0100] "GET /wp-content/plugins/wptouch/themes/foundation/modules/pushit/pushit.css?ver=4.0.1 HTTP/1.1" 200 484 "-" "Mozilla/5.0 (Linux; U; Android 4.2.2; de-de; SAMSUNG GT-I8200N/I8200NXXUANJ2 Build/JDQ39) AppleWebKit/534.30 (KHTML, like Gecko) Version/4.0 Mobile Safari/534.30"
90.186.0.221 - - [02/Jan/2015:15:24:34 +0100] "GET /wp-content/plugins/contact-form-7/includes/css/styles.css?ver=4.0.1 HTTP/1.1" 200 1103 "-" "Mozilla/5.0 (Linux; U; Android 4.2.2; de-de; SAMSUNG GT-I8200N/I8200NXXUANJ2 Build/JDQ39) AppleWebKit/534.30 (KHTML, like Gecko) Version/4.0 Mobile Safari/534.30"
90.186.0.221 - - [02/Jan/2015:15:24:34 +0100] "GET /wp-content/plugins/category-posts/cat-posts.css?ver=4.0.1 HTTP/1.1" 200 833 "-" "Mozilla/5.0 (Linux; U; Android 4.2.2; de-de; SAMSUNG GT-I8200N/I8200NXXUANJ2 Build/JDQ39) AppleWebKit/534.30 (KHTML, like Gecko) Version/4.0 Mobile Safari/534.30"
90.186.0.221 - - [02/Jan/2015:15:24:34 +0100] "GET /wp-includes/js/jquery/jquery-migrate.min.js?ver=1.2.1 HTTP/1.1" 200 7200 "-" "Mozilla/5.0 (Linux; U; Android 4.2.2; de-de; SAMSUNG GT-I8200N/I8200NXXUANJ2 Build/JDQ39) AppleWebKit/534.30 (KHTML, like Gecko) Version/4.0 Mobile Safari/534.30"
90.186.0.221 - - [02/Jan/2015:15:24:34 +0100] "GET /wp-content/plugins/newsletter/subscription/styles/widget-neutral.css HTTP/1.1" 200 1018 "-" "Mozilla/5.0 (Linux; U; Android 4.2.2; de-de; SAMSUNG GT-I8200N/I8200NXXUANJ2 Build/JDQ39) AppleWebKit/534.30 (KHTML, like Gecko) Version/4.0 Mobile Safari/534.30"
90.186.0.221 - - [02/Jan/2015:15:24:34 +0100] "GET /wp-content/plugins/wp-slimbox2/javascript/slimbox2_autoload.js?ver=1.0.4b HTTP/1.1" 200 3027 "-" "Mozilla/5.0 (Linux; U; Android 4.2.2; de-de; SAMSUNG GT-I8200N/I8200NXXUANJ2 Build/JDQ39) AppleWebKit/534.30 (KHTML, like Gecko) Version/4.0 Mobile Safari/534.30"
90.186.0.221 - - [02/Jan/2015:15:24:34 +0100] "GET /wp-content/plugins/cookie-opt-in/js/cookie-opt-in.js?ver=1 HTTP/1.1" 200 9405 "-" "Mozilla/5.0 (Linux; U; Android 4.2.2; de-de; SAMSUNG GT-I8200N/I8200NXXUANJ2 Build/JDQ39) AppleWebKit/534.30 (KHTML, like Gecko) Version/4.0 Mobile Safari/534.30"
90.186.0.221 - - [02/Jan/2015:15:24:34 +0100] "GET /wp-content/plugins/snow-storm/snow-storm.js?ver=1.41 HTTP/1.1" 200 9852 "-" "Mozilla/5.0 (Linux; U; Android 4.2.2; de-de; SAMSUNG GT-I8200N/I8200NXXUANJ2 Build/JDQ39) AppleWebKit/534.30 (KHTML, like Gecko) Version/4.0 Mobile Safari/534.30"
