188.40.35.97 - - [02/Jan/2015:01:17:27 +0100] "POST /wp-cron.php?doing_wp_cron=1420157847.0918939113616943359375 HTTP/1.0" 200 - "-" "WordPress/4.0.1; http://www.a-und-h.de"
188.40.35.97 - - [02/Jan/2015:01:17:27 +0100] "POST /wp-cron.php?doing_wp_cron=1420157847.0910849571228027343750 HTTP/1.0" 200 - "-" "WordPress/4.0.1; http://www.a-und-h.de"
188.40.35.97 - - [02/Jan/2015:01:17:27 +0100] "POST /wp-cron.php?doing_wp_cron=1420157847.0915989875793457031250 HTTP/1.0" 200 - "-" "WordPress/4.0.1; http://www.a-und-h.de"
188.40.35.97 - - [02/Jan/2015:01:17:27 +0100] "POST /wp-cron.php?doing_wp_cron=1420157847.0908660888671875000000 HTTP/1.0" 200 - "-" "WordPress/4.0.1; http://www.a-und-h.de"
188.40.35.97 - - [02/Jan/2015:01:17:27 +0100] "POST /wp-cron.php?doing_wp_cron=1420157847.0958659648895263671875 HTTP/1.0" 200 - "-" "WordPress/4.0.1; http://www.a-und-h.de"
83.211.228.31 - - [02/Jan/2015:01:17:29 +0100] "POST /wp-login.php HTTP/1.1" 200 3898 "http://www.a-und-h.de/wp-login.php" "Mozilla/5.0 (Windows NT 6.1; WOW64; rv:22.0) Gecko/20100101 Firefox/22.0"
66.249.78.93 - - [02/Jan/2015:01:24:49 +0100] "GET /de/ HTTP/1.1" 200 26581 "-" "Mozilla/5.0 (compatible; Googlebot/2.1; +http://www.google.com/bot.html)"
188.40.35.97 - - [02/Jan/2015:01:24:57 +0100] "POST /wp-cron.php?doing_wp_cron=1420158297.0203349590301513671875 HTTP/1.0" 200 - "-" "WordPress/4.0.1; http://www.a-und-h.de"
157.55.39.66 - - [02/Jan/2015:01:25:06 +0100] "GET /luftentfeuchtung/prinzip HTTP/1.1" 200 24304 "-" "Mozilla/5.0 (compatible; bingbot/2.0; +http://www.bing.com/bingbot.htm)"
207.46.13.29 - - [02/Jan/2015:01:25:36 +0100] "GET /wp-content/themes/purevision/styles/style1/images/arrow-2.png HTTP/1.1" 200 231 "-" "Mozilla/5.0 (compatible; bingbot/2.0; +http://www.bing.com/bingbot.htm)"
207.46.13.11 - - [02/Jan/2015:01:26:20 +0100] "GET /wp-content/plugins/wp-table-reloaded/css/datatables.css?ver=1.9.4 HTTP/1.1" 200 2329 "-" "Mozilla/5.0 (compatible; bingbot/2.0; +http://www.bing.com/bingbot.htm)"
66.249.78.86 - - [02/Jan/2015:01:29:59 +0100] "GET /de HTTP/1.1" 500 256 "-" "Mozilla/5.0 (compatible; Googlebot/2.1; +http://www.google.com/bot.html)"
157.55.39.66 - - [02/Jan/2015:01:33:11 +0100] "GET /wp-content/uploads/2012/03/grafik.jpg HTTP/1.1" 200 49792 "-" "Mozilla/5.0 (compatible; bingbot/2.0; +http://www.bing.com/bingbot.htm)"
188.40.35.97 - - [02/Jan/2015:01:33:55 +0100] "POST /wp-cron.php?doing_wp_cron=1420158835.6790769100189208984375 HTTP/1.0" 200 - "-" "WordPress/4.0.1; http://www.a-und-h.de"
157.55.39.2 - - [02/Jan/2015:01:33:55 +0100] "GET /produkte/anlagenbau HTTP/1.1" 200 26863 "-" "Mozilla/5.0 (compatible; bingbot/2.0; +http://www.bing.com/bingbot.htm)"
66.249.64.24 - - [02/Jan/2015:01:34:25 +0100] "GET /wp-content/themes/purevision/sliders/slider_de/piecemaker.swf?random_number=6909 HTTP/1.1" 200 208139 "-" "Mozilla/5.0 (compatible; Googlebot/2.1; +http://www.google.com/bot.html)"
188.40.35.97 - - [02/Jan/2015:01:43:28 +0100] "POST /wp-cron.php?doing_wp_cron=1420159408.2106900215148925781250 HTTP/1.0" 200 - "-" "WordPress/4.0.1; http://www.a-und-h.de"
82.193.99.33 - - [02/Jan/2015:01:43:27 +0100] "GET / HTTP/1.1" 302 - "http://7zap.com/" "Mozilla/4.0 (compatible; MSIE 6.0; Windows NT 5.1; FREE; .NET CLR 1.1.4322)"
82.193.99.33 - - [02/Jan/2015:01:43:29 +0100] "GET / HTTP/1.1" 302 - "http://7zap.com/" "Mozilla/4.0 (compatible; MSIE 6.0; Windows NT 5.1; FREE; .NET CLR 1.1.4322)"
82.193.99.33 - - [02/Jan/2015:01:43:29 +0100] "GET / HTTP/1.1" 302 - "http://7zap.com/" "Mozilla/4.0 (compatible; MSIE 6.0; Windows NT 5.1; FREE; .NET CLR 1.1.4322)"
94.111.63.132 - - [02/Jan/2015:01:50:06 +0100] "GET /wp-content/uploads/2013/05/P3-Logo.png HTTP/1.1" 200 15116 "http://www.google.be/blank.html" "Mozilla/5.0 (Linux; U; Android 4.1.2; en-us; SAMSUNG GT-S6310N/S6310NXXAMG1 Build/JZO54K) AppleWebKit/534.30 (KHTML, like Gecko) Version/4.0 Mobile Safari/534.30"
188.40.35.97 - - [02/Jan/2015:01:53:15 +0100] "POST /wp-cron.php?doing_wp_cron=1420159995.2289021015167236328125 HTTP/1.0" 200 - "-" "WordPress/4.0.1; http://www.a-und-h.de"
202.46.60.144 - - [02/Jan/2015:01:53:15 +0100] "GET /?p=507 HTTP/1.1" 301 - "-" "Mozilla/5.0 (Windows; U; Windows NT 5.1; zh-CN; rv:1.9.1.2) Firefox/3.5.2"
202.46.50.34 - - [02/Jan/2015:01:53:16 +0100] "GET /air-dehumidification/principle-of-air-dehumidification HTTP/1.1" 200 22248 "-" "Mozilla/5.0 (Windows; U; Windows NT 5.1; zh-CN; rv:1.9.1.2) Firefox/3.5.2"
157.55.39.2 - - [02/Jan/2015:01:56:12 +0100] "GET /wp-content/plugins/wp-slimbox2/css/slimbox2.css?ver=1.1 HTTP/1.1" 200 917 "-" "Mozilla/5.0 (compatible; bingbot/2.0; +http://www.bing.com/bingbot.htm)"
157.55.39.2 - - [02/Jan/2015:01:56:12 +0100] "GET /wp-content/themes/purevision/styles/style1/images/searchbox.png HTTP/1.1" 200 2646 "-" "Mozilla/5.0 (compatible; bingbot/2.0; +http://www.bing.com/bingbot.htm)"
66.249.78.35 - - [02/Jan/2015:01:58:51 +0100] "GET /robots.txt HTTP/1.1" 301 315 "-" "Mozilla/5.0 (compatible; Googlebot/2.1; +http://www.google.com/bot.html)"
66.249.78.79 - - [02/Jan/2015:01:58:51 +0100] "GET /robots.txt HTTP/1.1" 200 35 "-" "Mozilla/5.0 (compatible; Googlebot/2.1; +http://www.google.com/bot.html)"
188.40.35.97 - - [02/Jan/2015:01:58:52 +0100] "POST /wp-cron.php?doing_wp_cron=1420160332.1401131153106689453125 HTTP/1.0" 200 - "-" "WordPress/4.0.1; http://www.a-und-h.de"
66.249.78.35 - - [02/Jan/2015:01:58:53 +0100] "GET / HTTP/1.1" 301 305 "-" "Mozilla/5.0 (compatible; Googlebot/2.1; +http://www.google.com/bot.html)"
188.40.35.97 - - [02/Jan/2015:02:03:39 +0100] "POST /wp-cron.php?doing_wp_cron=1420160619.0530331134796142578125 HTTP/1.0" 200 - "-" "WordPress/4.0.1; http://www.a-und-h.de"
66.249.78.93 - - [02/Jan/2015:02:03:38 +0100] "GET / HTTP/1.1" 302 - "-" "Mozilla/5.0 (compatible; Googlebot/2.1; +http://www.google.com/bot.html)"
66.249.78.93 - - [02/Jan/2015:02:03:40 +0100] "GET /de/ HTTP/1.1" 200 26581 "-" "Mozilla/5.0 (compatible; Googlebot/2.1; +http://www.google.com/bot.html)"
66.249.78.93 - - [02/Jan/2015:02:05:20 +0100] "GET /wp-content/themes/purevision/sliders/slider_de/piecemaker.swf?random_number=4676 HTTP/1.1" 200 208139 "-" "Mozilla/5.0 (compatible; Googlebot/2.1; +http://www.google.com/bot.html)"
66.249.78.93 - - [02/Jan/2015:02:05:30 +0100] "GET /wp-content/plugins/cookie-opt-in/css/style.css?ver=4.0.1 HTTP/1.1" 200 2316 "http://www.a-und-h.de/produkte/anlagenbau" "Mozilla/5.0 (iPhone; CPU iPhone OS 6_0_1 like Mac OS X) AppleWebKit/537.36 (KHTML, like Gecko; Google Page Speed Insights) Version/6.0 Mobile/10A525 Safari/8536.25 GoogleBot/2.1"
66.249.78.93 - - [02/Jan/2015:02:05:30 +0100] "GET /wp-content/plugins/wptouch/themes/foundation/default/style.css?ver=3.5.3 HTTP/1.1" 200 23416 "http://www.a-und-h.de/produkte/anlagenbau" "Mozilla/5.0 (iPhone; CPU iPhone OS 6_0_1 like Mac OS X) AppleWebKit/537.36 (KHTML, like Gecko; Google Page Speed Insights) Version/6.0 Mobile/10A525 Safari/8536.25 GoogleBot/2.1"
66.249.78.93 - - [02/Jan/2015:02:05:31 +0100] "GET /wp-content/plugins/wptouch/themes/foundation/modules/pushit/pushit.css?ver=4.0.1 HTTP/1.1" 200 484 "http://www.a-und-h.de/produkte/anlagenbau" "Mozilla/5.0 (iPhone; CPU iPhone OS 6_0_1 like Mac OS X) AppleWebKit/537.36 (KHTML, like Gecko; Google Page Speed Insights) Version/6.0 Mobile/10A525 Safari/8536.25 GoogleBot/2.1"
66.249.64.20 - - [02/Jan/2015:02:05:31 +0100] "GET /wp-content/plugins/category-posts/cat-posts.css?ver=4.0.1 HTTP/1.1" 200 833 "http://www.a-und-h.de/produkte/anlagenbau" "Mozilla/5.0 (iPhone; CPU iPhone OS 6_0_1 like Mac OS X) AppleWebKit/537.36 (KHTML, like Gecko; Google Page Speed Insights) Version/6.0 Mobile/10A525 Safari/8536.25 GoogleBot/2.1"
66.249.78.93 - - [02/Jan/2015:02:05:32 +0100] "GET /wp-content/plugins/wp-slimbox2/css/slimbox2.css?ver=1.1 HTTP/1.1" 200 917 "http://www.a-und-h.de/produkte/anlagenbau" "Mozilla/5.0 (iPhone; CPU iPhone OS 6_0_1 like Mac OS X) AppleWebKit/537.36 (KHTML, like Gecko; Google Page Speed Insights) Version/6.0 Mobile/10A525 Safari/8536.25 GoogleBot/2.1"
66.249.78.79 - - [02/Jan/2015:02:05:32 +0100] "GET /wp-includes/js/jquery/jquery.js?ver=1.11.1 HTTP/1.1" 200 95807 "http://www.a-und-h.de/produkte/anlagenbau" "Mozilla/5.0 (iPhone; CPU iPhone OS 6_0_1 like Mac OS X) AppleWebKit/537.36 (KHTML, like Gecko; Google Page Speed Insights) Version/6.0 Mobile/10A525 Safari/8536.25 GoogleBot/2.1"
66.249.64.20 - - [02/Jan/2015:02:05:33 +0100] "GET /wp-includes/js/jquery/jquery-migrate.min.js?ver=1.2.1 HTTP/1.1" 200 7200 "http://www.a-und-h.de/produkte/anlagenbau" "Mozilla/5.0 (iPhone; CPU iPhone OS 6_0_1 like Mac OS X) AppleWebKit/537.36 (KHTML, like Gecko; Google Page Speed Insights) Version/6.0 Mobile/10A525 Safari/8536.25 GoogleBot/2.1"
66.249.78.86 - - [02/Jan/2015:02:05:34 +0100] "GET /wp-content/plugins/cookie-opt-in/js/cookie-opt-in.js?ver=1 HTTP/1.1" 200 9405 "http://www.a-und-h.de/produkte/anlagenbau" "Mozilla/5.0 (iPhone; CPU iPhone OS 6_0_1 like Mac OS X) AppleWebKit/537.36 (KHTML, like Gecko; Google Page Speed Insights) Version/6.0 Mobile/10A525 Safari/8536.25 GoogleBot/2.1"
66.249.64.24 - - [02/Jan/2015:02:05:35 +0100] "GET /wp-content/plugins/wp-slimbox2/javascript/slimbox2.js?ver=2.04 HTTP/1.1" 200 3777 "http://www.a-und-h.de/produkte/anlagenbau" "Mozilla/5.0 (iPhone; CPU iPhone OS 6_0_1 like Mac OS X) AppleWebKit/537.36 (KHTML, like Gecko; Google Page Speed Insights) Version/6.0 Mobile/10A525 Safari/8536.25 GoogleBot/2.1"
66.249.64.24 - - [02/Jan/2015:02:05:36 +0100] "GET /wp-content/plugins/wp-slimbox2/javascript/slimbox2_autoload.js?ver=1.0.4b HTTP/1.1" 200 3027 "http://www.a-und-h.de/produkte/anlagenbau" "Mozilla/5.0 (iPhone; CPU iPhone OS 6_0_1 like Mac OS X) AppleWebKit/537.36 (KHTML, like Gecko; Google Page Speed Insights) Version/6.0 Mobile/10A525 Safari/8536.25 GoogleBot/2.1"
66.249.78.93 - - [02/Jan/2015:02:05:37 +0100] "GET /wp-content/plugins/wp-table-reloaded/css/plugin.css?ver=1.9.4 HTTP/1.1" 200 980 "http://www.a-und-h.de/produkte/anlagenbau" "Mozilla/5.0 (iPhone; CPU iPhone OS 6_0_1 like Mac OS X) AppleWebKit/537.36 (KHTML, like Gecko; Google Page Speed Insights) Version/6.0 Mobile/10A525 Safari/8536.25 GoogleBot/2.1"
66.249.78.86 - - [02/Jan/2015:02:05:37 +0100] "GET /wp-content/plugins/wp-table-reloaded/css/datatables.css?ver=1.9.4 HTTP/1.1" 200 2329 "http://www.a-und-h.de/produkte/anlagenbau" "Mozilla/5.0 (iPhone; CPU iPhone OS 6_0_1 like Mac OS X) AppleWebKit/537.36 (KHTML, like Gecko; Google Page Speed Insights) Version/6.0 Mobile/10A525 Safari/8536.25 GoogleBot/2.1"
66.249.78.79 - - [02/Jan/2015:02:05:38 +0100] "GET /wp-content/plugins/cookie-opt-in/js/cookie-opt-in-if.js?ver=1 HTTP/1.1" 200 1119 "http://www.a-und-h.de/produkte/anlagenbau" "Mozilla/5.0 (iPhone; CPU iPhone OS 6_0_1 like Mac OS X) AppleWebKit/537.36 (KHTML, like Gecko; Google Page Speed Insights) Version/6.0 Mobile/10A525 Safari/8536.25 GoogleBot/2.1"
66.249.64.20 - - [02/Jan/2015:02:05:39 +0100] "GET /wp-content/plugins/contact-form-7/includes/js/jquery.form.min.js?ver=3.51.0-2014.06.20 HTTP/1.1" 200 15248 "http://www.a-und-h.de/produkte/anlagenbau" "Mozilla/5.0 (iPhone; CPU iPhone OS 6_0_1 like Mac OS X) AppleWebKit/537.36 (KHTML, like Gecko; Google Page Speed Insights) Version/6.0 Mobile/10A525 Safari/8536.25 GoogleBot/2.1"
66.249.78.86 - - [02/Jan/2015:02:05:39 +0100] "GET /wp-content/plugins/wptouch/themes/foundation/modules/font-awesome/font-awesome.min.css?ver=2.2 HTTP/1.1" 200 22054 "http://www.a-und-h.de/produkte/anlagenbau" "Mozilla/5.0 (iPhone; CPU iPhone OS 6_0_1 like Mac OS X) AppleWebKit/537.36 (KHTML, like Gecko; Google Page Speed Insights) Version/6.0 Mobile/10A525 Safari/8536.25 GoogleBot/2.1"
66.249.78.79 - - [02/Jan/2015:02:05:40 +0100] "GET /wp-content/plugins/snow-storm/snow-storm.js?ver=1.41 HTTP/1.1" 200 9852 "http://www.a-und-h.de/produkte/anlagenbau" "Mozilla/5.0 (iPhone; CPU iPhone OS 6_0_1 like Mac OS X) AppleWebKit/537.36 (KHTML, like Gecko; Google Page Speed Insights) Version/6.0 Mobile/10A525 Safari/8536.25 GoogleBot/2.1"
66.249.78.79 - - [02/Jan/2015:02:05:41 +0100] "GET /wp-content/plugins/newsletter/subscription/styles/widget-neutral.css HTTP/1.1" 200 1018 "http://www.a-und-h.de/produkte/anlagenbau" "Mozilla/5.0 (iPhone; CPU iPhone OS 6_0_1 like Mac OS X) AppleWebKit/537.36 (KHTML, like Gecko; Google Page Speed Insights) Version/6.0 Mobile/10A525 Safari/8536.25 GoogleBot/2.1"
66.249.78.79 - - [02/Jan/2015:02:05:42 +0100] "GET /wp-content/plugins/contact-form-7/includes/css/styles.css?ver=4.0.1 HTTP/1.1" 200 1103 "http://www.a-und-h.de/produkte/anlagenbau" "Mozilla/5.0 (iPhone; CPU iPhone OS 6_0_1 like Mac OS X) AppleWebKit/537.36 (KHTML, like Gecko; Google Page Speed Insights) Version/6.0 Mobile/10A525 Safari/8536.25 GoogleBot/2.1"
66.249.78.93 - - [02/Jan/2015:02:05:42 +0100] "GET /wp-content/plugins/wptouch/themes/bauhaus/default/style.css?ver=3.5.3 HTTP/1.1" 200 18657 "http://www.a-und-h.de/produkte/anlagenbau" "Mozilla/5.0 (iPhone; CPU iPhone OS 6_0_1 like Mac OS X) AppleWebKit/537.36 (KHTML, like Gecko; Google Page Speed Insights) Version/6.0 Mobile/10A525 Safari/8536.25 GoogleBot/2.1"
66.249.78.86 - - [02/Jan/2015:02:05:43 +0100] "GET /wp-content/wptouch-data/cache/wptouch-f5396d16806ec55b7e82bcb4a6d4752a1f2f5b33.js HTTP/1.1" 200 66433 "http://www.a-und-h.de/produkte/anlagenbau" "Mozilla/5.0 (iPhone; CPU iPhone OS 6_0_1 like Mac OS X) AppleWebKit/537.36 (KHTML, like Gecko; Google Page Speed Insights) Version/6.0 Mobile/10A525 Safari/8536.25 GoogleBot/2.1"
66.249.78.86 - - [02/Jan/2015:02:05:44 +0100] "GET /wp-content/plugins/contact-form-7/includes/js/scripts.js?ver=4.0.1 HTTP/1.1" 200 9658 "http://www.a-und-h.de/produkte/anlagenbau" "Mozilla/5.0 (iPhone; CPU iPhone OS 6_0_1 like Mac OS X) AppleWebKit/537.36 (KHTML, like Gecko; Google Page Speed Insights) Version/6.0 Mobile/10A525 Safari/8536.25 GoogleBot/2.1"
66.249.64.20 - - [02/Jan/2015:02:05:45 +0100] "GET /piwik/piwik.js HTTP/1.1" 200 18716 "http://www.a-und-h.de/produkte/anlagenbau" "Mozilla/5.0 (iPhone; CPU iPhone OS 6_0_1 like Mac OS X) AppleWebKit/537.36 (KHTML, like Gecko; Google Page Speed Insights) Version/6.0 Mobile/10A525 Safari/8536.25 GoogleBot/2.1"
66.249.78.79 - - [02/Jan/2015:02:05:45 +0100] "GET /wp-content/plugins/wptouch/resources/icons/elegant/Paper.png HTTP/1.1" 200 336 "http://www.a-und-h.de/produkte/anlagenbau" "Mozilla/5.0 (iPhone; CPU iPhone OS 6_0_1 like Mac OS X) AppleWebKit/537.36 (KHTML, like Gecko; Google Page Speed Insights) Version/6.0 Mobile/10A525 Safari/8536.25 GoogleBot/2.1"
66.249.78.79 - - [02/Jan/2015:02:05:46 +0100] "GET /wp-content/plugins/wptouch/resources/icons/elegant/Graph.png HTTP/1.1" 200 970 "http://www.a-und-h.de/produkte/anlagenbau" "Mozilla/5.0 (iPhone; CPU iPhone OS 6_0_1 like Mac OS X) AppleWebKit/537.36 (KHTML, like Gecko; Google Page Speed Insights) Version/6.0 Mobile/10A525 Safari/8536.25 GoogleBot/2.1"
66.249.78.86 - - [02/Jan/2015:02:05:47 +0100] "GET /wp-content/plugins/wptouch/resources/icons/elegant/Config.png HTTP/1.1" 200 789 "http://www.a-und-h.de/produkte/anlagenbau" "Mozilla/5.0 (iPhone; CPU iPhone OS 6_0_1 like Mac OS X) AppleWebKit/537.36 (KHTML, like Gecko; Google Page Speed Insights) Version/6.0 Mobile/10A525 Safari/8536.25 GoogleBot/2.1"
66.249.78.86 - - [02/Jan/2015:02:05:47 +0100] "GET /wp-content/plugins/wptouch/resources/icons/elegant/World.png HTTP/1.1" 200 3483 "http://www.a-und-h.de/produkte/anlagenbau" "Mozilla/5.0 (iPhone; CPU iPhone OS 6_0_1 like Mac OS X) AppleWebKit/537.36 (KHTML, like Gecko; Google Page Speed Insights) Version/6.0 Mobile/10A525 Safari/8536.25 GoogleBot/2.1"
66.249.78.93 - - [02/Jan/2015:02:05:48 +0100] "GET /wp-content/plugins/wptouch/resources/icons/elegant/Pencil.png HTTP/1.1" 200 1370 "http://www.a-und-h.de/produkte/anlagenbau" "Mozilla/5.0 (iPhone; CPU iPhone OS 6_0_1 like Mac OS X) AppleWebKit/537.36 (KHTML, like Gecko; Google Page Speed Insights) Version/6.0 Mobile/10A525 Safari/8536.25 GoogleBot/2.1"
66.249.78.86 - - [02/Jan/2015:02:05:49 +0100] "GET /wp-content/plugins/wptouch/resources/icons/elegant/Mail.png HTTP/1.1" 200 1245 "http://www.a-und-h.de/produkte/anlagenbau" "Mozilla/5.0 (iPhone; CPU iPhone OS 6_0_1 like Mac OS X) AppleWebKit/537.36 (KHTML, like Gecko; Google Page Speed Insights) Version/6.0 Mobile/10A525 Safari/8536.25 GoogleBot/2.1"
66.249.78.79 - - [02/Jan/2015:02:05:49 +0100] "GET /wp-content/plugins/wptouch/resources/icons/elegant/Questions.png HTTP/1.1" 200 2784 "http://www.a-und-h.de/produkte/anlagenbau" "Mozilla/5.0 (iPhone; CPU iPhone OS 6_0_1 like Mac OS X) AppleWebKit/537.36 (KHTML, like Gecko; Google Page Speed Insights) Version/6.0 Mobile/10A525 Safari/8536.25 GoogleBot/2.1"
66.249.78.79 - - [02/Jan/2015:02:05:50 +0100] "GET /wp-content/uploads/2014/10/Luftentfeuchtungsanlage-Anlagenbau-300x267.jpg HTTP/1.1" 200 13934 "http://www.a-und-h.de/produkte/anlagenbau" "Mozilla/5.0 (iPhone; CPU iPhone OS 6_0_1 like Mac OS X) AppleWebKit/537.36 (KHTML, like Gecko; Google Page Speed Insights) Version/6.0 Mobile/10A525 Safari/8536.25 GoogleBot/2.1"
66.249.64.28 - - [02/Jan/2015:02:05:51 +0100] "GET /wp-content/wptouch-data/uploads/A+H-Markenzeichen%20f%C3%BCr%20Google.jpg HTTP/1.1" 200 20474 "http://www.a-und-h.de/produkte/anlagenbau" "Mozilla/5.0 (iPhone; CPU iPhone OS 6_0_1 like Mac OS X) AppleWebKit/537.36 (KHTML, like Gecko; Google Page Speed Insights) Version/6.0 Mobile/10A525 Safari/8536.25 GoogleBot/2.1"
66.249.78.86 - - [02/Jan/2015:02:05:51 +0100] "GET /wp-content/uploads/2014/10/Anlagenbau-Banner-1024x266.jpg HTTP/1.1" 200 26280 "http://www.a-und-h.de/produkte/anlagenbau" "Mozilla/5.0 (iPhone; CPU iPhone OS 6_0_1 like Mac OS X) AppleWebKit/537.36 (KHTML, like Gecko; Google Page Speed Insights) Version/6.0 Mobile/10A525 Safari/8536.25 GoogleBot/2.1"
66.249.78.79 - - [02/Jan/2015:02:05:52 +0100] "GET /wp-content/uploads/2014/10/Luftentfeuchtungssystem-300x250.jpg HTTP/1.1" 200 15242 "http://www.a-und-h.de/produkte/anlagenbau" "Mozilla/5.0 (iPhone; CPU iPhone OS 6_0_1 like Mac OS X) AppleWebKit/537.36 (KHTML, like Gecko; Google Page Speed Insights) Version/6.0 Mobile/10A525 Safari/8536.25 GoogleBot/2.1"
66.249.78.93 - - [02/Jan/2015:02:05:52 +0100] "GET /wp-content/plugins/wptouch/themes/foundation/modules/font-awesome/fontawesome-webfont.woff?v=3.2.1 HTTP/1.1" 200 43572 "http://www.a-und-h.de/produkte/anlagenbau" "Mozilla/5.0 (iPhone; CPU iPhone OS 6_0_1 like Mac OS X) AppleWebKit/537.36 (KHTML, like Gecko; Google Page Speed Insights) Version/6.0 Mobile/10A525 Safari/8536.25 GoogleBot/2.1"
66.249.78.86 - - [02/Jan/2015:02:05:53 +0100] "GET /wp-content/uploads/2014/10/Luftentfeuchtungsanlage-300x178.jpg HTTP/1.1" 200 13777 "http://www.a-und-h.de/produkte/anlagenbau" "Mozilla/5.0 (iPhone; CPU iPhone OS 6_0_1 like Mac OS X) AppleWebKit/537.36 (KHTML, like Gecko; Google Page Speed Insights) Version/6.0 Mobile/10A525 Safari/8536.25 GoogleBot/2.1"
66.249.78.86 - - [02/Jan/2015:02:05:54 +0100] "GET /piwik/piwik.php?action_name=Anlagenbau%20%7C%20A%2BH%20Adsorp&idsite=1&rec=1&r=526947&h=17&m=5&s=29&url=http%3A%2F%2Fwww.a-und-h.de%2Fprodukte%2Fanlagenbau&_id=8eed4fe6ffe71086&_idts=1420160730&_idvc=1&_idn=1&_refts=0&_viewts=1420160730&res=320x533&cookie=1 HTTP/1.1" 200 43 "http://www.a-und-h.de/produkte/anlagenbau" "Mozilla/5.0 (iPhone; CPU iPhone OS 6_0_1 like Mac OS X) AppleWebKit/537.36 (KHTML, like Gecko; Google Page Speed Insights) Version/6.0 Mobile/10A525 Safari/8536.25 GoogleBot/2.1"
141.8.147.20 - - [02/Jan/2015:02:11:06 +0100] "GET /wp-content/uploads/downloads/Datasheet-DA310-DA410.pdf HTTP/1.1" 200 2610847 "-" "Mozilla/5.0 (compatible; YandexBot/3.0; +http://yandex.com/bots)"
188.40.35.97 - - [02/Jan/2015:02:16:10 +0100] "POST /wp-cron.php?doing_wp_cron=1420161370.2985899448394775390625 HTTP/1.0" 200 - "-" "WordPress/4.0.1; http://www.a-und-h.de"
195.242.218.133 - - [02/Jan/2015:02:16:10 +0100] "GET / HTTP/1.1" 302 - "http://mailpass.in/" "Mozilla/4.0 (compatible; MSIE 5.5; Windows NT 4.0)"
195.242.218.133 - - [02/Jan/2015:02:16:12 +0100] "GET / HTTP/1.1" 302 - "http://mailpass.in/" "Mozilla/4.0 (compatible; MSIE 5.5; Windows NT 4.0)"
195.242.218.133 - - [02/Jan/2015:02:16:14 +0100] "GET / HTTP/1.1" 302 - "http://mailpass.in/" "Mozilla/4.0 (compatible; MSIE 5.5; Windows NT 4.0)"
199.30.25.119 - - [02/Jan/2015:02:26:33 +0100] "GET /wp-content/themes/purevision/styles/style1/images/feedback-btn.png HTTP/1.1" 200 2384 "http://www.a-und-h.de/luftentfeuchtung/prinzip" "Mozilla/5.0 (Windows NT 6.1; WOW64) AppleWebKit/534+ (KHTML, like Gecko) BingPreview/1.0b"
199.30.25.119 - - [02/Jan/2015:02:26:33 +0100] "GET /wp-content/themes/purevision/styles/style1/images/double-arrow.png HTTP/1.1" 200 197 "http://www.a-und-h.de/luftentfeuchtung/prinzip" "Mozilla/5.0 (Windows NT 6.1; WOW64) AppleWebKit/534+ (KHTML, like Gecko) BingPreview/1.0b"
141.8.147.20 - - [02/Jan/2015:02:33:35 +0100] "GET /wp-content/uploads/2014/08/Hygroscopic-Materials1.pdf HTTP/1.1" 200 264499 "-" "Mozilla/5.0 (compatible; YandexBot/3.0; +http://yandex.com/bots)"
202.46.52.123 - - [02/Jan/2015:02:35:13 +0100] "GET /wp-content/plugins/snow-storm/snow-storm.js HTTP/1.1" 200 9852 "-" "Mozilla/5.0 (Windows; U; Windows NT 5.1; zh-CN; rv:1.9.1.2) Firefox/3.5.2"
188.40.35.97 - - [02/Jan/2015:02:37:43 +0100] "POST /wp-cron.php?doing_wp_cron=1420162663.4436929225921630859375 HTTP/1.0" 200 - "-" "WordPress/4.0.1; http://www.a-und-h.de"
141.8.147.20 - - [02/Jan/2015:02:37:43 +0100] "GET /products/standard-devices-2 HTTP/1.1" 200 29074 "-" "Mozilla/5.0 (compatible; YandexBot/3.0; +http://yandex.com/bots)"
123.125.71.108 - - [02/Jan/2015:02:55:47 +0100] "GET /wp-content/uploads/twitter.png HTTP/1.1" 200 1258 "-" "Baiduspider-image+(+http://www.baidu.com/search/spider.htm)"
188.40.35.97 - - [02/Jan/2015:03:20:36 +0100] "POST /wp-cron.php?doing_wp_cron=1420165236.5450699329376220703125 HTTP/1.0" 200 - "-" "WordPress/4.0.1; http://www.a-und-h.de"
66.249.64.20 - - [02/Jan/2015:03:20:36 +0100] "GET /da-510-da-610-2 HTTP/1.1" 200 29358 "-" "DoCoMo/2.0 N905i(c100;TB;W24H16) (compatible; Googlebot-Mobile/2.1; +http://www.google.com/bot.html)"
66.249.78.93 - - [02/Jan/2015:03:25:28 +0100] "GET /wp-content/uploads/2012/05/FlowChart-Legend.pdf HTTP/1.1" 304 - "-" "Mozilla/5.0 (compatible; Googlebot/2.1; +http://www.google.com/bot.html)"
123.125.71.22 - - [02/Jan/2015:03:29:07 +0100] "GET /wp-content/uploads/2014/08/Hygroscopic-Materials1.pdf HTTP/1.1" 200 264499 "-" "Mozilla/5.0 (compatible; Baiduspider/2.0; +http://www.baidu.com/search/spider.html)"
188.40.35.97 - - [02/Jan/2015:03:31:48 +0100] "POST /wp-cron.php?doing_wp_cron=1420165908.8662838935852050781250 HTTP/1.0" 200 - "-" "WordPress/4.0.1; http://www.a-und-h.de"
66.249.89.10 - - [02/Jan/2015:03:31:48 +0100] "GET /produkte/anlagenbau HTTP/1.1" 200 26863 "-" "AdsBot-Google (+http://www.google.com/adsbot.html)"
66.249.89.14 - - [02/Jan/2015:03:31:50 +0100] "GET /produkte/anlagenbau HTTP/1.1" 200 26142 "-" "AdsBot-Google-Mobile (+http://www.google.com/mobile/adsbot.html) Mozilla (iPhone; U; CPU iPhone OS 3 0 like Mac OS X) AppleWebKit (KHTML, like Gecko) Mobile Safari"
66.249.89.12 - - [02/Jan/2015:03:32:02 +0100] "GET /wp-content/plugins/wptouch/themes/foundation/modules/font-awesome/font-awesome.min.css?ver=2.2 HTTP/1.1" 200 22054 "-" "AdsBot-Google-Mobile (+http://www.google.com/mobile/adsbot.html) Mozilla (iPhone; U; CPU iPhone OS 3 0 like Mac OS X) AppleWebKit (KHTML, like Gecko) Mobile Safari"
66.249.89.14 - - [02/Jan/2015:03:32:02 +0100] "GET /wp-content/plugins/wp-slimbox2/css/slimbox2.css?ver=1.1 HTTP/1.1" 200 917 "-" "AdsBot-Google-Mobile (+http://www.google.com/mobile/adsbot.html) Mozilla (iPhone; U; CPU iPhone OS 3 0 like Mac OS X) AppleWebKit (KHTML, like Gecko) Mobile Safari"
66.249.89.12 - - [02/Jan/2015:03:32:03 +0100] "GET /wp-content/plugins/category-posts/cat-posts.css?ver=4.0.1 HTTP/1.1" 200 833 "-" "AdsBot-Google-Mobile (+http://www.google.com/mobile/adsbot.html) Mozilla (iPhone; U; CPU iPhone OS 3 0 like Mac OS X) AppleWebKit (KHTML, like Gecko) Mobile Safari"
66.249.89.14 - - [02/Jan/2015:03:32:03 +0100] "GET /wp-includes/js/jquery/jquery.js?ver=1.11.1 HTTP/1.1" 200 95807 "-" "AdsBot-Google-Mobile (+http://www.google.com/mobile/adsbot.html) Mozilla (iPhone; U; CPU iPhone OS 3 0 like Mac OS X) AppleWebKit (KHTML, like Gecko) Mobile Safari"
66.249.89.10 - - [02/Jan/2015:03:32:04 +0100] "GET /wp-content/plugins/wptouch/resources/icons/elegant/Questions.png HTTP/1.1" 200 2784 "-" "AdsBot-Google-Mobile (+http://www.google.com/mobile/adsbot.html) Mozilla (iPhone; U; CPU iPhone OS 3 0 like Mac OS X) AppleWebKit (KHTML, like Gecko) Mobile Safari"
66.249.89.14 - - [02/Jan/2015:03:32:04 +0100] "GET /wp-content/plugins/wp-slimbox2/javascript/slimbox2_autoload.js?ver=1.0.4b HTTP/1.1" 200 3027 "-" "AdsBot-Google-Mobile (+http://www.google.com/mobile/adsbot.html) Mozilla (iPhone; U; CPU iPhone OS 3 0 like Mac OS X) AppleWebKit (KHTML, like Gecko) Mobile Safari"
66.249.89.10 - - [02/Jan/2015:03:32:05 +0100] "GET /wp-content/plugins/newsletter/subscription/styles/widget-neutral.css HTTP/1.1" 200 1018 "-" "AdsBot-Google-Mobile (+http://www.google.com/mobile/adsbot.html) Mozilla (iPhone; U; CPU iPhone OS 3 0 like Mac OS X) AppleWebKit (KHTML, like Gecko) Mobile Safari"
66.249.89.14 - - [02/Jan/2015:03:32:06 +0100] "GET /wp-content/uploads/2014/10/Luftentfeuchtungsanlage-300x178.jpg HTTP/1.1" 200 13777 "-" "AdsBot-Google-Mobile (+http://www.google.com/mobile/adsbot.html) Mozilla (iPhone; U; CPU iPhone OS 3 0 like Mac OS X) AppleWebKit (KHTML, like Gecko) Mobile Safari"
66.249.89.10 - - [02/Jan/2015:03:32:06 +0100] "GET /wp-content/wptouch-data/uploads/A+H-Markenzeichen%20f%C3%BCr%20Google.jpg HTTP/1.1" 200 20474 "-" "AdsBot-Google-Mobile (+http://www.google.com/mobile/adsbot.html) Mozilla (iPhone; U; CPU iPhone OS 3 0 like Mac OS X) AppleWebKit (KHTML, like Gecko) Mobile Safari"
66.249.89.12 - - [02/Jan/2015:03:32:07 +0100] "GET /wp-content/plugins/wptouch/resources/icons/elegant/Pencil.png HTTP/1.1" 200 1370 "-" "AdsBot-Google-Mobile (+http://www.google.com/mobile/adsbot.html) Mozilla (iPhone; U; CPU iPhone OS 3 0 like Mac OS X) AppleWebKit (KHTML, like Gecko) Mobile Safari"
66.249.89.14 - - [02/Jan/2015:03:32:07 +0100] "GET /wp-content/plugins/wptouch/themes/foundation/default/style.css?ver=3.5.3 HTTP/1.1" 200 23416 "-" "AdsBot-Google-Mobile (+http://www.google.com/mobile/adsbot.html) Mozilla (iPhone; U; CPU iPhone OS 3 0 like Mac OS X) AppleWebKit (KHTML, like Gecko) Mobile Safari"
66.249.89.14 - - [02/Jan/2015:03:32:08 +0100] "GET /wp-content/plugins/cookie-opt-in/js/cookie-opt-in.js?ver=1 HTTP/1.1" 200 9405 "-" "AdsBot-Google-Mobile (+http://www.google.com/mobile/adsbot.html) Mozilla (iPhone; U; CPU iPhone OS 3 0 like Mac OS X) AppleWebKit (KHTML, like Gecko) Mobile Safari"
66.249.89.10 - - [02/Jan/2015:03:32:08 +0100] "GET /wp-content/plugins/contact-form-7/includes/css/styles.css?ver=4.0.1 HTTP/1.1" 200 1103 "-" "AdsBot-Google-Mobile (+http://www.google.com/mobile/adsbot.html) Mozilla (iPhone; U; CPU iPhone OS 3 0 like Mac OS X) AppleWebKit (KHTML, like Gecko) Mobile Safari"
66.249.89.14 - - [02/Jan/2015:03:32:09 +0100] "GET /wp-includes/js/jquery/jquery-migrate.min.js?ver=1.2.1 HTTP/1.1" 200 7200 "-" "AdsBot-Google-Mobile (+http://www.google.com/mobile/adsbot.html) Mozilla (iPhone; U; CPU iPhone OS 3 0 like Mac OS X) AppleWebKit (KHTML, like Gecko) Mobile Safari"
66.249.89.14 - - [02/Jan/2015:03:32:10 +0100] "GET /wp-content/uploads/2014/10/Anlagenbau-Banner-1024x266.jpg HTTP/1.1" 200 26280 "-" "AdsBot-Google-Mobile (+http://www.google.com/mobile/adsbot.html) Mozilla (iPhone; U; CPU iPhone OS 3 0 like Mac OS X) AppleWebKit (KHTML, like Gecko) Mobile Safari"
66.249.89.10 - - [02/Jan/2015:03:32:10 +0100] "GET /wp-content/plugins/wptouch/resources/icons/elegant/Config.png HTTP/1.1" 200 789 "-" "AdsBot-Google-Mobile (+http://www.google.com/mobile/adsbot.html) Mozilla (iPhone; U; CPU iPhone OS 3 0 like Mac OS X) AppleWebKit (KHTML, like Gecko) Mobile Safari"
66.249.89.14 - - [02/Jan/2015:03:32:11 +0100] "GET /wp-content/plugins/wptouch/resources/icons/elegant/Mail.png HTTP/1.1" 200 1245 "-" "AdsBot-Google-Mobile (+http://www.google.com/mobile/adsbot.html) Mozilla (iPhone; U; CPU iPhone OS 3 0 like Mac OS X) AppleWebKit (KHTML, like Gecko) Mobile Safari"
66.249.89.14 - - [02/Jan/2015:03:32:12 +0100] "GET /wp-content/plugins/contact-form-7/includes/js/scripts.js?ver=4.0.1 HTTP/1.1" 200 9658 "-" "AdsBot-Google-Mobile (+http://www.google.com/mobile/adsbot.html) Mozilla (iPhone; U; CPU iPhone OS 3 0 like Mac OS X) AppleWebKit (KHTML, like Gecko) Mobile Safari"
66.249.89.14 - - [02/Jan/2015:03:32:13 +0100] "GET /wp-content/plugins/snow-storm/snow-storm.js?ver=1.41 HTTP/1.1" 200 9852 "-" "AdsBot-Google-Mobile (+http://www.google.com/mobile/adsbot.html) Mozilla (iPhone; U; CPU iPhone OS 3 0 like Mac OS X) AppleWebKit (KHTML, like Gecko) Mobile Safari"
66.249.89.10 - - [02/Jan/2015:03:32:13 +0100] "GET /wp-content/uploads/2014/10/Luftentfeuchtungssystem-300x250.jpg HTTP/1.1" 200 15242 "-" "AdsBot-Google-Mobile (+http://www.google.com/mobile/adsbot.html) Mozilla (iPhone; U; CPU iPhone OS 3 0 like Mac OS X) AppleWebKit (KHTML, like Gecko) Mobile Safari"
66.249.89.14 - - [02/Jan/2015:03:32:14 +0100] "GET /wp-content/plugins/wptouch/resources/icons/elegant/Graph.png HTTP/1.1" 200 970 "-" "AdsBot-Google-Mobile (+http://www.google.com/mobile/adsbot.html) Mozilla (iPhone; U; CPU iPhone OS 3 0 like Mac OS X) AppleWebKit (KHTML, like Gecko) Mobile Safari"
66.249.89.12 - - [02/Jan/2015:03:32:15 +0100] "GET /wp-content/plugins/wptouch/resources/icons/elegant/Paper.png HTTP/1.1" 200 336 "-" "AdsBot-Google-Mobile (+http://www.google.com/mobile/adsbot.html) Mozilla (iPhone; U; CPU iPhone OS 3 0 like Mac OS X) AppleWebKit (KHTML, like Gecko) Mobile Safari"
66.249.89.14 - - [02/Jan/2015:03:32:15 +0100] "GET /wp-content/plugins/contact-form-7/includes/js/jquery.form.min.js?ver=3.51.0-2014.06.20 HTTP/1.1" 200 15248 "-" "AdsBot-Google-Mobile (+http://www.google.com/mobile/adsbot.html) Mozilla (iPhone; U; CPU iPhone OS 3 0 like Mac OS X) AppleWebKit (KHTML, like Gecko) Mobile Safari"
66.249.89.10 - - [02/Jan/2015:03:32:16 +0100] "GET /wp-content/themes/purevision/styles/style1/images/menu-active-btn_r.png HTTP/1.1" 200 967 "-" "AdsBot-Google (+http://www.google.com/adsbot.html)"
66.249.89.10 - - [02/Jan/2015:03:32:16 +0100] "GET /wp-content/uploads/twitter.png HTTP/1.1" 200 1258 "-" "AdsBot-Google (+http://www.google.com/adsbot.html)"
66.249.89.14 - - [02/Jan/2015:03:32:17 +0100] "GET /wp-content/themes/purevision/styles/style1/images/menu-btn_l.png HTTP/1.1" 200 767 "-" "AdsBot-Google (+http://www.google.com/adsbot.html)"
66.249.89.12 - - [02/Jan/2015:03:32:18 +0100] "GET /wp-content/uploads/facebook.png HTTP/1.1" 200 807 "-" "AdsBot-Google (+http://www.google.com/adsbot.html)"
66.249.89.14 - - [02/Jan/2015:03:32:18 +0100] "GET /wp-content/themes/purevision/styles/style1/images/menu-with-arrow-btn_r.png HTTP/1.1" 200 322 "-" "AdsBot-Google (+http://www.google.com/adsbot.html)"
66.249.89.10 - - [02/Jan/2015:03:32:19 +0100] "GET /wp-content/themes/purevision/styles/style1/images/menu-btn_r.png HTTP/1.1" 200 670 "-" "AdsBot-Google (+http://www.google.com/adsbot.html)"
66.249.89.12 - - [02/Jan/2015:03:32:19 +0100] "GET /wp-content/themes/purevision/styles/common-css/reset.css?ver=1.0 HTTP/1.1" 200 1004 "-" "AdsBot-Google (+http://www.google.com/adsbot.html)"
66.249.89.14 - - [02/Jan/2015:03:32:20 +0100] "GET /wp-content/plugins/wptouch/resources/icons/elegant/World.png HTTP/1.1" 200 3483 "-" "AdsBot-Google-Mobile (+http://www.google.com/mobile/adsbot.html) Mozilla (iPhone; U; CPU iPhone OS 3 0 like Mac OS X) AppleWebKit (KHTML, like Gecko) Mobile Safari"
66.249.89.12 - - [02/Jan/2015:03:32:21 +0100] "GET /wp-content/themes/purevision/scripts/superfish-1.4.8/css/superfish.css?ver=1.0 HTTP/1.1" 200 3275 "-" "AdsBot-Google (+http://www.google.com/adsbot.html)"
66.249.89.14 - - [02/Jan/2015:03:32:21 +0100] "GET /wp-content/themes/purevision/scripts/script.js?ver=1.0 HTTP/1.1" 200 7495 "-" "AdsBot-Google (+http://www.google.com/adsbot.html)"
66.249.89.14 - - [02/Jan/2015:03:32:22 +0100] "GET /wp-content/plugins/polylang/flags/en_US.png HTTP/1.1" 200 599 "-" "AdsBot-Google (+http://www.google.com/adsbot.html)"
66.249.89.10 - - [02/Jan/2015:03:32:22 +0100] "GET /wp-content/themes/purevision/styles/style1/images/menu-active-with-arrow-btn_r.png HTTP/1.1" 200 318 "-" "AdsBot-Google (+http://www.google.com/adsbot.html)"
66.249.89.10 - - [02/Jan/2015:03:32:23 +0100] "GET /wp-content/plugins/wp-slimbox2/javascript/slimbox2.js?ver=2.04 HTTP/1.1" 200 3777 "-" "AdsBot-Google-Mobile (+http://www.google.com/mobile/adsbot.html) Mozilla (iPhone; U; CPU iPhone OS 3 0 like Mac OS X) AppleWebKit (KHTML, like Gecko) Mobile Safari"
66.249.89.14 - - [02/Jan/2015:03:32:24 +0100] "GET /wp-content/plugins/category-posts/cat-posts.css?ver=4.0.1 HTTP/1.1" 200 833 "-" "AdsBot-Google (+http://www.google.com/adsbot.html)"
66.249.89.10 - - [02/Jan/2015:03:32:24 +0100] "GET /wp-includes/js/jquery/jquery.js?ver=1.11.1 HTTP/1.1" 200 95807 "-" "AdsBot-Google (+http://www.google.com/adsbot.html)"
66.249.89.10 - - [02/Jan/2015:03:32:25 +0100] "GET /wp-content/plugins/wptouch/themes/foundation/modules/pushit/pushit.css?ver=4.0.1 HTTP/1.1" 200 484 "-" "AdsBot-Google-Mobile (+http://www.google.com/mobile/adsbot.html) Mozilla (iPhone; U; CPU iPhone OS 3 0 like Mac OS X) AppleWebKit (KHTML, like Gecko) Mobile Safari"
66.249.89.10 - - [02/Jan/2015:03:32:26 +0100] "GET /wp-content/plugins/wp-slimbox2/javascript/slimbox2_autoload.js?ver=1.0.4b HTTP/1.1" 200 3027 "-" "AdsBot-Google (+http://www.google.com/adsbot.html)"
66.249.89.12 - - [02/Jan/2015:03:32:26 +0100] "GET /wp-content/themes/purevision/styles/style1/images/menu-active-btn_l.png HTTP/1.1" 200 754 "-" "AdsBot-Google (+http://www.google.com/adsbot.html)"
66.249.89.12 - - [02/Jan/2015:03:32:27 +0100] "GET /wp-content/uploads/2014/10/Luftentfeuchtungsanlage-Anlagenbau-300x267.jpg HTTP/1.1" 200 13934 "-" "AdsBot-Google-Mobile (+http://www.google.com/mobile/adsbot.html) Mozilla (iPhone; U; CPU iPhone OS 3 0 like Mac OS X) AppleWebKit (KHTML, like Gecko) Mobile Safari"
66.249.89.12 - - [02/Jan/2015:03:32:28 +0100] "GET /wp-content/plugins/cookie-opt-in/js/cookie-opt-in-if.js?ver=1 HTTP/1.1" 200 1119 "-" "AdsBot-Google-Mobile (+http://www.google.com/mobile/adsbot.html) Mozilla (iPhone; U; CPU iPhone OS 3 0 like Mac OS X) AppleWebKit (KHTML, like Gecko) Mobile Safari"
66.249.89.10 - - [02/Jan/2015:03:32:28 +0100] "GET /wp-content/plugins/polylang/flags/de_DE.png HTTP/1.1" 200 545 "-" "AdsBot-Google (+http://www.google.com/adsbot.html)"
66.249.89.12 - - [02/Jan/2015:03:32:29 +0100] "GET /wp-content/uploads/google.png HTTP/1.1" 200 1718 "-" "AdsBot-Google (+http://www.google.com/adsbot.html)"
66.249.89.14 - - [02/Jan/2015:03:32:30 +0100] "GET /wp-content/plugins/cookie-opt-in/css/style.css?ver=4.0.1 HTTP/1.1" 200 2316 "-" "AdsBot-Google-Mobile (+http://www.google.com/mobile/adsbot.html) Mozilla (iPhone; U; CPU iPhone OS 3 0 like Mac OS X) AppleWebKit (KHTML, like Gecko) Mobile Safari"
66.249.89.14 - - [02/Jan/2015:03:32:30 +0100] "GET /wp-content/wptouch-data/cache/wptouch-f5396d16806ec55b7e82bcb4a6d4752a1f2f5b33.js HTTP/1.1" 200 66433 "-" "AdsBot-Google-Mobile (+http://www.google.com/mobile/adsbot.html) Mozilla (iPhone; U; CPU iPhone OS 3 0 like Mac OS X) AppleWebKit (KHTML, like Gecko) Mobile Safari"
66.249.89.14 - - [02/Jan/2015:03:32:31 +0100] "GET /wp-content/uploads/2014/10/Anlagenbau-Banner-1024x266.jpg HTTP/1.1" 200 26280 "-" "AdsBot-Google (+http://www.google.com/adsbot.html)"
66.249.89.14 - - [02/Jan/2015:03:32:31 +0100] "GET /wp-content/themes/purevision/styles/common-css/960.css?ver=1.0 HTTP/1.1" 200 7707 "-" "AdsBot-Google (+http://www.google.com/adsbot.html)"
66.249.89.12 - - [02/Jan/2015:03:32:32 +0100] "GET /wp-content/plugins/contact-form-7/includes/js/scripts.js?ver=4.0.1 HTTP/1.1" 200 9658 "-" "AdsBot-Google (+http://www.google.com/adsbot.html)"
66.249.89.10 - - [02/Jan/2015:03:32:33 +0100] "GET /wp-content/plugins/snow-storm/snow-storm.js?ver=1.41 HTTP/1.1" 200 9852 "-" "AdsBot-Google (+http://www.google.com/adsbot.html)"
66.249.89.10 - - [02/Jan/2015:03:32:33 +0100] "GET /wp-content/uploads/2014/10/Luftentfeuchtungssystem-300x250.jpg HTTP/1.1" 200 15242 "-" "AdsBot-Google (+http://www.google.com/adsbot.html)"
66.249.89.12 - - [02/Jan/2015:03:32:34 +0100] "GET /wp-content/plugins/contact-form-7/includes/js/jquery.form.min.js?ver=3.51.0-2014.06.20 HTTP/1.1" 200 15248 "-" "AdsBot-Google (+http://www.google.com/adsbot.html)"
66.249.89.12 - - [02/Jan/2015:03:32:35 +0100] "GET /wp-content/themes/purevision/styles/style1/css/style.css?ver=1.0 HTTP/1.1" 200 72108 "-" "AdsBot-Google (+http://www.google.com/adsbot.html)"
66.249.89.14 - - [02/Jan/2015:03:32:36 +0100] "GET /wp-content/themes/purevision/scripts/superfish-1.4.8/js/superfish.combined.js?ver=1.0.0 HTTP/1.1" 200 5387 "-" "AdsBot-Google (+http://www.google.com/adsbot.html)"
66.249.89.10 - - [02/Jan/2015:03:32:36 +0100] "GET /wp-content/plugins/wp-slimbox2/javascript/slimbox2.js?ver=2.04 HTTP/1.1" 200 3777 "-" "AdsBot-Google (+http://www.google.com/adsbot.html)"
66.249.89.10 - - [02/Jan/2015:03:32:37 +0100] "GET /wp-content/plugins/newsletter/subscription/styles/widget-neutral.css HTTP/1.1" 200 1018 "-" "AdsBot-Google (+http://www.google.com/adsbot.html)"
66.249.89.14 - - [02/Jan/2015:03:32:38 +0100] "GET /wp-content/uploads/2014/10/Luftentfeuchtungsanlage-300x178.jpg HTTP/1.1" 200 13777 "-" "AdsBot-Google (+http://www.google.com/adsbot.html)"
66.249.89.12 - - [02/Jan/2015:03:32:38 +0100] "GET /wp-content/plugins/cookie-opt-in/js/cookie-opt-in-if.js?ver=1 HTTP/1.1" 200 1119 "-" "AdsBot-Google (+http://www.google.com/adsbot.html)"
66.249.89.10 - - [02/Jan/2015:03:32:39 +0100] "GET /wp-content/plugins/cookie-opt-in/js/cookie-opt-in.js?ver=1 HTTP/1.1" 200 9405 "-" "AdsBot-Google (+http://www.google.com/adsbot.html)"
66.249.89.12 - - [02/Jan/2015:03:32:40 +0100] "GET /wp-content/plugins/cookie-opt-in/css/style.css?ver=4.0.1 HTTP/1.1" 200 2316 "-" "AdsBot-Google (+http://www.google.com/adsbot.html)"
66.249.89.10 - - [02/Jan/2015:03:32:40 +0100] "GET /wp-includes/js/jquery/jquery-migrate.min.js?ver=1.2.1 HTTP/1.1" 200 7200 "-" "AdsBot-Google (+http://www.google.com/adsbot.html)"
66.249.89.10 - - [02/Jan/2015:03:32:41 +0100] "GET /wp-content/uploads/xing.png HTTP/1.1" 200 1343 "-" "AdsBot-Google (+http://www.google.com/adsbot.html)"
66.249.89.12 - - [02/Jan/2015:03:32:42 +0100] "GET /wp-content/plugins/wptouch/themes/bauhaus/default/style.css?ver=3.5.3 HTTP/1.1" 200 18657 "-" "AdsBot-Google-Mobile (+http://www.google.com/mobile/adsbot.html) Mozilla (iPhone; U; CPU iPhone OS 3 0 like Mac OS X) AppleWebKit (KHTML, like Gecko) Mobile Safari"
66.249.89.14 - - [02/Jan/2015:03:32:43 +0100] "GET /wp-content/plugins/wp-slimbox2/css/slimbox2.css?ver=1.1 HTTP/1.1" 200 917 "-" "AdsBot-Google (+http://www.google.com/adsbot.html)"
66.249.89.12 - - [02/Jan/2015:03:32:43 +0100] "GET /wp-content/uploads/2014/10/Luftentfeuchtungsanlage-Anlagenbau-300x267.jpg HTTP/1.1" 200 13934 "-" "AdsBot-Google (+http://www.google.com/adsbot.html)"
66.249.89.10 - - [02/Jan/2015:03:32:44 +0100] "GET /wp-includes/js/comment-reply.min.js?ver=4.0.1 HTTP/1.1" 200 757 "-" "AdsBot-Google (+http://www.google.com/adsbot.html)"
66.249.89.14 - - [02/Jan/2015:03:32:45 +0100] "GET /wp-content/plugins/contact-form-7/includes/css/styles.css?ver=4.0.1 HTTP/1.1" 200 1103 "-" "AdsBot-Google (+http://www.google.com/adsbot.html)"
66.249.89.14 - - [02/Jan/2015:03:32:46 +0100] "GET /wp-content/themes/purevision/scripts/superfish-1.4.8/images/auto-arrows.png HTTP/1.1" 200 295 "-" "AdsBot-Google (+http://www.google.com/adsbot.html)"
66.249.89.12 - - [02/Jan/2015:03:32:46 +0100] "GET /wp-content/themes/purevision/styles/style1/css/text.css?ver=1.0 HTTP/1.1" 200 1819 "-" "AdsBot-Google (+http://www.google.com/adsbot.html)"
66.249.89.10 - - [02/Jan/2015:03:32:47 +0100] "GET /wp-content/themes/purevision/style.css?ver=1.0 HTTP/1.1" 200 885 "-" "AdsBot-Google (+http://www.google.com/adsbot.html)"
66.249.89.14 - - [02/Jan/2015:03:32:48 +0100] "GET /wp-content/themes/purevision/styles/custom/custom_style.php?ver=4.0.1 HTTP/1.1" 200 4550 "-" "AdsBot-Google (+http://www.google.com/adsbot.html)"
182.118.25.226 - - [02/Jan/2015:03:34:44 +0100] "GET /robots.txt HTTP/1.1" 200 35 "http://www.a-und-h.de/robots.txt" "Mozilla/5.0 (compatible; MSIE 9.0; Windows NT 6.1; Trident/5.0); 360Spider"
188.40.35.97 - - [02/Jan/2015:03:40:35 +0100] "POST /wp-cron.php?doing_wp_cron=1420166435.4880979061126708984375 HTTP/1.0" 200 - "-" "WordPress/4.0.1; http://www.a-und-h.de"
91.189.219.238 - - [02/Jan/2015:03:40:35 +0100] "GET /en/ HTTP/1.1" 200 24843 "-" "Mozilla/6.0 (Windows NT 6.2; WOW64; rv:16.0.1) Gecko/20121011 Firefox/16.0.1"
91.189.219.238 - - [02/Jan/2015:03:40:36 +0100] "GET /en/wp-login.php?action=login HTTP/1.1" 404 20464 "-" "Mozilla/5.0 (Windows NT 5.1; rv:15.0) Gecko/20100101 Firefox/13.0.1"
91.207.8.46 - - [02/Jan/2015:03:51:03 +0100] "GET / HTTP/1.1" 302 - "http://xlolitka.com/" "Mozilla/4.0 (compatible; MSIE 5.5; Windows 95)"
91.207.8.46 - - [02/Jan/2015:03:51:04 +0100] "GET / HTTP/1.1" 302 - "http://xlolitka.com/" "Mozilla/4.0 (compatible; MSIE 5.5; Windows 95)"
91.207.8.46 - - [02/Jan/2015:03:51:04 +0100] "GET / HTTP/1.1" 302 - "http://xlolitka.com/" "Mozilla/4.0 (compatible; MSIE 5.5; Windows 95)"
188.40.35.97 - - [02/Jan/2015:03:51:03 +0100] "POST /wp-cron.php?doing_wp_cron=1420167063.3160469532012939453125 HTTP/1.0" 200 - "-" "WordPress/4.0.1; http://www.a-und-h.de"
94.153.9.175 - - [02/Jan/2015:04:07:43 +0100] "GET / HTTP/1.1" 302 - "http://xn-----8kcnijgeam1andnpi2aq8m.xn--p1ai/" "Mozilla/4.0 (compatible; MSIE 6.0; Windows NT 5.1; KKman2.0)"
94.153.9.175 - - [02/Jan/2015:04:07:44 +0100] "GET / HTTP/1.1" 302 - "http://xn-----8kcnijgeam1andnpi2aq8m.xn--p1ai/" "Mozilla/4.0 (compatible; MSIE 6.0; Windows NT 5.1; KKman2.0)"
94.153.9.175 - - [02/Jan/2015:04:07:45 +0100] "GET / HTTP/1.1" 302 - "http://xn-----8kcnijgeam1andnpi2aq8m.xn--p1ai/" "Mozilla/4.0 (compatible; MSIE 6.0; Windows NT 5.1; KKman2.0)"
188.40.35.97 - - [02/Jan/2015:04:07:44 +0100] "POST /wp-cron.php?doing_wp_cron=1420168064.1148219108581542968750 HTTP/1.0" 200 - "-" "WordPress/4.0.1; http://www.a-und-h.de"
134.249.51.137 - - [02/Jan/2015:04:09:17 +0100] "GET / HTTP/1.1" 302 - "http://lider82.ru/" "Opera/7.60 (Windows NT 5.2; U) [en] (IBM EVV/3.0/EAK01AG9/LE)"
134.249.51.137 - - [02/Jan/2015:04:09:17 +0100] "GET / HTTP/1.1" 302 - "http://lider82.ru/" "Opera/7.60 (Windows NT 5.2; U) [en] (IBM EVV/3.0/EAK01AG9/LE)"
134.249.51.137 - - [02/Jan/2015:04:09:18 +0100] "GET / HTTP/1.1" 302 - "http://lider82.ru/" "Opera/7.60 (Windows NT 5.2; U) [en] (IBM EVV/3.0/EAK01AG9/LE)"
109.120.157.179 - - [02/Jan/2015:04:11:27 +0100] "GET / HTTP/1.1" 302 - "http://chimiver.info/" "Mozilla/5.0 (compatible; Add Catalog/2.1;)"
109.120.157.179 - - [02/Jan/2015:04:11:28 +0100] "GET / HTTP/1.1" 302 - "http://chimiver.info/" "Mozilla/5.0 (compatible; Add Catalog/2.1;)"
109.120.157.179 - - [02/Jan/2015:04:11:28 +0100] "GET / HTTP/1.1" 302 - "http://chimiver.info/" "Mozilla/5.0 (compatible; Add Catalog/2.1;)"
68.180.228.219 - - [02/Jan/2015:04:11:42 +0100] "GET /wp-content/uploads/2014/10/Silo-Kopfraumentfeuchtung-141014.pdf HTTP/1.1" 200 464527 "-" "Mozilla/5.0 (compatible; Yahoo! Slurp; http://help.yahoo.com/help/us/ysearch/slurp)"
188.40.35.97 - - [02/Jan/2015:04:19:51 +0100] "POST /wp-cron.php?doing_wp_cron=1420168791.6337890625000000000000 HTTP/1.0" 200 - "-" "WordPress/4.0.1; http://www.a-und-h.de"
217.69.133.239 - - [02/Jan/2015:04:19:51 +0100] "GET /robots.txt HTTP/1.1" 200 35 "-" "Mozilla/5.0 (compatible; Linux x86_64; Mail.RU_Bot/2.0; +http://go.mail.ru/help/robots)"
217.69.133.238 - - [02/Jan/2015:04:19:53 +0100] "GET /homepage HTTP/1.1" 200 20908 "-" "Mozilla/5.0 (compatible; Linux x86_64; Mail.RU_Bot/2.0; +http://go.mail.ru/help/robots)"
217.69.133.70 - - [02/Jan/2015:04:20:02 +0100] "GET /produkte/anlagenbau HTTP/1.1" 200 26863 "-" "Mozilla/5.0 (compatible; Linux x86_64; Mail.RU_Bot/2.0; +http://go.mail.ru/help/robots)"
66.249.78.79 - - [02/Jan/2015:04:39:35 +0100] "GET /?page_id=12 HTTP/1.1" 301 - "-" "Mozilla/5.0 (compatible; Googlebot/2.1; +http://www.google.com/bot.html)"
188.40.35.97 - - [02/Jan/2015:04:39:35 +0100] "POST /wp-cron.php?doing_wp_cron=1420169975.5406129360198974609375 HTTP/1.0" 200 - "-" "WordPress/4.0.1; http://www.a-und-h.de"
66.249.78.86 - - [02/Jan/2015:04:39:36 +0100] "GET /luftentfeuchtung HTTP/1.1" 200 24910 "-" "Mozilla/5.0 (compatible; Googlebot/2.1; +http://www.google.com/bot.html)"
66.249.78.79 - - [02/Jan/2015:04:44:23 +0100] "GET /wp-content/uploads/2012/03/MSR-Symbole+Kennbuchstaben.pdf HTTP/1.1" 304 - "-" "Mozilla/5.0 (compatible; Googlebot/2.1; +http://www.google.com/bot.html)"
207.46.13.11 - - [02/Jan/2015:05:13:23 +0100] "GET /contact-service/downloads HTTP/1.1" 301 - "-" "Mozilla/5.0 (compatible; bingbot/2.0; +http://www.bing.com/bingbot.htm)"
188.40.35.97 - - [02/Jan/2015:05:13:24 +0100] "POST /wp-cron.php?doing_wp_cron=1420172004.1551499366760253906250 HTTP/1.0" 200 - "-" "WordPress/4.0.1; http://www.a-und-h.de"
64.134.191.225 - - [02/Jan/2015:05:16:58 +0100] "GET /wp-content/uploads/2014/09/Mietbedingungen-140918.pdf HTTP/1.1" 200 116595 "http://www.google.com/url?sa=t&rct=j&q=&esrc=s&source=web&cd=10&cad=rja&uact=8&ved=0CGUQFjAJ&url=http%3A%2F%2Fwww.a-und-h.de%2Fwp-content%2Fuploads%2F2014%2F09%2FMietbedingungen-140918.pdf&ei=GhumVMT6GIyqgwSikIH4Cw&usg=AFQjCNH7a3PvmP2lWt6LPepCqUh6Igr3vg&bvm=bv.82001339,d.eXY" "Mozilla/5.0 (Macintosh; Intel Mac OS X 10_9_5) AppleWebKit/600.2.5 (KHTML, like Gecko) Version/7.1.2 Safari/537.85.11"
64.134.191.225 - - [02/Jan/2015:05:17:01 +0100] "GET /favicon.ico HTTP/1.1" 200 1406 "http://www.a-und-h.de/wp-content/uploads/2014/09/Mietbedingungen-140918.pdf" "Mozilla/5.0 (Macintosh; Intel Mac OS X 10_9_5) AppleWebKit/600.2.5 (KHTML, like Gecko) Version/7.1.2 Safari/537.85.11"
93.54.65.142 - - [02/Jan/2015:05:19:44 +0100] "POST /wp-login.php HTTP/1.1" 200 3898 "http://www.a-und-h.de/wp-login.php" "Mozilla/5.0 (Windows NT 6.1; rv:2.0b7pre) Gecko/20100921 Firefox/4.0b7pre"
93.54.94.19 - - [02/Jan/2015:05:19:44 +0100] "POST /wp-login.php HTTP/1.1" 200 3898 "http://www.a-und-h.de/wp-login.php" "Mozilla/5.0 (Windows NT 6.1; WOW64) AppleWebKit/537.36 (KHTML like Gecko) Chrome/33.0.1750.154 Safari/537.36"
188.40.35.97 - - [02/Jan/2015:05:19:44 +0100] "POST /wp-cron.php?doing_wp_cron=1420172384.4711039066314697265625 HTTP/1.0" 200 - "-" "WordPress/4.0.1; http://www.a-und-h.de"
93.61.99.25 - - [02/Jan/2015:05:19:46 +0100] "POST /wp-login.php HTTP/1.1" 200 3898 "http://www.a-und-h.de/wp-login.php" "Mozilla/5.0 (Windows NT 6.1; rv:31.0) Gecko/20100101 Firefox/31.0"
89.97.121.205 - - [02/Jan/2015:05:19:46 +0100] "POST /wp-login.php HTTP/1.1" 200 3898 "http://www.a-und-h.de/wp-login.php" "Mozilla/5.0 (Windows NT 6.1) AppleWebKit/537.36 (KHTML like Gecko) Chrome/29.0.1547.62 Safari/537.36"
93.54.63.62 - - [02/Jan/2015:05:19:48 +0100] "POST /wp-login.php HTTP/1.1" 200 3898 "http://www.a-und-h.de/wp-login.php" "Mozilla/5.0 (Windows NT 6.1; WOW64) AppleWebKit/537.4 (KHTML like Gecko) Chrome/22.0.1229.94 Safari/537.4"
188.40.35.97 - - [02/Jan/2015:05:23:25 +0100] "POST /wp-cron.php?doing_wp_cron=1420172605.5216360092163085937500 HTTP/1.0" 200 - "-" "WordPress/4.0.1; http://www.a-und-h.de"
198.50.177.43 - - [02/Jan/2015:05:23:25 +0100] "GET /terms-conditions HTTP/1.1" 200 27395 "http://www.a-und-h.de/" "Mozilla/5.0 (compatible; MSIE 10.0; Windows NT 6.1; Trident/6.0)"
179.157.230.115 - - [02/Jan/2015:05:24:28 +0100] "GET /wp-login.php?action=register HTTP/1.1" 302 - "http://www.a-und-h.de/" "Mozilla/5.0 (compatible; MSIE 10.0; Windows NT 6.1; Trident/6.0)"
179.157.230.115 - - [02/Jan/2015:05:24:29 +0100] "GET /wp-login.php?registration=disabled HTTP/1.1" 200 3773 "http://www.a-und-h.de/" "Mozilla/5.0 (compatible; MSIE 10.0; Windows NT 6.1; Trident/6.0)"
66.249.78.79 - - [02/Jan/2015:05:25:47 +0100] "GET /partnership HTTP/1.1" 200 21644 "-" "Mozilla/5.0 (compatible; Googlebot/2.1; +http://www.google.com/bot.html)"
186.65.248.33 - - [02/Jan/2015:05:27:09 +0100] "GET /wp-login.php?action=register HTTP/1.1" 302 - "http://www.a-und-h.de/" "Mozilla/5.0 (compatible; MSIE 10.0; Windows NT 6.1; Trident/6.0)"
188.40.35.97 - - [02/Jan/2015:05:27:09 +0100] "POST /wp-cron.php?doing_wp_cron=1420172829.3233289718627929687500 HTTP/1.0" 200 - "-" "WordPress/4.0.1; http://www.a-und-h.de"
66.249.78.93 - - [02/Jan/2015:05:27:42 +0100] "GET /?p=1 HTTP/1.1" 301 - "-" "Mozilla/5.0 (compatible; Googlebot/2.1; +http://www.google.com/bot.html)"
66.249.64.20 - - [02/Jan/2015:05:27:43 +0100] "GET /da-160-da-250 HTTP/1.1" 200 31642 "-" "Mozilla/5.0 (compatible; Googlebot/2.1; +http://www.google.com/bot.html)"
188.40.35.97 - - [02/Jan/2015:05:45:41 +0100] "POST /wp-cron.php?doing_wp_cron=1420173941.6377329826354980468750 HTTP/1.0" 200 - "-" "WordPress/4.0.1; http://www.a-und-h.de"
66.249.64.20 - - [02/Jan/2015:05:45:41 +0100] "GET /agb HTTP/1.1" 200 29919 "-" "DoCoMo/2.0 N905i(c100;TB;W24H16) (compatible; Googlebot-Mobile/2.1; +http://www.google.com/bot.html)"
188.40.35.97 - - [02/Jan/2015:05:48:53 +0100] "POST /wp-cron.php?doing_wp_cron=1420174133.7355360984802246093750 HTTP/1.0" 200 - "-" "WordPress/4.0.1; http://www.a-und-h.de"
66.249.78.79 - - [02/Jan/2015:05:48:53 +0100] "GET / HTTP/1.1" 302 - "-" "Mozilla/5.0 (compatible; Googlebot/2.1; +http://www.google.com/bot.html)"
66.249.78.86 - - [02/Jan/2015:05:48:54 +0100] "GET /de/ HTTP/1.1" 200 26581 "-" "Mozilla/5.0 (compatible; Googlebot/2.1; +http://www.google.com/bot.html)"
188.40.35.97 - - [02/Jan/2015:05:55:44 +0100] "POST /wp-cron.php?doing_wp_cron=1420174544.3613290786743164062500 HTTP/1.0" 200 - "-" "WordPress/4.0.1; http://www.a-und-h.de"
217.69.133.237 - - [02/Jan/2015:05:55:44 +0100] "GET /robots.txt HTTP/1.1" 200 35 "-" "Mozilla/5.0 (compatible; Linux x86_64; Mail.RU_Bot/2.0; +http://go.mail.ru/help/robots)"
