66.249.64.20 - - [04/Jan/2015:02:16:27 +0100] "GET /wp-content/themes/purevision/styles/common-css/960.css?ver=1.0 HTTP/1.1" 200 7707 "-" "Mozilla/5.0 (compatible; Googlebot/2.1; +http://www.google.com/bot.html)"
66.249.64.24 - - [04/Jan/2015:02:16:28 +0100] "GET /wp-content/themes/purevision/styles/style1/css/style.css?ver=1.0 HTTP/1.1" 200 72108 "-" "Mozilla/5.0 (compatible; Googlebot/2.1; +http://www.google.com/bot.html)"
66.249.64.28 - - [04/Jan/2015:02:16:29 +0100] "GET /wp-content/plugins/wp-table-reloaded/css/plugin.css?ver=1.9.4 HTTP/1.1" 200 980 "-" "Mozilla/5.0 (compatible; Googlebot/2.1; +http://www.google.com/bot.html)"
66.249.64.24 - - [04/Jan/2015:02:16:30 +0100] "GET /wp-content/themes/purevision/styles/style1/css/text.css?ver=1.0 HTTP/1.1" 200 1819 "-" "Mozilla/5.0 (compatible; Googlebot/2.1; +http://www.google.com/bot.html)"
66.249.64.28 - - [04/Jan/2015:02:16:31 +0100] "GET /wp-content/plugins/wp-table-reloaded/css/datatables.css?ver=1.9.4 HTTP/1.1" 200 2329 "-" "Mozilla/5.0 (compatible; Googlebot/2.1; +http://www.google.com/bot.html)"
66.249.64.28 - - [04/Jan/2015:02:18:57 +0100] "GET /wp-content/themes/purevision/sliders/slider_de/piecemaker.swf?random_number=6905 HTTP/1.1" 200 208139 "-" "Mozilla/5.0 (compatible; Googlebot/2.1; +http://www.google.com/bot.html)"
78.7.145.62 - - [04/Jan/2015:02:21:06 +0100] "POST /wp-login.php HTTP/1.1" 200 3898 "http://www.a-und-h.de/wp-login.php" "Mozilla/5.0 (Windows NT 6.1; rv:9.0.1) Gecko/20100101 Firefox/9.0.1"
93.61.34.114 - - [04/Jan/2015:02:21:06 +0100] "POST /wp-login.php HTTP/1.1" 200 3898 "http://www.a-und-h.de/wp-login.php" "Mozilla/5.0 (Windows NT 6.1; rv:26.0) Gecko/20100101 Firefox/26.0"
78.6.102.18 - - [04/Jan/2015:02:21:07 +0100] "POST /wp-login.php HTTP/1.1" 200 3898 "http://www.a-und-h.de/wp-login.php" "Mozilla/5.0 (Windows NT 6.2; WOW64) AppleWebKit/537.36 (KHTML like Gecko) Chrome/27.0.1453.116 Safari/537.36"
78.7.67.166 - - [04/Jan/2015:02:21:08 +0100] "POST /wp-login.php HTTP/1.1" 200 3898 "http://www.a-und-h.de/wp-login.php" "Mozilla/5.0 (Windows NT 6.3; WOW64) AppleWebKit/537.36 (KHTML like Gecko) Chrome/32.0.1700.76 Safari/537.36"
78.7.101.254 - - [04/Jan/2015:02:21:08 +0100] "POST /wp-login.php HTTP/1.1" 200 3898 "http://www.a-und-h.de/wp-login.php" "Mozilla/5.0 (Windows NT 6.1; WOW64; rv:21.0) Gecko/20100101 Firefox/21.0"
141.8.147.20 - - [04/Jan/2015:02:37:42 +0100] "GET /wp-content/uploads/2014/08/Hygroscopic-Materials1.pdf HTTP/1.1" 200 264499 "-" "Mozilla/5.0 (compatible; YandexBot/3.0; +http://yandex.com/bots)"
104.130.192.107 - - [04/Jan/2015:03:01:42 +0100] "GET / HTTP/1.1" 302 - "-" "Mozilla/5.0"
104.130.192.107 - - [04/Jan/2015:03:01:42 +0100] "GET /de/ HTTP/1.1" 200 26581 "-" "Mozilla/5.0"
5.9.11.122 - - [04/Jan/2015:03:11:11 +0100] "GET /de/comments/feed HTTP/1.1" 200 707 "-" "-"
5.9.11.122 - - [04/Jan/2015:03:11:12 +0100] "GET /de/feed HTTP/1.1" 200 22105 "-" "-"
66.249.64.24 - - [04/Jan/2015:03:12:46 +0100] "GET /kontakt-service HTTP/1.1" 200 23791 "-" "Mozilla/5.0 (compatible; Googlebot/2.1; +http://www.google.com/bot.html)"
183.57.153.173 - - [04/Jan/2015:03:15:21 +0100] "GET / HTTP/1.1" 302 - "http://www.a-und-h.de/" "Mozilla/5.0 (compatible; MSIE 9.0; Windows NT 6.1; Trident/5.0)"
183.57.153.173 - - [04/Jan/2015:03:15:22 +0100] "GET /de/ HTTP/1.1" 200 26581 "http://www.a-und-h.de/" "Mozilla/5.0 (compatible; MSIE 9.0; Windows NT 6.1; Trident/5.0)"
188.165.15.75 - - [04/Jan/2015:03:24:39 +0100] "GET /da-160-da-250 HTTP/1.1" 200 31642 "-" "Mozilla/5.0 (compatible; AhrefsBot/5.0; +http://ahrefs.com/robot/)"
66.249.64.28 - - [04/Jan/2015:03:27:46 +0100] "GET /wp-content/uploads/2012/03/MSR-Symbole+Kennbuchstaben.pdf HTTP/1.1" 304 - "-" "Mozilla/5.0 (compatible; Googlebot/2.1; +http://www.google.com/bot.html)"
188.165.15.152 - - [04/Jan/2015:03:34:28 +0100] "GET /datenschutz HTTP/1.1" 200 36979 "-" "Mozilla/5.0 (compatible; AhrefsBot/5.0; +http://ahrefs.com/robot/)"
141.8.147.20 - - [04/Jan/2015:03:40:55 +0100] "GET /de/feed HTTP/1.1" 200 22105 "-" "Mozilla/5.0 (compatible; YandexBot/3.0; +http://yandex.com/bots)"
66.249.64.28 - - [04/Jan/2015:03:43:18 +0100] "GET /wp-content/themes/purevision/sliders/slider_en/piecemaker.swf?random_number=4580 HTTP/1.1" 200 208139 "-" "Mozilla/5.0 (iPhone; CPU iPhone OS 6_0 like Mac OS X) AppleWebKit/536.26 (KHTML, like Gecko) Version/6.0 Mobile/10A5376e Safari/8536.25 (compatible; Googlebot/2.1; +http://www.google.com/bot.html)"
66.249.64.24 - - [04/Jan/2015:03:52:03 +0100] "GET /wp-content/themes/purevision/sliders/slider_en/piecemaker.swf?random_number=4580 HTTP/1.1" 200 208139 "-" "Mozilla/5.0 (compatible; Googlebot/2.1; +http://www.google.com/bot.html)"
66.249.64.24 - - [04/Jan/2015:03:54:00 +0100] "GET /wp-content/themes/purevision/sliders/slider_en/piecemaker.css HTTP/1.1" 200 1227 "-" "Mozilla/5.0 (compatible; Googlebot/2.1; +http://www.google.com/bot.html)"
66.249.64.20 - - [04/Jan/2015:03:55:06 +0100] "GET /wp-content/themes/purevision/sliders/slider_en/piecemaker.swf?random_number=844 HTTP/1.1" 200 208139 "-" "Mozilla/5.0 (iPhone; CPU iPhone OS 6_0 like Mac OS X) AppleWebKit/536.26 (KHTML, like Gecko) Version/6.0 Mobile/10A5376e Safari/8536.25 (compatible; Googlebot/2.1; +http://www.google.com/bot.html)"
66.249.64.20 - - [04/Jan/2015:04:03:21 +0100] "GET /wp-content/themes/purevision/sliders/slider_en/piecemaker.swf?random_number=844 HTTP/1.1" 200 208139 "-" "Mozilla/5.0 (compatible; Googlebot/2.1; +http://www.google.com/bot.html)"
66.249.64.28 - - [04/Jan/2015:04:10:16 +0100] "GET /produkte HTTP/1.1" 200 26150 "-" "Mozilla/5.0 (compatible; Googlebot/2.1; +http://www.google.com/bot.html)"
188.40.35.97 - - [04/Jan/2015:04:10:16 +0100] "POST /wp-cron.php?doing_wp_cron=1420341016.6935489177703857421875 HTTP/1.0" 200 - "-" "WordPress/4.0.1; http://www.a-und-h.de"
207.46.13.29 - - [04/Jan/2015:04:14:04 +0100] "GET /kompetenzen HTTP/1.1" 200 25223 "-" "Mozilla/5.0 (compatible; bingbot/2.0; +http://www.bing.com/bingbot.htm)"
157.55.39.2 - - [04/Jan/2015:04:20:23 +0100] "GET /robots.txt HTTP/1.1" 301 315 "-" "Mozilla/5.0 (compatible; bingbot/2.0; +http://www.bing.com/bingbot.htm)"
157.55.39.2 - - [04/Jan/2015:04:20:24 +0100] "GET /robots.txt HTTP/1.1" 200 35 "-" "Mozilla/5.0 (compatible; bingbot/2.0; +http://www.bing.com/bingbot.htm)"
157.55.39.3 - - [04/Jan/2015:04:21:57 +0100] "GET /wp-content/themes/purevision/scripts/dd_belatedpng_0.0.8a-min.js HTTP/1.1" 301 369 "-" "Mozilla/5.0 (compatible; MSIE 9.0; Windows NT 6.1; Trident/5.0)"
66.249.64.28 - - [04/Jan/2015:04:22:26 +0100] "GET /wp-content/themes/purevision/sliders/slider_de/piecemaker.swf?random_number=202&cssSource=http://www.a-und-h.de/wp-content/themes/purevision/sliders/slider_de/piecemaker.css&xmlSource=http://www.a-und-h.de/wp-content/themes/purevision/sliders/slider_de/piecemaker.xml HTTP/1.1" 200 208139 "-" "Googlebot-Video/1.0"
157.55.39.3 - - [04/Jan/2015:04:23:55 +0100] "GET /wp-content/themes/purevision/scripts/dd_belatedpng_0.0.8a-min.js HTTP/1.1" 404 22102 "-" "Mozilla/5.0 (compatible; MSIE 9.0; Windows NT 6.1; Trident/5.0)"
93.219.155.202 - - [04/Jan/2015:04:40:12 +0100] "GET /sitemap.xml HTTP/1.1" 404 17230 "-" "Mozilla/5.0 (Windows; U; Windows NT 6.0; de; rv:1.9.2.3) Gecko/20100401 Firefox/3.6.3 ( .NET CLR 3.5.30729)"
93.219.155.202 - - [04/Jan/2015:04:40:19 +0100] "GET /sitemap.xml HTTP/1.1" 301 316 "-" "Mozilla/5.0 (Windows; U; Windows NT 6.0; de; rv:1.9.2.3) Gecko/20100401 Firefox/3.6.3 ( .NET CLR 3.5.30729)"
208.92.211.174 - - [04/Jan/2015:04:53:52 +0100] "GET /Fckeditor/editor/filemanager/browser/default/connectors/test.html HTTP/1.1" 404 20496 "-" "Mozilla/4.0 (compatible; Win32; WinHttp.WinHttpRequest.5)"
208.92.211.174 - - [04/Jan/2015:04:53:55 +0100] "GET /FCKeditor/editor/filemanager/connectors/test.html HTTP/1.1" 404 20480 "-" "Mozilla/4.0 (compatible; Win32; WinHttp.WinHttpRequest.5)"
208.92.211.174 - - [04/Jan/2015:04:53:57 +0100] "GET /Admin/fckeditor/editor/filemanager/browser/default/connectors/test.html HTTP/1.1" 404 20502 "-" "Mozilla/4.0 (compatible; Win32; WinHttp.WinHttpRequest.5)"
208.92.211.174 - - [04/Jan/2015:04:53:59 +0100] "GET /Admin/fCKeditor/editor/filemanager/connectors/test.html HTTP/1.1" 404 20486 "-" "Mozilla/4.0 (compatible; Win32; WinHttp.WinHttpRequest.5)"
208.92.211.174 - - [04/Jan/2015:04:54:01 +0100] "GET /Editor/editor/filemanager/browser/default/connectors/test.html HTTP/1.1" 500 256 "-" "Mozilla/4.0 (compatible; Win32; WinHttp.WinHttpRequest.5)"
208.92.211.174 - - [04/Jan/2015:04:54:01 +0100] "GET /Editor/editor/filemanager/connectors/test.html HTTP/1.1" 500 256 "-" "Mozilla/4.0 (compatible; Win32; WinHttp.WinHttpRequest.5)"
193.201.224.86 - - [04/Jan/2015:05:14:30 +0100] "GET /webmanage/fckeditor/editor/filemanager/browser/default/connectors/asp/connector.asp HTTP/1.0" 301 388 "http://a-und-h.de/webmanage/fckeditor/editor/filemanager/browser/default/connectors/asp/connector.asp" "Mozilla/4.0 (compatible; MSIE 6.0; Windows NT 5.1; SV1; .NET CLR 2.0.50727)"
193.201.224.86 - - [04/Jan/2015:05:14:30 +0100] "GET /editor/editor/filemanager/browser/default/connectors/asp/connector.asp HTTP/1.0" 301 375 "http://a-und-h.de/editor/editor/filemanager/browser/default/connectors/asp/connector.asp" "Mozilla/4.0 (compatible; MSIE 6.0; Windows NT 5.1; SV1; .NET CLR 2.0.50727)"
193.201.224.86 - - [04/Jan/2015:05:14:31 +0100] "GET /fckeditor/editor/filemanager/browser/default/connectors/asp/connector.asp HTTP/1.0" 301 378 "http://a-und-h.de/fckeditor/editor/filemanager/browser/default/connectors/asp/connector.asp" "Mozilla/4.0 (compatible; MSIE 6.0; Windows NT 5.1; SV1; .NET CLR 2.0.50727)"
193.201.224.86 - - [04/Jan/2015:05:14:31 +0100] "GET /admin/fckeditor/editor/filemanager/browser/default/connectors/asp/connector.asp HTTP/1.0" 301 384 "http://a-und-h.de/admin/fckeditor/editor/filemanager/browser/default/connectors/asp/connector.asp" "Mozilla/4.0 (compatible; MSIE 6.0; Windows NT 5.1; SV1; .NET CLR 2.0.50727)"
193.201.224.86 - - [04/Jan/2015:05:14:31 +0100] "GET /editor/filemanager/browser/default/connectors/asp/connector.asp HTTP/1.0" 301 368 "http://a-und-h.de/editor/filemanager/browser/default/connectors/asp/connector.asp" "Mozilla/4.0 (compatible; MSIE 6.0; Windows NT 5.1; SV1; .NET CLR 2.0.50727)"
193.201.224.86 - - [04/Jan/2015:05:14:31 +0100] "GET /manage/fckeditor/editor/filemanager/browser/default/connectors/asp/connector.asp HTTP/1.0" 301 385 "http://a-und-h.de/manage/fckeditor/editor/filemanager/browser/default/connectors/asp/connector.asp" "Mozilla/4.0 (compatible; MSIE 6.0; Windows NT 5.1; SV1; .NET CLR 2.0.50727)"
46.19.33.241 - - [04/Jan/2015:05:17:37 +0100] "GET / HTTP/1.1" 302 - "-" "Mozilla/5.0 (Macintosh; Intel Mac OS X 10_10; rv:33.0) Gecko/20100101 Firefox/33.0"
46.19.33.241 - - [04/Jan/2015:05:17:37 +0100] "GET /de/ HTTP/1.1" 200 26581 "-" "Mozilla/5.0 (Macintosh; Intel Mac OS X 10_10; rv:33.0) Gecko/20100101 Firefox/33.0"
46.19.33.241 - - [04/Jan/2015:05:17:38 +0100] "GET /impressum HTTP/1.1" 200 23411 "-" "libwww-perl/6.08"
46.19.33.241 - - [04/Jan/2015:05:17:38 +0100] "GET /kontakt-service/anfrage HTTP/1.1" 200 25021 "-" "libwww-perl/6.08"
46.19.33.241 - - [04/Jan/2015:05:17:39 +0100] "GET /de/ HTTP/1.1" 200 26581 "-" "libwww-perl/6.08"
46.19.33.241 - - [04/Jan/2015:05:17:39 +0100] "GET /category/standardgeraete HTTP/1.1" 200 33114 "-" "libwww-perl/6.08"
46.19.33.241 - - [04/Jan/2015:05:17:40 +0100] "GET /produkte HTTP/1.1" 200 26150 "-" "libwww-perl/6.08"
46.19.33.241 - - [04/Jan/2015:05:17:40 +0100] "GET /da-510-da-610 HTTP/1.1" 200 31689 "-" "libwww-perl/6.08"
46.19.33.241 - - [04/Jan/2015:05:17:41 +0100] "GET /unternehmen HTTP/1.1" 200 25434 "-" "libwww-perl/6.08"
46.19.33.241 - - [04/Jan/2015:05:17:41 +0100] "GET /impressum HTTP/1.1" 200 23411 "-" "libwww-perl/6.08"
46.19.33.241 - - [04/Jan/2015:05:17:42 +0100] "GET /kompetenzen HTTP/1.1" 200 25223 "-" "libwww-perl/6.08"
46.19.33.241 - - [04/Jan/2015:05:17:42 +0100] "GET /da-160-da-250 HTTP/1.1" 200 31642 "-" "libwww-perl/6.08"
46.19.33.241 - - [04/Jan/2015:05:17:43 +0100] "GET /mietgeraete HTTP/1.1" 200 31355 "-" "libwww-perl/6.08"
46.19.33.241 - - [04/Jan/2015:05:17:43 +0100] "GET /unternehmen HTTP/1.1" 200 25434 "-" "libwww-perl/6.08"
46.19.33.241 - - [04/Jan/2015:05:17:43 +0100] "GET /luftentfeuchtung/anwendungsbereiche HTTP/1.1" 200 36781 "-" "libwww-perl/6.08"
46.19.33.241 - - [04/Jan/2015:05:17:45 +0100] "GET /partner HTTP/1.1" 200 23420 "-" "libwww-perl/6.08"
46.19.33.241 - - [04/Jan/2015:05:17:45 +0100] "GET /da-250ttp HTTP/1.1" 200 31482 "-" "libwww-perl/6.08"
46.19.33.241 - - [04/Jan/2015:05:17:46 +0100] "GET /luftentfeuchtung/anwendungsbereiche HTTP/1.1" 200 36781 "-" "libwww-perl/6.08"
46.19.33.241 - - [04/Jan/2015:05:17:46 +0100] "GET /adsorp700bis1500 HTTP/1.1" 200 31528 "-" "libwww-perl/6.08"
46.19.33.241 - - [04/Jan/2015:05:17:47 +0100] "GET /adsorp700bis1500 HTTP/1.1" 200 31528 "-" "libwww-perl/6.08"
46.19.33.241 - - [04/Jan/2015:05:17:47 +0100] "GET /kompetenzen HTTP/1.1" 200 25223 "-" "libwww-perl/6.08"
46.19.33.241 - - [04/Jan/2015:05:17:47 +0100] "GET /da-160-da-250 HTTP/1.1" 200 31642 "-" "libwww-perl/6.08"
46.19.33.241 - - [04/Jan/2015:05:17:48 +0100] "GET /disclaimer HTTP/1.1" 200 25530 "-" "libwww-perl/6.08"
94.153.9.175 - - [04/Jan/2015:05:18:01 +0100] "GET / HTTP/1.1" 500 256 "http://golden-praga.ru/" "Mozilla/4.0 (compatible; MSIE 5.5; Windows 98)"
94.153.9.175 - - [04/Jan/2015:05:18:01 +0100] "GET / HTTP/1.1" 500 256 "http://golden-praga.ru/" "Mozilla/4.0 (compatible; MSIE 5.5; Windows 98)"
94.153.9.175 - - [04/Jan/2015:05:18:01 +0100] "GET / HTTP/1.1" 500 256 "http://golden-praga.ru/" "Mozilla/4.0 (compatible; MSIE 5.5; Windows 98)"
141.8.147.20 - - [04/Jan/2015:05:19:32 +0100] "GET /da-160-da-250-2 HTTP/1.1" 200 29494 "-" "Mozilla/5.0 (compatible; YandexBot/3.0; +http://yandex.com/bots)"
188.40.35.97 - - [04/Jan/2015:05:32:47 +0100] "POST /wp-cron.php?doing_wp_cron=1420345967.3084230422973632812500 HTTP/1.0" 200 - "-" "WordPress/4.0.1; http://www.a-und-h.de"
66.249.64.24 - - [04/Jan/2015:05:32:47 +0100] "GET /da-310-da-410-3 HTTP/1.1" 200 32479 "-" "DoCoMo/2.0 N905i(c100;TB;W24H16) (compatible; Googlebot-Mobile/2.1; +http://www.google.com/bot.html)"
95.110.133.118 - - [04/Jan/2015:05:39:30 +0100] "GET /phppath/cgi_wrapper HTTP/1.1" 404 17238 "-" "() { :;}; echo \"Content-Type: text/plain\"; echo; /bin/cat /etc/passwd"
180.76.5.150 - - [04/Jan/2015:05:42:25 +0100] "GET /xmlrpc.php HTTP/1.1" 200 42 "-" "Mozilla/5.0 (compatible; Baiduspider/2.0; +http://www.baidu.com/search/spider.html)"
217.151.51.35 - - [04/Jan/2015:05:49:48 +0100] "GET / HTTP/1.1" 302 - "-" "Mozilla/5.0 (Windows NT 5.1; rv:26.0) Gecko/20100101 Firefox/26.0"
180.76.5.24 - - [04/Jan/2015:05:57:25 +0100] "GET /wp-content/themes/purevision/styles/custom/custom_style.php?ver=3.8.3 HTTP/1.1" 200 4550 "-" "Mozilla/5.0 (compatible; Baiduspider/2.0; +http://www.baidu.com/search/spider.html)"
188.40.35.97 - - [04/Jan/2015:06:08:42 +0100] "POST /wp-cron.php?doing_wp_cron=1420348122.9117920398712158203125 HTTP/1.0" 200 - "-" "WordPress/4.0.1; http://www.a-und-h.de"
188.165.15.152 - - [04/Jan/2015:06:08:42 +0100] "GET /