94.220.92.228 - - [03/Jan/2015:15:32:50 +0100] "GET /wp-content/plugins/cookie-opt-in/css/style.css?ver=4.0.1 HTTP/1.1" 200 2316 "http://www.a-und-h.de/produkte/anlagenbau?gclid=CLnRt6aF-MICFeHKtAodKHAAYQ" "Mozilla/5.0 (Windows NT 6.1; WOW64; Trident/7.0; rv:11.0) like Gecko"
94.220.92.228 - - [03/Jan/2015:15:32:49 +0100] "GET /produkte/anlagenbau?gclid=CLnRt6aF-MICFeHKtAodKHAAYQ HTTP/1.1" 200 26863 "http://www.google.de/aclk?sa=L&ai=CiXIdh_2nVMm3BMTwiwb73IGoC_LY_4cGopuC77AB6tWVjzAIABADKANglaKggrAHyAEBqQKTuYvOPyO0PqoEKE_QxVyUhanGYInDH08NcblDdeeb5JTSOChYXjt5uS_duGF-sBLMmvKAB7rvkyqQBwOoB6a-Gw&sig=AOD64_1bf7wu2CWNsI7HNwyjmg-Dzuf2og&rct=j&q=&ved=0CDcQ0Qw&adurl=http://www.a-und-h.de/produkte/anlagenbau" "Mozilla/5.0 (Windows NT 6.1; WOW64; Trident/7.0; rv:11.0) like Gecko"
94.220.92.228 - - [03/Jan/2015:15:32:50 +0100] "GET /wp-content/plugins/contact-form-7/includes/css/styles.css?ver=4.0.1 HTTP/1.1" 200 1103 "http://www.a-und-h.de/produkte/anlagenbau?gclid=CLnRt6aF-MICFeHKtAodKHAAYQ" "Mozilla/5.0 (Windows NT 6.1; WOW64; Trident/7.0; rv:11.0) like Gecko"
94.220.92.228 - - [03/Jan/2015:15:32:50 +0100] "GET /wp-content/plugins/category-posts/cat-posts.css?ver=4.0.1 HTTP/1.1" 200 833 "http://www.a-und-h.de/produkte/anlagenbau?gclid=CLnRt6aF-MICFeHKtAodKHAAYQ" "Mozilla/5.0 (Windows NT 6.1; WOW64; Trident/7.0; rv:11.0) like Gecko"
94.220.92.228 - - [03/Jan/2015:15:32:50 +0100] "GET /wp-content/themes/purevision/styles/common-css/reset.css?ver=1.0 HTTP/1.1" 200 1004 "http://www.a-und-h.de/produkte/anlagenbau?gclid=CLnRt6aF-MICFeHKtAodKHAAYQ" "Mozilla/5.0 (Windows NT 6.1; WOW64; Trident/7.0; rv:11.0) like Gecko"
94.220.92.228 - - [03/Jan/2015:15:32:50 +0100] "GET /wp-content/plugins/wp-slimbox2/css/slimbox2.css?ver=1.1 HTTP/1.1" 403 328 "http://www.a-und-h.de/produkte/anlagenbau?gclid=CLnRt6aF-MICFeHKtAodKHAAYQ" "Mozilla/5.0 (Windows NT 6.1; WOW64; Trident/7.0; rv:11.0) like Gecko"
94.220.92.228 - - [03/Jan/2015:15:32:50 +0100] "GET /wp-content/themes/purevision/styles/style1/css/text.css?ver=1.0 HTTP/1.1" 200 1819 "http://www.a-und-h.de/produkte/anlagenbau?gclid=CLnRt6aF-MICFeHKtAodKHAAYQ" "Mozilla/5.0 (Windows NT 6.1; WOW64; Trident/7.0; rv:11.0) like Gecko"
94.220.92.228 - - [03/Jan/2015:15:32:50 +0100] "GET /wp-content/themes/purevision/styles/common-css/960.css?ver=1.0 HTTP/1.1" 200 7707 "http://www.a-und-h.de/produkte/anlagenbau?gclid=CLnRt6aF-MICFeHKtAodKHAAYQ" "Mozilla/5.0 (Windows NT 6.1; WOW64; Trident/7.0; rv:11.0) like Gecko"
94.220.92.228 - - [03/Jan/2015:15:32:50 +0100] "GET /wp-content/themes/purevision/scripts/superfish-1.4.8/css/superfish.css?ver=1.0 HTTP/1.1" 200 3275 "http://www.a-und-h.de/produkte/anlagenbau?gclid=CLnRt6aF-MICFeHKtAodKHAAYQ" "Mozilla/5.0 (Windows NT 6.1; WOW64; Trident/7.0; rv:11.0) like Gecko"
94.220.92.228 - - [03/Jan/2015:15:32:50 +0100] "GET /wp-content/themes/purevision/style.css?ver=1.0 HTTP/1.1" 200 885 "http://www.a-und-h.de/produkte/anlagenbau?gclid=CLnRt6aF-MICFeHKtAodKHAAYQ" "Mozilla/5.0 (Windows NT 6.1; WOW64; Trident/7.0; rv:11.0) like Gecko"
94.220.92.228 - - [03/Jan/2015:15:32:50 +0100] "GET /wp-content/plugins/newsletter/subscription/styles/widget-neutral.css HTTP/1.1" 200 1018 "http://www.a-und-h.de/produkte/anlagenbau?gclid=CLnRt6aF-MICFeHKtAodKHAAYQ" "Mozilla/5.0 (Windows NT 6.1; WOW64; Trident/7.0; rv:11.0) like Gecko"
94.220.92.228 - - [03/Jan/2015:15:32:50 +0100] "GET /wp-includes/js/jquery/jquery-migrate.min.js?ver=1.2.1 HTTP/1.1" 200 7200 "http://www.a-und-h.de/produkte/anlagenbau?gclid=CLnRt6aF-MICFeHKtAodKHAAYQ" "Mozilla/5.0 (Windows NT 6.1; WOW64; Trident/7.0; rv:11.0) like Gecko"
94.220.92.228 - - [03/Jan/2015:15:32:50 +0100] "GET /wp-content/plugins/cookie-opt-in/js/cookie-opt-in.js?ver=1 HTTP/1.1" 200 9405 "http://www.a-und-h.de/produkte/anlagenbau?gclid=CLnRt6aF-MICFeHKtAodKHAAYQ" "Mozilla/5.0 (Windows NT 6.1; WOW64; Trident/7.0; rv:11.0) like Gecko"
94.220.92.228 - - [03/Jan/2015:15:32:50 +0100] "GET /wp-content/plugins/snow-storm/snow-storm.js?ver=1.41 HTTP/1.1" 200 9852 "http://www.a-und-h.de/produkte/anlagenbau?gclid=CLnRt6aF-MICFeHKtAodKHAAYQ" "Mozilla/5.0 (Windows NT 6.1; WOW64; Trident/7.0; rv:11.0) like Gecko"
94.220.92.228 - - [03/Jan/2015:15:32:50 +0100] "GET /wp-content/themes/purevision/styles/style1/css/style.css?ver=1.0 HTTP/1.1" 200 72108 "http://www.a-und-h.de/produkte/anlagenbau?gclid=CLnRt6aF-MICFeHKtAodKHAAYQ" "Mozilla/5.0 (Windows NT 6.1; WOW64; Trident/7.0; rv:11.0) like Gecko"
94.220.92.228 - - [03/Jan/2015:15:32:50 +0100] "GET /wp-content/themes/purevision/styles/custom/custom_style.php?ver=4.0.1 HTTP/1.1" 200 4550 "http://www.a-und-h.de/produkte/anlagenbau?gclid=CLnRt6aF-MICFeHKtAodKHAAYQ" "Mozilla/5.0 (Windows NT 6.1; WOW64; Trident/7.0; rv:11.0) like Gecko"
94.220.92.228 - - [03/Jan/2015:15:32:50 +0100] "GET /wp-content/plugins/wp-slimbox2/javascript/slimbox2.js?ver=2.04 HTTP/1.1" 200 3777 "http://www.a-und-h.de/produkte/anlagenbau?gclid=CLnRt6aF-MICFeHKtAodKHAAYQ" "Mozilla/5.0 (Windows NT 6.1; WOW64; Trident/7.0; rv:11.0) like Gecko"
94.220.92.228 - - [03/Jan/2015:15:32:50 +0100] "GET /wp-content/plugins/wp-slimbox2/javascript/slimbox2_autoload.js?ver=1.0.4b HTTP/1.1" 200 3027 "http://www.a-und-h.de/produkte/anlagenbau?gclid=CLnRt6aF-MICFeHKtAodKHAAYQ" "Mozilla/5.0 (Windows NT 6.1; WOW64; Trident/7.0; rv:11.0) like Gecko"
94.220.92.228 - - [03/Jan/2015:15:32:50 +0100] "GET /wp-content/themes/purevision/scripts/superfish-1.4.8/js/superfish.combined.js?ver=1.0.0 HTTP/1.1" 200 5387 "http://www.a-und-h.de/produkte/anlagenbau?gclid=CLnRt6aF-MICFeHKtAodKHAAYQ" "Mozilla/5.0 (Windows NT 6.1; WOW64; Trident/7.0; rv:11.0) like Gecko"
94.220.92.228 - - [03/Jan/2015:15:32:50 +0100] "GET /wp-includes/js/jquery/jquery.js?ver=1.11.1 HTTP/1.1" 200 95807 "http://www.a-und-h.de/produkte/anlagenbau?gclid=CLnRt6aF-MICFeHKtAodKHAAYQ" "Mozilla/5.0 (Windows NT 6.1; WOW64; Trident/7.0; rv:11.0) like Gecko"
94.220.92.228 - - [03/Jan/2015:15:32:51 +0100] "GET /wp-content/themes/purevision/scripts/script.js?ver=1.0 HTTP/1.1" 200 7495 "http://www.a-und-h.de/produkte/anlagenbau?gclid=CLnRt6aF-MICFeHKtAodKHAAYQ" "Mozilla/5.0 (Windows NT 6.1; WOW64; Trident/7.0; rv:11.0) like Gecko"
94.220.92.228 - - [03/Jan/2015:15:32:51 +0100] "GET /wp-content/plugins/cookie-opt-in/js/cookie-opt-in-if.js?ver=1 HTTP/1.1" 200 1119 "http://www.a-und-h.de/produkte/anlagenbau?gclid=CLnRt6aF-MICFeHKtAodKHAAYQ" "Mozilla/5.0 (Windows NT 6.1; WOW64; Trident/7.0; rv:11.0) like Gecko"
94.220.92.228 - - [03/Jan/2015:15:32:51 +0100] "GET /wp-includes/js/comment-reply.min.js?ver=4.0.1 HTTP/1.1" 200 757 "http://www.a-und-h.de/produkte/anlagenbau?gclid=CLnRt6aF-MICFeHKtAodKHAAYQ" "Mozilla/5.0 (Windows NT 6.1; WOW64; Trident/7.0; rv:11.0) like Gecko"
94.220.92.228 - - [03/Jan/2015:15:32:51 +0100] "GET /wp-content/plugins/contact-form-7/includes/js/scripts.js?ver=4.0.1 HTTP/1.1" 200 9658 "http://www.a-und-h.de/produkte/anlagenbau?gclid=CLnRt6aF-MICFeHKtAodKHAAYQ" "Mozilla/5.0 (Windows NT 6.1; WOW64; Trident/7.0; rv:11.0) like Gecko"
94.220.92.228 - - [03/Jan/2015:15:32:51 +0100] "GET /wp-content/plugins/polylang/flags/en_US.png HTTP/1.1" 200 599 "http://www.a-und-h.de/produkte/anlagenbau?gclid=CLnRt6aF-MICFeHKtAodKHAAYQ" "Mozilla/5.0 (Windows NT 6.1; WOW64; Trident/7.0; rv:11.0) like Gecko"
94.220.92.228 - - [03/Jan/2015:15:32:51 +0100] "GET /wp-content/plugins/polylang/flags/de_DE.png HTTP/1.1" 200 545 "http://www.a-und-h.de/produkte/anlagenbau?gclid=CLnRt6aF-MICFeHKtAodKHAAYQ" "Mozilla/5.0 (Windows NT 6.1; WOW64; Trident/7.0; rv:11.0) like Gecko"
94.220.92.228 - - [03/Jan/2015:15:32:51 +0100] "GET /wp-content/themes/purevision/styles/style1/images/menu-active-btn_l.png HTTP/1.1" 200 754 "http://www.a-und-h.de/produkte/anlagenbau?gclid=CLnRt6aF-MICFeHKtAodKHAAYQ" "Mozilla/5.0 (Windows NT 6.1; WOW64; Trident/7.0; rv:11.0) like Gecko"
94.220.92.228 - - [03/Jan/2015:15:32:51 +0100] "GET /wp-content/themes/purevision/styles/style1/images/menu-active-btn_r.png HTTP/1.1" 200 967 "http://www.a-und-h.de/produkte/anlagenbau?gclid=CLnRt6aF-MICFeHKtAodKHAAYQ" "Mozilla/5.0 (Windows NT 6.1; WOW64; Trident/7.0; rv:11.0) like Gecko"
94.220.92.228 - - [03/Jan/2015:15:32:51 +0100] "GET /wp-content/plugins/contact-form-7/includes/js/jquery.form.min.js?ver=3.51.0-2014.06.20 HTTP/1.1" 200 15248 "http://www.a-und-h.de/produkte/anlagenbau?gclid=CLnRt6aF-MICFeHKtAodKHAAYQ" "Mozilla/5.0 (Windows NT 6.1; WOW64; Trident/7.0; rv:11.0) like Gecko"
94.220.92.228 - - [03/Jan/2015:15:32:51 +0100] "GET /wp-content/plugins/wp-table-reloaded/css/plugin.css?ver=1.9.4 HTTP/1.1" 200 980 "http://www.a-und-h.de/produkte/anlagenbau?gclid=CLnRt6aF-MICFeHKtAodKHAAYQ" "Mozilla/5.0 (Windows NT 6.1; WOW64; Trident/7.0; rv:11.0) like Gecko"
94.220.92.228 - - [03/Jan/2015:15:32:51 +0100] "GET /wp-content/plugins/wp-table-reloaded/css/datatables.css?ver=1.9.4 HTTP/1.1" 200 2329 "http://www.a-und-h.de/produkte/anlagenbau?gclid=CLnRt6aF-MICFeHKtAodKHAAYQ" "Mozilla/5.0 (Windows NT 6.1; WOW64; Trident/7.0; rv:11.0) like Gecko"
94.220.92.228 - - [03/Jan/2015:15:32:51 +0100] "GET /wp-content/themes/purevision/styles/style1/images/menu-active-with-arrow-btn_r.png HTTP/1.1" 200 318 "http://www.a-und-h.de/produkte/anlagenbau?gclid=CLnRt6aF-MICFeHKtAodKHAAYQ" "Mozilla/5.0 (Windows NT 6.1; WOW64; Trident/7.0; rv:11.0) like Gecko"
94.220.92.228 - - [03/Jan/2015:15:32:51 +0100] "GET /wp-content/themes/purevision/styles/style1/images/menu-btn_l.png HTTP/1.1" 200 767 "http://www.a-und-h.de/produkte/anlagenbau?gclid=CLnRt6aF-MICFeHKtAodKHAAYQ" "Mozilla/5.0 (Windows NT 6.1; WOW64; Trident/7.0; rv:11.0) like Gecko"
94.220.92.228 - - [03/Jan/2015:15:32:51 +0100] "GET /wp-content/themes/purevision/styles/style1/images/menu-btn_r.png HTTP/1.1" 200 670 "http://www.a-und-h.de/produkte/anlagenbau?gclid=CLnRt6aF-MICFeHKtAodKHAAYQ" "Mozilla/5.0 (Windows NT 6.1; WOW64; Trident/7.0; rv:11.0) like Gecko"
94.220.92.228 - - [03/Jan/2015:15:32:51 +0100] "GET /wp-content/themes/purevision/styles/style1/images/menu-with-arrow-btn_r.png HTTP/1.1" 200 322 "http://www.a-und-h.de/produkte/anlagenbau?gclid=CLnRt6aF-MICFeHKtAodKHAAYQ" "Mozilla/5.0 (Windows NT 6.1; WOW64; Trident/7.0; rv:11.0) like Gecko"
94.220.92.228 - - [03/Jan/2015:15:32:51 +0100] "GET /wp-content/themes/purevision/scripts/superfish-1.4.8/images/auto-arrows.png HTTP/1.1" 200 295 "http://www.a-und-h.de/produkte/anlagenbau?gclid=CLnRt6aF-MICFeHKtAodKHAAYQ" "Mozilla/5.0 (Windows NT 6.1; WOW64; Trident/7.0; rv:11.0) like Gecko"
94.220.92.228 - - [03/Jan/2015:15:32:51 +0100] "GET /wp-content/themes/purevision/styles/style1/images/searchbox.png HTTP/1.1" 200 2646 "http://www.a-und-h.de/produkte/anlagenbau?gclid=CLnRt6aF-MICFeHKtAodKHAAYQ" "Mozilla/5.0 (Windows NT 6.1; WOW64; Trident/7.0; rv:11.0) like Gecko"
94.220.92.228 - - [03/Jan/2015:15:32:51 +0100] "GET /wp-content/themes/purevision/scripts/superfish-1.4.8/images/sf-menu-bg.png HTTP/1.1" 200 1869 "http://www.a-und-h.de/produkte/anlagenbau?gclid=CLnRt6aF-MICFeHKtAodKHAAYQ" "Mozilla/5.0 (Windows NT 6.1; WOW64; Trident/7.0; rv:11.0) like Gecko"
94.220.92.228 - - [03/Jan/2015:15:32:51 +0100] "GET /wp-content/themes/purevision/styles/style1/images/feedback-btn.png HTTP/1.1" 200 2384 "http://www.a-und-h.de/produkte/anlagenbau?gclid=CLnRt6aF-MICFeHKtAodKHAAYQ" "Mozilla/5.0 (Windows NT 6.1; WOW64; Trident/7.0; rv:11.0) like Gecko"
94.220.92.228 - - [03/Jan/2015:15:32:51 +0100] "GET /wp-content/uploads/2012/03/a_und_h_logo.jpg HTTP/1.1" 301 348 "http://www.a-und-h.de/produkte/anlagenbau?gclid=CLnRt6aF-MICFeHKtAodKHAAYQ" "Mozilla/5.0 (Windows NT 6.1; WOW64; Trident/7.0; rv:11.0) like Gecko"
94.220.92.228 - - [03/Jan/2015:15:32:51 +0100] "GET /wp-content/uploads/2012/03/background3.png HTTP/1.1" 301 347 "http://www.a-und-h.de/produkte/anlagenbau?gclid=CLnRt6aF-MICFeHKtAodKHAAYQ" "Mozilla/5.0 (Windows NT 6.1; WOW64; Trident/7.0; rv:11.0) like Gecko"
94.220.92.228 - - [03/Jan/2015:15:32:51 +0100] "GET /wp-content/uploads/2014/10/Luftentfeuchtungsanlage-Anlagenbau-300x267.jpg HTTP/1.1" 200 13934 "http://www.a-und-h.de/produkte/anlagenbau?gclid=CLnRt6aF-MICFeHKtAodKHAAYQ" "Mozilla/5.0 (Windows NT 6.1; WOW64; Trident/7.0; rv:11.0) like Gecko"
94.220.92.228 - - [03/Jan/2015:15:32:51 +0100] "GET /piwik/piwik.js HTTP/1.1" 200 18716 "http://www.a-und-h.de/produkte/anlagenbau?gclid=CLnRt6aF-MICFeHKtAodKHAAYQ" "Mozilla/5.0 (Windows NT 6.1; WOW64; Trident/7.0; rv:11.0) like Gecko"
94.220.92.228 - - [03/Jan/2015:15:32:51 +0100] "GET /wp-content/themes/purevision/styles/style1/images/double-arrow.png HTTP/1.1" 200 197 "http://www.a-und-h.de/produkte/anlagenbau?gclid=CLnRt6aF-MICFeHKtAodKHAAYQ" "Mozilla/5.0 (Windows NT 6.1; WOW64; Trident/7.0; rv:11.0) like Gecko"
94.220.92.228 - - [03/Jan/2015:15:32:51 +0100] "GET /wp-content/uploads/2014/10/Anlagenbau-Banner-1024x266.jpg HTTP/1.1" 200 26280 "http://www.a-und-h.de/produkte/anlagenbau?gclid=CLnRt6aF-MICFeHKtAodKHAAYQ" "Mozilla/5.0 (Windows NT 6.1; WOW64; Trident/7.0; rv:11.0) like Gecko"
94.220.92.228 - - [03/Jan/2015:15:32:51 +0100] "GET /wp-content/uploads/2012/03/a_und_h_logo.jpg HTTP/1.1" 200 5378 "http://www.a-und-h.de/produkte/anlagenbau?gclid=CLnRt6aF-MICFeHKtAodKHAAYQ" "Mozilla/5.0 (Windows NT 6.1; WOW64; Trident/7.0; rv:11.0) like Gecko"
94.220.92.228 - - [03/Jan/2015:15:32:51 +0100] "GET /wp-content/uploads/2012/03/background3.png HTTP/1.1" 200 6997 "http://www.a-und-h.de/produkte/anlagenbau?gclid=CLnRt6aF-MICFeHKtAodKHAAYQ" "Mozilla/5.0 (Windows NT 6.1; WOW64; Trident/7.0; rv:11.0) like Gecko"
94.220.92.228 - - [03/Jan/2015:15:32:51 +0100] "GET /wp-content/uploads/facebook.png HTTP/1.1" 200 807 "http://www.a-und-h.de/produkte/anlagenbau?gclid=CLnRt6aF-MICFeHKtAodKHAAYQ" "Mozilla/5.0 (Windows NT 6.1; WOW64; Trident/7.0; rv:11.0) like Gecko"
94.220.92.228 - - [03/Jan/2015:15:32:51 +0100] "GET /piwik/piwik.php?action_name=Anlagenbau%20%7C%20A%2BH%20Adsorp&idsite=1&rec=1&r=645388&h=15&m=32&s=53&url=http%3A%2F%2Fwww.a-und-h.de%2Fprodukte%2Fanlagenbau%3Fgclid%3DCLnRt6aF-MICFeHKtAodKHAAYQ&urlref=http%3A%2F%2Fwww.google.de%2Faclk%3Fsa%3DL%26ai%3DCiXIdh_2nVMm3BMTwiwb73IGoC_LY_4cGopuC77AB6tWVjzAIABADKANglaKggrAHyAEBqQKTuYvOPyO0PqoEKE_QxVyUhanGYInDH08NcblDdeeb5JTSOChYXjt5uS_duGF-sBLMmvKAB7rvkyqQBwOoB6a-Gw%26sig%3DAOD64_1bf7wu2CWNsI7HNwyjmg-Dzuf2og%26rct%3Dj%26q%3D%26ved%3D0CDcQ0Qw%26adurl%3Dhttp%3A%2F%2Fwww.a-und-h.de%2Fprodukte%2Fanlagenbau&_id=1e5cdc778f976150&_idts=1420295574&_idvc=1&_idn=1&_refts=1420295574&_viewts=1420295574&_ref=http%3A%2F%2Fwww.google.de%2Faclk%3Fsa%3DL%26ai%3DCiXIdh_2nVMm3BMTwiwb73IGoC_LY_4cGopuC77AB6tWVjzAIABADKANglaKggrAHyAEBqQKTuYvOPyO0PqoEKE_QxVyUhanGYInDH08NcblDdeeb5JTSOChYXjt5uS_duGF-sBLMmvKAB7rvkyqQBwOoB6a-Gw%26sig%3DAOD64_1bf7wu2CWNsI7HNwyjmg-Dzuf2og%26rct%3Dj%26q%3D%26ved%3D0CDcQ0Qw%26adurl%3Dhttp%3A%2F%2Fwww.a-und-h.de%2Fprodukte%2Fanlagenbau&pdf=0&qt=0&realp=0&wma=0&dir=0&fla=1&java=1&gears=0&ag=1&res=1344x840&cookie=1 HTTP/1.1" 403 296 "http://www.a-und-h.de/produkte/anlagenbau?gclid=CLnRt6aF-MICFeHKtAodKHAAYQ" "Mozilla/5.0 (Windows NT 6.1; WOW64; Trident/7.0; rv:11.0) like Gecko"
94.220.92.228 - - [03/Jan/2015:15:32:51 +0100] "GET /wp-content/uploads/2014/10/Luftentfeuchtungssystem-300x250.jpg HTTP/1.1" 200 15242 "http://www.a-und-h.de/produkte/anlagenbau?gclid=CLnRt6aF-MICFeHKtAodKHAAYQ" "Mozilla/5.0 (Windows NT 6.1; WOW64; Trident/7.0; rv:11.0) like Gecko"
94.220.92.228 - - [03/Jan/2015:15:32:51 +0100] "GET /wp-content/uploads/2014/10/Luftentfeuchtungsanlage-300x178.jpg HTTP/1.1" 200 13777 "http://www.a-und-h.de/produkte/anlagenbau?gclid=CLnRt6aF-MICFeHKtAodKHAAYQ" "Mozilla/5.0 (Windows NT 6.1; WOW64; Trident/7.0; rv:11.0) like Gecko"
94.220.92.228 - - [03/Jan/2015:15:32:51 +0100] "GET /wp-content/uploads/twitter.png HTTP/1.1" 200 1258 "http://www.a-und-h.de/produkte/anlagenbau?gclid=CLnRt6aF-MICFeHKtAodKHAAYQ" "Mozilla/5.0 (Windows NT 6.1; WOW64; Trident/7.0; rv:11.0) like Gecko"
94.220.92.228 - - [03/Jan/2015:15:32:51 +0100] "GET /wp-content/uploads/xing.png HTTP/1.1" 200 1343 "http://www.a-und-h.de/produkte/anlagenbau?gclid=CLnRt6aF-MICFeHKtAodKHAAYQ" "Mozilla/5.0 (Windows NT 6.1; WOW64; Trident/7.0; rv:11.0) like Gecko"
94.220.92.228 - - [03/Jan/2015:15:32:51 +0100] "GET /wp-content/uploads/google.png HTTP/1.1" 200 1718 "http://www.a-und-h.de/produkte/anlagenbau?gclid=CLnRt6aF-MICFeHKtAodKHAAYQ" "Mozilla/5.0 (Windows NT 6.1; WOW64; Trident/7.0; rv:11.0) like Gecko"
94.220.92.228 - - [03/Jan/2015:15:32:52 +0100] "GET /favicon.ico HTTP/1.1" 200 1406 "-" "Mozilla/5.0 (Windows NT 6.1; Win64; x64; Trident/7.0; rv:11.0) like Gecko"
94.220.92.228 - - [03/Jan/2015:15:32:51 +0100] "GET /produkte/www.a-und-h.de/favicon.ico HTTP/1.1" 404 17254 "-" "Mozilla/5.0 (Windows NT 6.1; Win64; x64; Trident/7.0; rv:11.0) like Gecko"
83.233.207.74 - - [03/Jan/2015:15:40:05 +0100] "GET / HTTP/1.1" 301 305 "-" "Mozilla/4.0 (CMS Crawler: http://www.cmscrawler.com)"
188.40.35.97 - - [03/Jan/2015:15:40:05 +0100] "POST /wp-cron.php?doing_wp_cron=1420296005.9960899353027343750000 HTTP/1.0" 200 - "-" "WordPress/4.0.1; http://www.a-und-h.de"
83.233.207.74 - - [03/Jan/2015:15:40:05 +0100] "GET / HTTP/1.1" 302 - "-" "Mozilla/4.0 (CMS Crawler: http://www.cmscrawler.com)"
83.233.207.74 - - [03/Jan/2015:15:40:07 +0100] "GET /de/ HTTP/1.1" 200 26581 "-" "Mozilla/4.0 (CMS Crawler: http://www.cmscrawler.com)"
84.135.42.54 - - [03/Jan/2015:15:57:06 +0100] "GET /wp-content/uploads/2012/03/MSR-Symbole+Kennbuchstaben.pdf HTTP/1.1" 200 511716 "http://www.google.de/url?sa=t&rct=j&q=&esrc=s&source=web&cd=1&cad=rja&uact=8&ved=0CCMQFjAA&url=http%3A%2F%2Fwww.a-und-h.de%2Fwp-content%2Fuploads%2F2012%2F03%2FMSR-Symbole%2BKennbuchstaben.pdf&ei=NgOoVNmlG8LDOcuFgZgC&usg=AFQjCNH7QqWx-Vo33Ud7shqvy2hMX1jkSw&bvm=bv.82001339,d.ZWU" "Mozilla/5.0 (Windows NT 6.3; WOW64; rv:34.0) Gecko/20100101 Firefox/34.0"
84.135.42.54 - - [03/Jan/2015:15:57:09 +0100] "GET /favicon.ico HTTP/1.1" 200 1406 "-" "Mozilla/5.0 (Windows NT 6.3; WOW64; rv:34.0) Gecko/20100101 Firefox/34.0"
84.135.42.54 - - [03/Jan/2015:15:57:09 +0100] "GET /wp-content/uploads/2012/03/MSR-Symbole+Kennbuchstaben.pdf HTTP/1.1" 206 52964 "http://www.google.de/url?sa=t&rct=j&q=&esrc=s&source=web&cd=1&cad=rja&uact=8&ved=0CCMQFjAA&url=http%3A%2F%2Fwww.a-und-h.de%2Fwp-content%2Fuploads%2F2012%2F03%2FMSR-Symbole%2BKennbuchstaben.pdf&ei=NgOoVNmlG8LDOcuFgZgC&usg=AFQjCNH7QqWx-Vo33Ud7shqvy2hMX1jkSw&bvm=bv.82001339,d.ZWU" "Mozilla/5.0 (Windows NT 6.3; WOW64; rv:34.0) Gecko/20100101 Firefox/34.0"
84.135.42.54 - - [03/Jan/2015:15:57:10 +0100] "GET /wp-content/uploads/2012/03/MSR-Symbole+Kennbuchstaben.pdf HTTP/1.1" 206 65536 "http://www.google.de/url?sa=t&rct=j&q=&esrc=s&source=web&cd=1&cad=rja&uact=8&ved=0CCMQFjAA&url=http%3A%2F%2Fwww.a-und-h.de%2Fwp-content%2Fuploads%2F2012%2F03%2FMSR-Symbole%2BKennbuchstaben.pdf&ei=NgOoVNmlG8LDOcuFgZgC&usg=AFQjCNH7QqWx-Vo33Ud7shqvy2hMX1jkSw&bvm=bv.82001339,d.ZWU" "Mozilla/5.0 (Windows NT 6.3; WOW64; rv:34.0) Gecko/20100101 Firefox/34.0"
84.135.42.54 - - [03/Jan/2015:15:57:10 +0100] "GET /wp-content/uploads/2012/03/MSR-Symbole+Kennbuchstaben.pdf HTTP/1.1" 206 65536 "http://www.google.de/url?sa=t&rct=j&q=&esrc=s&source=web&cd=1&cad=rja&uact=8&ved=0CCMQFjAA&url=http%3A%2F%2Fwww.a-und-h.de%2Fwp-content%2Fuploads%2F2012%2F03%2FMSR-Symbole%2BKennbuchstaben.pdf&ei=NgOoVNmlG8LDOcuFgZgC&usg=AFQjCNH7QqWx-Vo33Ud7shqvy2hMX1jkSw&bvm=bv.82001339,d.ZWU" "Mozilla/5.0 (Windows NT 6.3; WOW64; rv:34.0) Gecko/20100101 Firefox/34.0"
84.135.42.54 - - [03/Jan/2015:15:57:11 +0100] "GET /wp-content/uploads/2012/03/MSR-Symbole+Kennbuchstaben.pdf HTTP/1.1" 206 65536 "http://www.google.de/url?sa=t&rct=j&q=&esrc=s&source=web&cd=1&cad=rja&uact=8&ved=0CCMQFjAA&url=http%3A%2F%2Fwww.a-und-h.de%2Fwp-content%2Fuploads%2F2012%2F03%2FMSR-Symbole%2BKennbuchstaben.pdf&ei=NgOoVNmlG8LDOcuFgZgC&usg=AFQjCNH7QqWx-Vo33Ud7shqvy2hMX1jkSw&bvm=bv.82001339,d.ZWU" "Mozilla/5.0 (Windows NT 6.3; WOW64; rv:34.0) Gecko/20100101 Firefox/34.0"
84.135.42.54 - - [03/Jan/2015:15:57:11 +0100] "GET /wp-content/uploads/2012/03/MSR-Symbole+Kennbuchstaben.pdf HTTP/1.1" 206 65536 "http://www.google.de/url?sa=t&rct=j&q=&esrc=s&source=web&cd=1&cad=rja&uact=8&ved=0CCMQFjAA&url=http%3A%2F%2Fwww.a-und-h.de%2Fwp-content%2Fuploads%2F2012%2F03%2FMSR-Symbole%2BKennbuchstaben.pdf&ei=NgOoVNmlG8LDOcuFgZgC&usg=AFQjCNH7QqWx-Vo33Ud7shqvy2hMX1jkSw&bvm=bv.82001339,d.ZWU" "Mozilla/5.0 (Windows NT 6.3; WOW64; rv:34.0) Gecko/20100101 Firefox/34.0"
84.135.42.54 - - [03/Jan/2015:15:57:13 +0100] "GET /wp-content/uploads/2012/03/MSR-Symbole+Kennbuchstaben.pdf HTTP/1.1" 206 65536 "http://www.google.de/url?sa=t&rct=j&q=&esrc=s&source=web&cd=1&cad=rja&uact=8&ved=0CCMQFjAA&url=http%3A%2F%2Fwww.a-und-h.de%2Fwp-content%2Fuploads%2F2012%2F03%2FMSR-Symbole%2BKennbuchstaben.pdf&ei=NgOoVNmlG8LDOcuFgZgC&usg=AFQjCNH7QqWx-Vo33Ud7shqvy2hMX1jkSw&bvm=bv.82001339,d.ZWU" "Mozilla/5.0 (Windows NT 6.3; WOW64; rv:34.0) Gecko/20100101 Firefox/34.0"
144.76.29.162 - - [03/Jan/2015:15:58:44 +0100] "GET /robots.txt HTTP/1.0" 200 35 "-" "Mozilla/5.0 (compatible; MJ12bot/v1.4.5; http://www.majestic12.co.uk/bot.php?+)"
188.40.35.97 - - [03/Jan/2015:15:58:44 +0100] "POST /wp-cron.php?doing_wp_cron=1420297124.9301309585571289062500 HTTP/1.0" 200 - "-" "WordPress/4.0.1; http://www.a-und-h.de"
144.76.29.162 - - [03/Jan/2015:15:58:59 +0100] "GET / HTTP/1.0" 302 - "-" "Mozilla/5.0 (compatible; MJ12bot/v1.4.5; http://www.majestic12.co.uk/bot.php?+)"
144.76.29.162 - - [03/Jan/2015:15:59:07 +0100] "GET /de/ HTTP/1.0" 200 26581 "-" "Mozilla/5.0 (compatible; MJ12bot/v1.4.5; http://www.majestic12.co.uk/bot.php?+)"
66.249.64.24 - - [03/Jan/2015:16:04:08 +0100] "GET /wp-content/themes/purevision/sliders/slider_de/piecemaker.swf?random_number=3520 HTTP/1.1" 200 208139 "-" "Mozilla/5.0 (iPhone; CPU iPhone OS 6_0 like Mac OS X) AppleWebKit/536.26 (KHTML, like Gecko) Version/6.0 Mobile/10A5376e Safari/8536.25 (compatible; Googlebot/2.1; +http://www.google.com/bot.html)"
66.249.64.20 - - [03/Jan/2015:16:11:26 +0100] "GET /wp-content/themes/purevision/sliders/slider_en/piecemaker.swf?random_number=3704 HTTP/1.1" 200 208139 "-" "Mozilla/5.0 (iPhone; CPU iPhone OS 6_0 like Mac OS X) AppleWebKit/536.26 (KHTML, like Gecko) Version/6.0 Mobile/10A5376e Safari/8536.25 (compatible; Googlebot/2.1; +http://www.google.com/bot.html)"
66.249.64.24 - - [03/Jan/2015:16:12:58 +0100] "GET /wp-content/themes/purevision/sliders/slider_en/piecemaker.swf?random_number=3704 HTTP/1.1" 200 208139 "-" "Mozilla/5.0 (compatible; Googlebot/2.1; +http://www.google.com/bot.html)"
66.249.64.20 - - [03/Jan/2015:16:15:43 +0100] "GET /wp-content/uploads/2012/03/MSR-Symbole+Kennbuchstaben.pdf HTTP/1.1" 304 - "-" "Mozilla/5.0 (compatible; Googlebot/2.1; +http://www.google.com/bot.html)"
136.243.5.87 - - [03/Jan/2015:16:17:43 +0100] "GET /robots.txt HTTP/1.0" 200 35 "-" "Mozilla/5.0 (compatible; MJ12bot/v1.4.5; http://www.majestic12.co.uk/bot.php?+)"
136.243.5.87 - - [03/Jan/2015:16:17:47 +0100] "GET /%D0%BF%D1%80%D0%BE%D0%B4%D1%83%D0%BA%D1%82%D1%8B/%D1%81%D1%82%D0%B0%D0%BD%D0%B4%D0%B0%D1%80%D1%82%D0%BD%D1%8B%D0%B5-%D0%BE%D1%81%D1%83%D1%88%D0%B8%D1%82%D0%B5%D0%BB%D0%B8 HTTP/1.0" 200 44670 "-" "Mozilla/5.0 (compatible; MJ12bot/v1.4.5; http://www.majestic12.co.uk/bot.php?+)"
188.40.35.97 - - [03/Jan/2015:16:17:43 +0100] "POST /wp-cron.php?doing_wp_cron=1420298263.3743720054626464843750 HTTP/1.0" 200 - "-" "WordPress/4.0.1; http://www.a-und-h.de"
188.40.35.97 - - [03/Jan/2015:16:21:49 +0100] "POST /wp-cron.php?doing_wp_cron=1420298509.1180889606475830078125 HTTP/1.0" 200 - "-" "WordPress/4.0.1; http://www.a-und-h.de"
141.8.147.20 - - [03/Jan/2015:16:21:48 +0100] "GET /products/standard-devices-2 HTTP/1.1" 200 29074 "-" "Mozilla/5.0 (compatible; YandexBot/3.0; +http://yandex.com/bots)"
188.40.35.97 - - [03/Jan/2015:16:27:43 +0100] "POST /wp-cron.php?doing_wp_cron=1420298863.7521190643310546875000 HTTP/1.0" 200 - "-" "WordPress/4.0.1; http://www.a-und-h.de"
82.94.254.53 - - [03/Jan/2015:16:27:43 +0100] "GET / HTTP/1.1" 302 - "http://13296.exportpages.nl/" "Mozilla/4.0 (compatible; Vagabondo/4.0; webcrawler at wise-guys dot nl; http://webagent.wise-guys.nl/; http://www.wise-guys.nl/)"
82.94.254.53 - - [03/Jan/2015:16:27:44 +0100] "GET /de/ HTTP/1.1" 200 26581 "http://13296.exportpages.nl/" "Mozilla/4.0 (compatible; Vagabondo/4.0; webcrawler at wise-guys dot nl; http://webagent.wise-guys.nl/; http://www.wise-guys.nl/)"
180.76.5.190 - - [03/Jan/2015:16:33:46 +0100] "GET /wp-content/plugins/wp-slimbox2/css/slimbox2.css?ver=1.1 HTTP/1.1" 200 917 "-" "Mozilla/5.0 (compatible; Baiduspider/2.0; +http://www.baidu.com/search/spider.html)"
79.254.112.207 - - [03/Jan/2015:16:37:22 +0100] "GET /wp-content/uploads/2012/03/MSR-Symbole+Kennbuchstaben.pdf HTTP/1.1" 200 511716 "http://www.google.de/url?sa=t&rct=j&q=&esrc=s&source=web&cd=1&ved=0CCEQFjAA&url=http%3A%2F%2Fwww.a-und-h.de%2Fwp-content%2Fuploads%2F2012%2F03%2FMSR-Symbole%2BKennbuchstaben.pdf&ei=qgyoVJfoBYzcaqrngZAG&usg=AFQjCNH7QqWx-Vo33Ud7shqvy2hMX1jkSw&bvm=bv.82001339,d.d2s" "Mozilla/5.0 (Windows NT 6.1; WOW64; Trident/7.0; rv:11.0) like Gecko"
142.54.178.210 - - [03/Jan/2015:16:38:40 +0100] "PUT //autoshell.txt HTTP/1.1" 301 318 "http://a-und-h.de//autoshell.txt" "-"
198.36.86.81 - - [03/Jan/2015:17:04:23 +0100] "GET /wp-content/uploads/2012/03/AZO-GROUP-Balken-RGB-20.09.2013-300x118.png HTTP/1.1" 403 351 "-" "Mozilla/4.0 (compatible;)"
188.40.35.97 - - [03/Jan/2015:17:08:04 +0100] "POST /wp-cron.php?doing_wp_cron=1420301284.6878819465637207031250 HTTP/1.0" 200 - "-" "WordPress/4.0.1; http://www.a-und-h.de"
94.153.9.175 - - [03/Jan/2015:17:08:04 +0100] "GET / HTTP/1.1" 302 - "http://game-score.ru/rating/" "Mozilla/4.0 (compatible; MSIE 6.0; Windows NT 5.1; en) Opera 8.00"
94.153.9.175 - - [03/Jan/2015:17:08:05 +0100] "GET / HTTP/1.1" 302 - "http://game-score.ru/rating/" "Mozilla/4.0 (compatible; MSIE 6.0; Windows NT 5.1; en) Opera 8.00"
94.153.9.175 - - [03/Jan/2015:17:08:06 +0100] "GET / HTTP/1.1" 302 - "http://game-score.ru/rating/" "Mozilla/4.0 (compatible; MSIE 6.0; Windows NT 5.1; en) Opera 8.00"
188.40.35.97 - - [03/Jan/2015:17:22:10 +0100] "POST /wp-cron.php?doing_wp_cron=1420302130.7274389266967773437500 HTTP/1.0" 200 - "-" "WordPress/4.0.1; http://www.a-und-h.de"
136.243.5.219 - - [03/Jan/2015:17:22:10 +0100] "GET /robots.txt HTTP/1.0" 200 35 "-" "Mozilla/5.0 (compatible; MJ12bot/v1.4.5; http://www.majestic12.co.uk/bot.php?+)"
136.243.5.219 - - [03/Jan/2015:17:22:14 +0100] "GET /%D0%B8%D0%BC%D0%BF%D1%80%D0%B5%D1%81%D1%81%D1%83%D0%BC HTTP/1.0" 200 22821 "-" "Mozilla/5.0 (compatible; MJ12bot/v1.4.5; http://www.majestic12.co.uk/bot.php?+)"
136.243.5.219 - - [03/Jan/2015:17:22:18 +0100] "GET /%D0%BA%D0%BE%D0%BC%D0%BF%D0%B0%D0%BD%D0%B8%D0%B8 HTTP/1.0" 200 25380 "-" "Mozilla/5.0 (compatible; MJ12bot/v1.4.5; http://www.majestic12.co.uk/bot.php?+)"
136.243.5.219 - - [03/Jan/2015:17:22:21 +0100] "GET /%D0%BA%D0%BE%D0%BC%D0%BF%D0%B0%D0%BD%D0%B8%D0%B8/%D0%BA%D0%B0%D1%80%D1%8C%D0%B5%D1%80%D0%B0 HTTP/1.0" 200 22945 "-" "Mozilla/5.0 (compatible; MJ12bot/v1.4.5; http://www.majestic12.co.uk/bot.php?+)"
136.243.5.219 - - [03/Jan/2015:17:22:23 +0100] "GET /%D0%BA%D0%BE%D0%BC%D0%BF%D0%B0%D0%BD%D0%B8%D0%B8/%D0%BD%D0%B0%D1%88%D0%B8-%D0%BA%D0%BB%D0%B8%D0%B5%D0%BD%D1%82%D1%8B HTTP/1.0" 200 22419 "-" "Mozilla/5.0 (compatible; MJ12bot/v1.4.5; http://www.majestic12.co.uk/bot.php?+)"
136.243.5.219 - - [03/Jan/2015:17:22:27 +0100] "GET /%D0%BA%D0%BE%D0%BC%D0%BF%D0%B5%D1%82%D0%B5%D0%BD%D1%86%D0%B8%D0%B8 HTTP/1.0" 200 25813 "-" "Mozilla/5.0 (compatible; MJ12bot/v1.4.5; http://www.majestic12.co.uk/bot.php?+)"
136.243.5.219 - - [03/Jan/2015:17:22:29 +0100] "GET /%D0%BE%D1%81%D1%83%D1%88%D0%B5%D0%BD%D0%B8%D0%B5-%D0%B2%D0%BE%D0%B7%D0%B4%D1%83%D1%85%D0%B0 HTTP/1.0" 200 24007 "-" "Mozilla/5.0 (compatible; MJ12bot/v1.4.5; http://www.majestic12.co.uk/bot.php?+)"
136.243.5.219 - - [03/Jan/2015:17:22:31 +0100] "GET /%D0%BE%D1%81%D1%83%D1%88%D0%B5%D0%BD%D0%B8%D0%B5-%D0%B2%D0%BE%D0%B7%D0%B4%D1%83%D1%85%D0%B0/%D0%BE%D0%B1%D0%BB%D0%B0%D1%81%D1%82%D1%8C-%D0%BF%D1%80%D0%B8%D0%BC%D0%B5%D0%BD%D0%B5%D0%BD%D0%B8%D1%8F HTTP/1.0" 200 23133 "-" "Mozilla/5.0 (compatible; MJ12bot/v1.4.5; http://www.majestic12.co.uk/bot.php?+)"
136.243.5.219 - - [03/Jan/2015:17:22:34 +0100] "GET /%D0%BF%D1%80%D0%BE%D0%B4%D1%83%D0%BA%D1%82%D1%8B HTTP/1.0" 200 25352 "-" "Mozilla/5.0 (compatible; MJ12bot/v1.4.5; http://www.majestic12.co.uk/bot.php?+)"
46.114.179.241 - - [03/Jan/2015:17:24:48 +0100] "GET /wp-content/uploads/2012/03/MSR-Symbole+Kennbuchstaben.pdf HTTP/1.1" 200 511716 "https://www.google.de/" "Mozilla/5.0 (Linux; Android 4.4.2; K00G Build/KVT49L) AppleWebKit/537.36 (KHTML, like Gecko) Chrome/39.0.2171.93 Mobile Safari/537.36"
46.114.179.241 - - [03/Jan/2015:17:24:49 +0100] "GET /wp-content/uploads/2012/03/MSR-Symbole+Kennbuchstaben.pdf HTTP/1.1" 200 511716 "https://www.google.de/" "Mozilla/5.0 (Linux; Android 4.4.2; K00G Build/KVT49L) AppleWebKit/537.36 (KHTML, like Gecko) Chrome/39.0.2171.93 Mobile Safari/537.36"
82.193.99.33 - - [03/Jan/2015:17:26:33 +0100] "GET / HTTP/1.1" 302 - "http://blogos.kz/" "Mozilla/4.79 [en] (Windows NT 5.0; U)"
82.193.99.33 - - [03/Jan/2015:17:26:34 +0100] "GET / HTTP/1.1" 302 - "http://blogos.kz/" "Mozilla/4.79 [en] (Windows NT 5.0; U)"
82.193.99.33 - - [03/Jan/2015:17:26:35 +0100] "GET / HTTP/1.1" 302 - "http://blogos.kz/" "Mozilla/4.79 [en] (Windows NT 5.0; U)"
37.130.226.90 - - [03/Jan/2015:17:27:29 +0100] "GET /wp-login.php HTTP/1.1" 301 317 "http://a-und-h.de/wp-login.php" "Mozilla/5.0 (compatible; U; AnyEvent-HTTP/2.21; +http://software.schmorp.de/pkg/AnyEvent)"
188.40.35.97 - - [03/Jan/2015:17:28:05 +0100] "POST /wp-cron.php?doing_wp_cron=1420302485.5257170200347900390625 HTTP/1.0" 200 - "-" "WordPress/4.0.1; http://www.a-und-h.de"
207.46.13.11 - - [03/Jan/2015:17:28:05 +0100] "GET /unternehmen/referenzen HTTP/1.1" 200 24718 "-" "Mozilla/5.0 (compatible; bingbot/2.0; +http://www.bing.com/bingbot.htm)"
37.130.226.90 - - [03/Jan/2015:17:28:22 +0100] "GET /wp-login.php HTTP/1.1" 200 3702 "http://www.a-und-h.de/wp-login.php" "Mozilla/5.0 (compatible; U; AnyEvent-HTTP/2.21; +http://software.schmorp.de/pkg/AnyEvent)"
78.43.41.95 - - [03/Jan/2015:17:30:30 +0100] "GET /wp-content/uploads/2012/03/MSR-Symbole+Kennbuchstaben.pdf HTTP/1.1" 200 511716 "http://www.google.de/url?sa=t&rct=j&q=&esrc=s&source=web&cd=6&ved=0CDwQFjAF&url=http%3A%2F%2Fwww.a-und-h.de%2Fwp-content%2Fuploads%2F2012%2F03%2FMSR-Symbole%2BKennbuchstaben.pdf&ei=0BioVKLDN4r_UtmTgqgL&usg=AFQjCNH7QqWx-Vo33Ud7shqvy2hMX1jkSw&bvm=bv.82001339,d.d24" "Mozilla/5.0 (Windows NT 6.1; WOW64; rv:34.0) Gecko/20100101 Firefox/34.0"
78.43.41.95 - - [03/Jan/2015:17:30:30 +0100] "GET /favicon.ico HTTP/1.1" 200 1406 "-" "Mozilla/5.0 (Windows NT 6.1; WOW64; rv:34.0) Gecko/20100101 Firefox/34.0"
78.43.41.95 - - [03/Jan/2015:17:30:30 +0100] "GET /favicon.ico HTTP/1.1" 206 1406 "-" "Mozilla/5.0 (Windows NT 6.1; WOW64; rv:34.0) Gecko/20100101 Firefox/34.0"
78.43.41.95 - - [03/Jan/2015:17:30:30 +0100] "GET /favicon.ico HTTP/1.1" 206 1406 "-" "Mozilla/5.0 (Windows NT 6.1; WOW64; rv:34.0) Gecko/20100101 Firefox/34.0"
78.43.41.95 - - [03/Jan/2015:17:30:30 +0100] "GET /wp-content/uploads/2012/03/MSR-Symbole+Kennbuchstaben.pdf HTTP/1.1" 206 52964 "http://www.google.de/url?sa=t&rct=j&q=&esrc=s&source=web&cd=6&ved=0CDwQFjAF&url=http%3A%2F%2Fwww.a-und-h.de%2Fwp-content%2Fuploads%2F2012%2F03%2FMSR-Symbole%2BKennbuchstaben.pdf&ei=0BioVKLDN4r_UtmTgqgL&usg=AFQjCNH7QqWx-Vo33Ud7shqvy2hMX1jkSw&bvm=bv.82001339,d.d24" "Mozilla/5.0 (Windows NT 6.1; WOW64; rv:34.0) Gecko/20100101 Firefox/34.0"
78.43.41.95 - - [03/Jan/2015:17:30:30 +0100] "GET /wp-content/uploads/2012/03/MSR-Symbole+Kennbuchstaben.pdf HTTP/1.1" 206 65536 "http://www.google.de/url?sa=t&rct=j&q=&esrc=s&source=web&cd=6&ved=0CDwQFjAF&url=http%3A%2F%2Fwww.a-und-h.de%2Fwp-content%2Fuploads%2F2012%2F03%2FMSR-Symbole%2BKennbuchstaben.pdf&ei=0BioVKLDN4r_UtmTgqgL&usg=AFQjCNH7QqWx-Vo33Ud7shqvy2hMX1jkSw&bvm=bv.82001339,d.d24" "Mozilla/5.0 (Windows NT 6.1; WOW64; rv:34.0) Gecko/20100101 Firefox/34.0"
78.43.41.95 - - [03/Jan/2015:17:30:30 +0100] "GET /wp-content/uploads/2012/03/MSR-Symbole+Kennbuchstaben.pdf HTTP/1.1" 206 65536 "http://www.google.de/url?sa=t&rct=j&q=&esrc=s&source=web&cd=6&ved=0CDwQFjAF&url=http%3A%2F%2Fwww.a-und-h.de%2Fwp-content%2Fuploads%2F2012%2F03%2FMSR-Symbole%2BKennbuchstaben.pdf&ei=0BioVKLDN4r_UtmTgqgL&usg=AFQjCNH7QqWx-Vo33Ud7shqvy2hMX1jkSw&bvm=bv.82001339,d.d24" "Mozilla/5.0 (Windows NT 6.1; WOW64; rv:34.0) Gecko/20100101 Firefox/34.0"
78.43.41.95 - - [03/Jan/2015:17:30:31 +0100] "GET /wp-content/uploads/2012/03/MSR-Symbole+Kennbuchstaben.pdf HTTP/1.1" 206 65536 "http://www.google.de/url?sa=t&rct=j&q=&esrc=s&source=web&cd=6&ved=0CDwQFjAF&url=http%3A%2F%2Fwww.a-und-h.de%2Fwp-content%2Fuploads%2F2012%2F03%2FMSR-Symbole%2BKennbuchstaben.pdf&ei=0BioVKLDN4r_UtmTgqgL&usg=AFQjCNH7QqWx-Vo33Ud7shqvy2hMX1jkSw&bvm=bv.82001339,d.d24" "Mozilla/5.0 (Windows NT 6.1; WOW64; rv:34.0) Gecko/20100101 Firefox/34.0"
78.43.41.95 - - [03/Jan/2015:17:30:31 +0100] "GET /wp-content/uploads/2012/03/MSR-Symbole+Kennbuchstaben.pdf HTTP/1.1" 206 131072 "http://www.google.de/url?sa=t&rct=j&q=&esrc=s&source=web&cd=6&ved=0CDwQFjAF&url=http%3A%2F%2Fwww.a-und-h.de%2Fwp-content%2Fuploads%2F2012%2F03%2FMSR-Symbole%2BKennbuchstaben.pdf&ei=0BioVKLDN4r_UtmTgqgL&usg=AFQjCNH7QqWx-Vo33Ud7shqvy2hMX1jkSw&bvm=bv.82001339,d.d24" "Mozilla/5.0 (Windows NT 6.1; WOW64; rv:34.0) Gecko/20100101 Firefox/34.0"
78.43.41.95 - - [03/Jan/2015:17:30:31 +0100] "GET /wp-content/uploads/2012/03/MSR-Symbole+Kennbuchstaben.pdf HTTP/1.1" 206 65536 "http://www.google.de/url?sa=t&rct=j&q=&esrc=s&source=web&cd=6&ved=0CDwQFjAF&url=http%3A%2F%2Fwww.a-und-h.de%2Fwp-content%2Fuploads%2F2012%2F03%2FMSR-Symbole%2BKennbuchstaben.pdf&ei=0BioVKLDN4r_UtmTgqgL&usg=AFQjCNH7QqWx-Vo33Ud7shqvy2hMX1jkSw&bvm=bv.82001339,d.d24" "Mozilla/5.0 (Windows NT 6.1; WOW64; rv:34.0) Gecko/20100101 Firefox/34.0"
188.40.35.97 - - [03/Jan/2015:17:38:33 +0100] "POST /wp-cron.php?doing_wp_cron=1420303113.2169470787048339843750 HTTP/1.0" 200 - "-" "WordPress/4.0.1; http://www.a-und-h.de"
94.153.11.109 - - [03/Jan/2015:17:38:33 +0100] "GET / HTTP/1.1" 302 - "http://za-otechestvo.ru/" "Mozilla/4.0 (compatible; MSIE 6.0; Windows NT 5.1; SV1; .NET CLR 1.0.3705; .NET CLR 1.1.4322; .NET CLR 2.0.40607)"
94.153.11.109 - - [03/Jan/2015:17:38:32 +0100] "GET / HTTP/1.1" 302 - "http://www.narugka.ru/" "Mozilla/4.0 (compatible; MSIE 6.0; Windows NT 5.1; SV1; .NET CLR 1.1.4322) Babya Discoverer 8.0:"
94.153.11.109 - - [03/Jan/2015:17:38:33 +0100] "GET / HTTP/1.1" 302 - "http://www.narugka.ru/" "Mozilla/4.0 (compatible; MSIE 6.0; Windows NT 5.1; SV1; .NET CLR 1.1.4322) Babya Discoverer 8.0:"
188.40.35.97 - - [03/Jan/2015:17:38:33 +0100] "POST /wp-cron.php?doing_wp_cron=1420303113.0848579406738281250000 HTTP/1.0" 200 - "-" "WordPress/4.0.1; http://www.a-und-h.de"
94.153.11.109 - - [03/Jan/2015:17:38:34 +0100] "GET / HTTP/1.1" 302 - "http://za-otechestvo.ru/" "Mozilla/4.0 (compatible; MSIE 6.0; Windows NT 5.1; SV1; .NET CLR 1.0.3705; .NET CLR 1.1.4322; .NET CLR 2.0.40607)"
94.153.11.109 - - [03/Jan/2015:17:38:34 +0100] "GET / HTTP/1.1" 302 - "http://za-otechestvo.ru/" "Mozilla/4.0 (compatible; MSIE 6.0; Windows NT 5.1; SV1; .NET CLR 1.0.3705; .NET CLR 1.1.4322; .NET CLR 2.0.40607)"
94.153.11.109 - - [03/Jan/2015:17:38:35 +0100] "GET / HTTP/1.1" 302 - "http://www.narugka.ru/" "Mozilla/4.0 (compatible; MSIE 6.0; Windows NT 5.1; SV1; .NET CLR 1.1.4322) Babya Discoverer 8.0:"
188.165.15.188 - - [03/Jan/2015:17:38:52 +0100] "GET / HTTP/1.1" 302 - "-" "Mozilla/5.0 (compatible; AhrefsBot/5.0; +http://ahrefs.com/robot/)"
37.130.226.90 - - [03/Jan/2015:17:40:25 +0100] "GET /wp-login.php HTTP/1.1" 301 316 "http://adsorp.de/wp-login.php" "Mozilla/5.0 (compatible; U; AnyEvent-HTTP/2.21; +http://software.schmorp.de/pkg/AnyEvent)"
37.130.226.90 - - [03/Jan/2015:17:41:31 +0100] "GET /wp-login.php HTTP/1.1" 200 3702 "http://www.a-und-h.de/wp-login.php" "Mozilla/5.0 (compatible; U; AnyEvent-HTTP/2.21; +http://software.schmorp.de/pkg/AnyEvent)"
194.113.41.2 - - [03/Jan/2015:17:41:55 +0100] "GET /wp-content/plugins/contact-form-7/includes/js/scripts.js?ver=4.0.1 HTTP/1.1" 304 - "-" "Mozilla/4.0 (compatible;)"
180.76.6.43 - - [03/Jan/2015:17:46:25 +0100] "GET /wp-content/plugins/wp-table-reloaded/js/jquery.datatables.min.js HTTP/1.1" 200 70944 "-" "Mozilla/5.0 (compatible; Baiduspider/2.0; +http://www.baidu.com/search/spider.html)"
188.40.35.97 - - [03/Jan/2015:17:59:33 +0100] "POST /wp-cron.php?doing_wp_cron=1420304373.0865058898925781250000 HTTP/1.0" 200 - "-" "WordPress/4.0.1; http://www.a-und-h.de"
123.125.71.115 - - [03/Jan/2015:17:59:32 +0100] "GET /da-160-da-250-2 HTTP/1.1" 200 29494 "-" "Mozilla/5.0 (compatible; Baiduspider/2.0; +http://www.baidu.com/search/spider.html)"
180.76.5.187 - - [03/Jan/2015:18:01:25 +0100] "GET /da-310-da-410-2 HTTP/1.1" 200 29434 "-" "Mozilla/5.0 (compatible; Baiduspider/2.0; +http://www.baidu.com/search/spider.html)"
188.40.35.97 - - [03/Jan/2015:18:03:56 +0100] "POST /wp-cron.php?doing_wp_cron=1420304636.5287280082702636718750 HTTP/1.0" 200 - "-" "WordPress/4.0.1; http://www.a-und-h.de"
141.8.147.20 - - [03/Jan/2015:18:03:56 +0100] "GET /expertise HTTP/1.1" 200 22966 "-" "Mozilla/5.0 (compatible; YandexBot/3.0; +http://yandex.com/bots)"
200.84.76.126 - - [03/Jan/2015:18:04:55 +0100] "GET / HTTP/1.0" 302 - "http://www.a-und-h.de/" "Mozilla/4.0 (compatible; MSIE 6.0; Windows NT 5.1; SV1)"
200.84.76.126 - - [03/Jan/2015:18:05:04 +0100] "GET /de/ HTTP/1.0" 200 26581 "http://www.a-und-h.de/" "Mozilla/4.0 (compatible; MSIE 6.0; Windows NT 5.1; SV1)"
220.181.108.173 - - [03/Jan/2015:18:05:59 +0100] "GET /wp-content/themes/purevision/style.css?ver=1.0 HTTP/1.1" 200 885 "http://www.a-und-h.de/da-160-da-250-2" "Mozilla/5.0 (compatible; Baiduspider/2.0; +http://www.baidu.com/search/spider.html)"
220.181.108.165 - - [03/Jan/2015:18:05:59 +0100] "GET /wp-content/themes/purevision/scripts/superfish-1.4.8/css/superfish.css?ver=1.0 HTTP/1.1" 200 3275 "http://www.a-und-h.de/da-160-da-250-2" "Mozilla/5.0 (compatible; Baiduspider/2.0; +http://www.baidu.com/search/spider.html)"
220.181.108.117 - - [03/Jan/2015:18:05:59 +0100] "GET /wp-includes/js/jquery/jquery.js?ver=1.11.1 HTTP/1.1" 200 95807 "http://www.a-und-h.de/da-160-da-250-2" "Mozilla/5.0 (compatible; Baiduspider/2.0; +http://www.baidu.com/search/spider.html)"
220.181.108.174 - - [03/Jan/2015:18:06:01 +0100] "GET /wp-includes/js/jquery/jquery-migrate.min.js?ver=1.2.1 HTTP/1.1" 200 7200 "http://www.a-und-h.de/da-160-da-250-2" "Mozilla/5.0 (compatible; Baiduspider/2.0; +http://www.baidu.com/search/spider.html)"
220.181.108.161 - - [03/Jan/2015:18:06:03 +0100] "GET /wp-content/plugins/snow-storm/snow-storm.js?ver=1.41 HTTP/1.1" 200 9852 "http://www.a-und-h.de/da-160-da-250-2" "Mozilla/5.0 (compatible; Baiduspider/2.0; +http://www.baidu.com/search/spider.html)"
220.181.108.118 - - [03/Jan/2015:18:06:03 +0100] "GET /wp-content/plugins/wp-slimbox2/javascript/slimbox2_autoload.js?ver=1.0.4b HTTP/1.1" 200 3027 "http://www.a-und-h.de/da-160-da-250-2" "Mozilla/5.0 (compatible; Baiduspider/2.0; +http://www.baidu.com/search/spider.html)"
220.181.108.181 - - [03/Jan/2015:18:06:04 +0100] "GET /wp-content/themes/purevision/scripts/superfish-1.4.8/js/superfish.combined.js?ver=1.0.0 HTTP/1.1" 200 5387 "http://www.a-und-h.de/da-160-da-250-2" "Mozilla/5.0 (compatible; Baiduspider/2.0; +http://www.baidu.com/search/spider.html)"
220.181.108.111 - - [03/Jan/2015:18:06:05 +0100] "GET /wp-content/themes/purevision/scripts/script.js?ver=1.0 HTTP/1.1" 200 7495 "http://www.a-und-h.de/da-160-da-250-2" "Mozilla/5.0 (compatible; Baiduspider/2.0; +http://www.baidu.com/search/spider.html)"
220.181.108.185 - - [03/Jan/2015:18:06:06 +0100] "GET /wp-content/plugins/wp-table-reloaded/js/jquery.datatables.min.js?ver=1.9.4 HTTP/1.1" 200 70944 "http://www.a-und-h.de/da-160-da-250-2" "Mozilla/5.0 (compatible; Baiduspider/2.0; +http://www.baidu.com/search/spider.html)"
220.181.108.111 - - [03/Jan/2015:18:06:08 +0100] "GET /wp-includes/js/comment-reply.min.js?ver=4.0.1 HTTP/1.1" 200 757 "http://www.a-und-h.de/da-160-da-250-2" "Mozilla/5.0 (compatible; Baiduspider/2.0; +http://www.baidu.com/search/spider.html)"
220.181.108.121 - - [03/Jan/2015:18:06:09 +0100] "GET /wp-content/plugins/wp-table-reloaded/languages/datatables/lang-en_US.txt HTTP/1.1" 200 504 "http://www.a-und-h.de/da-160-da-250-2" "Mozilla/5.0 (compatible; Baiduspider/2.0; +http://www.baidu.com/search/spider.html)"
220.181.108.109 - - [03/Jan/2015:18:06:06 +0100] "GET /piwik/piwik.php?action_name=DA%20160%20%2F%20DA%20250%20%7C%20A%2BH%20Adsorp&idsite=1&rec=1&r=970414&h=1&m=6&s=4&url=http%3A%2F%2Fwww.a-und-h.de%2Fda-160-da-250-2&_id=7f8ab94a971466de&_idts=1420304765&_idvc=1&_idn=1&_refts=0&_viewts=1420304765&res=1600x1600&cookie=1 HTTP/1.1" 200 43 "http://www.a-und-h.de/da-160-da-250-2" "Mozilla/5.0 (compatible; Baiduspider/2.0; +http://www.baidu.com/search/spider.html)"
93.63.0.221 - - [03/Jan/2015:18:06:23 +0100] "POST /wp-login.php HTTP/1.1" 200 3898 "http://www.a-und-h.de/wp-login.php" "Mozilla/5.0 (Windows NT 6.2; WOW64) AppleWebKit/537.36 (KHTML like Gecko) Chrome/34.0.1847.116 Safari/537.36"
78.6.107.134 - - [03/Jan/2015:18:06:23 +0100] "POST /wp-login.php HTTP/1.1" 200 3898 "http://www.a-und-h.de/wp-login.php" "Mozilla/5.0 (Windows NT 6.1; WOW64; rv:14.0) Gecko/20100101 Firefox/14.0.1"
89.97.143.166 - - [03/Jan/2015:18:06:24 +0100] "POST /wp-login.php HTTP/1.1" 200 3898 "http://www.a-und-h.de/wp-login.php" "Mozilla/5.0 (compatible; MSIE 10.0; Windows NT 6.1; Trident/6.0)"
78.7.28.42 - - [03/Jan/2015:18:06:25 +0100] "POST /wp-login.php HTTP/1.1" 200 3898 "http://www.a-und-h.de/wp-login.php" "Mozilla/5.0 (Windows NT 6.1; WOW64) AppleWebKit/537.1 (KHTML like Gecko) Chrome/21.0.1180.83 Safari/537.1"
188.40.35.97 - - [03/Jan/2015:18:06:45 +0100] "POST /wp-cron.php?doing_wp_cron=1420304805.6453580856323242187500 HTTP/1.0" 200 - "-" "WordPress/4.0.1; http://www.a-und-h.de"
78.6.35.38 - - [03/Jan/2015:18:06:45 +0100] "POST /wp-login.php HTTP/1.1" 200 3898 "http://www.a-und-h.de/wp-login.php" "Mozilla/5.0 (Windows NT 6.1; WOW64; rv:17.0) Gecko/17.0 Firefox/17.0"
188.40.35.97 - - [03/Jan/2015:18:31:46 +0100] "POST /wp-cron.php?doing_wp_cron=1420306306.5110149383544921875000 HTTP/1.0" 200 - "-" "WordPress/4.0.1; http://www.a-und-h.de"
66.249.64.28 - - [03/Jan/2015:18:31:46 +0100] "GET /robots.txt HTTP/1.1" 200 35 "-" "Mozilla/5.0 (compatible; Googlebot/2.1; +http://www.google.com/bot.html)"
66.249.64.28 - - [03/Jan/2015:18:31:47 +0100] "GET /wp-content/uploads/2012/03/A+H_Adsorp_Allgemeine_Handhabung.pdf HTTP/1.1" 200 321462 "-" "Mozilla/5.0 (compatible; Googlebot/2.1; +http://www.google.com/bot.html)"
66.249.64.28 - - [03/Jan/2015:18:34:43 +0100] "GET /pdf/AGB_A_H.pdf HTTP/1.1" 404 22053 "-" "Googlebot/2.1 (+http://www.google.com/bot.html)"
66.249.64.20 - - [03/Jan/2015:18:34:48 +0100] "GET /pdf/Typenblatt%20DA%202400-8000%20NEU%202009-03-10.pdf HTTP/1.1" 404 22092 "-" "Googlebot/2.1 (+http://www.google.com/bot.html)"
134.249.51.137 - - [03/Jan/2015:18:38:38 +0100] "GET / HTTP/1.1" 302 - "http://www.burenieburenie.ru/" "Mozilla/4.0 (compatible; MSIE 7.0; Windows NT 5.1; SV1; .NET CLR 2.0.50727)"
134.249.51.137 - - [03/Jan/2015:18:38:39 +0100] "GET / HTTP/1.1" 302 - "http://www.burenieburenie.ru/" "Mozilla/4.0 (compatible; MSIE 7.0; Windows NT 5.1; SV1; .NET CLR 2.0.50727)"
188.40.35.97 - - [03/Jan/2015:18:38:38 +0100] "POST /wp-cron.php?doing_wp_cron=1420306718.7899429798126220703125 HTTP/1.0" 200 - "-" "WordPress/4.0.1; http://www.a-und-h.de"
134.249.51.137 - - [03/Jan/2015:18:38:40 +0100] "GET / HTTP/1.1" 302 - "http://www.burenieburenie.ru/" "Mozilla/4.0 (compatible; MSIE 7.0; Windows NT 5.1; SV1; .NET CLR 2.0.50727)"
188.40.35.97 - - [03/Jan/2015:18:43:06 +0100] "POST /wp-cron.php?doing_wp_cron=1420306986.2969141006469726562500 HTTP/1.0" 200 - "-" "WordPress/4.0.1; http://www.a-und-h.de"
66.249.64.24 - - [03/Jan/2015:18:43:06 +0100] "GET /produkte HTTP/1.1" 200 26150 "-" "SAMSUNG-SGH-E250/1.0 Profile/MIDP-2.0 Configuration/CLDC-1.1 UP.Browser/6.2.3.3.c.1.101 (GUI) MMP/2.0 (compatible; Googlebot-Mobile/2.1; +http://www.google.com/bot.html)"
188.40.35.97 - - [03/Jan/2015:19:05:30 +0100] "POST /wp-cron.php?doing_wp_cron=1420308330.8840830326080322265625 HTTP/1.0" 200 - "-" "WordPress/4.0.1; http://www.a-und-h.de"
68.180.228.219 - - [03/Jan/2015:19:05:30 +0100] "GET /produkte/anlagenbau HTTP/1.1" 200 26863 "-" "Mozilla/5.0 (compatible; Yahoo! Slurp; http://help.yahoo.com/help/us/ysearch/slurp)"
180.76.6.159 - - [03/Jan/2015:19:09:13 +0100] "GET /wp-content/plugins/category-posts/cat-posts.css?ver=3.9.2 HTTP/1.1" 200 833 "-" "Mozilla/5.0 (compatible; Baiduspider/2.0; +http://www.baidu.com/search/spider.html)"
188.40.35.97 - - [03/Jan/2015:19:11:06 +0100] "POST /wp-cron.php?doing_wp_cron=1420308666.2309329509735107421875 HTTP/1.0" 200 - "-" "WordPress/4.0.1; http://www.a-und-h.de"
220.181.108.109 - - [03/Jan/2015:19:11:06 +0100] "GET /en/ HTTP/1.1" 200 24843 "-" "Mozilla/5.0 (compatible; Baiduspider/2.0; +http://www.baidu.com/search/spider.html)"
220.181.108.119 - - [03/Jan/2015:19:17:38 +0100] "GET /wp-content/themes/purevision/scripts/superfish-1.4.8/css/superfish.css?ver=1.0 HTTP/1.1" 200 3275 "http://www.a-und-h.de/en/" "Mozilla/5.0 (compatible; Baiduspider/2.0; +http://www.baidu.com/search/spider.html)"
220.181.108.86 - - [03/Jan/2015:19:17:38 +0100] "GET /wp-includes/js/jquery/jquery.js?ver=1.11.1 HTTP/1.1" 200 95807 "http://www.a-und-h.de/en/" "Mozilla/5.0 (compatible; Baiduspider/2.0; +http://www.baidu.com/search/spider.html)"
220.181.108.156 - - [03/Jan/2015:19:17:40 +0100] "GET /wp-content/plugins/snow-storm/snow-storm.js?ver=1.41 HTTP/1.1" 200 9852 "http://www.a-und-h.de/en/" "Mozilla/5.0 (compatible; Baiduspider/2.0; +http://www.baidu.com/search/spider.html)"
220.181.108.119 - - [03/Jan/2015:19:17:42 +0100] "GET /wp-content/themes/purevision/sliders/piecemaker/js/swfobject.js?ver=1.5 HTTP/1.1" 200 6880 "http://www.a-und-h.de/en/" "Mozilla/5.0 (compatible; Baiduspider/2.0; +http://www.baidu.com/search/spider.html)"
220.181.108.158 - - [03/Jan/2015:19:17:46 +0100] "GET /piwik/piwik.php?action_name=A%2BH%20Adsorp%20Luftentfeuchtungssysteme%20GmbH&idsite=1&rec=1&r=176151&h=2&m=17&s=44&url=http%3A%2F%2Fwww.a-und-h.de%2Fen%2F&_id=54c016deccfef438&_idts=1420309064&_idvc=1&_idn=1&_refts=0&_viewts=1420309064&res=1600x1600&cookie=1 HTTP/1.1" 200 43 "http://www.a-und-h.de/en/" "Mozilla/5.0 (compatible; Baiduspider/2.0; +http://www.baidu.com/search/spider.html)"
46.114.3.50 - - [03/Jan/2015:19:22:24 +0100] "GET /wp-content/uploads/2012/03/MSR-Symbole+Kennbuchstaben.pdf HTTP/1.1" 200 511716 "http://www.google.de/" "Mozilla/5.0 (Linux; Android 4.2.2; HUAWEI P6-U06 Build/HuaweiP6-U06) AppleWebKit/537.36 (KHTML, like Gecko) Chrome/39.0.2171.93 Mobile Safari/537.36"
46.114.3.50 - - [03/Jan/2015:19:22:25 +0100] "GET /wp-content/uploads/2012/03/MSR-Symbole+Kennbuchstaben.pdf HTTP/1.1" 200 511716 "http://www.google.de/" "Mozilla/5.0 (Linux; Android 4.2.2; HUAWEI P6-U06 Build/HuaweiP6-U06) AppleWebKit/537.36 (KHTML, like Gecko) Chrome/39.0.2171.93 Mobile Safari/537.36"
198.36.86.81 - - [03/Jan/2015:19:27:23 +0100] "GET /wp-content/uploads/2014/08/ZEP-Logo-E-300x113.jpg HTTP/1.1" 304 - "-" "Mozilla/4.0 (compatible;)"
62.153.83.38 - - [03/Jan/2015:19:33:49 +0100] "GET /wp-content/plugins/wp-slimbox2/javascript/slimbox2_autoload.js?ver=1.0.4b HTTP/1.1" 304 - "-" "Mozilla/4.0 (compatible;)"
62.153.83.38 - - [03/Jan/2015:19:34:32 +0100] "GET /wp-content/plugins/wp-slimbox2/css/slimbox2.css?ver=1.1 HTTP/1.1" 304 - "-" "Mozilla/4.0 (compatible;)"
62.153.83.38 - - [03/Jan/2015:19:34:34 +0100] "GET /wp-content/plugins/wp-slimbox2/javascript/slimbox2.js?ver=2.04 HTTP/1.1" 304 - "-" "Mozilla/4.0 (compatible;)"
188.40.35.97 - - [03/Jan/2015:19:45:54 +0100] "POST /wp-cron.php?doing_wp_cron=1420310754.6727869510650634765625 HTTP/1.0" 200 - "-" "WordPress/4.0.1; http://www.a-und-h.de"
174.34.143.242 - - [03/Jan/2015:19:45:54 +0100] "POST /xmlrpc.php HTTP/1.0" 200 370 "-" "Mozilla/4.0 (compatible: MSIE 7.0; Windows NT 6.0)"
82.94.179.38 - - [03/Jan/2015:19:58:02 +0100] "GET /robots.txt HTTP/1.0" 500 256 "-" "Mozilla/4.0 (compatible; Vagabondo/4.0/EU; http://webagent.wise-guys.nl/)"
188.40.35.97 - - [03/Jan/2015:19:58:12 +0100] "POST /wp-cron.php?doing_wp_cron=1420311492.5449159145355224609375 HTTP/1.0" 200 - "-" "WordPress/4.0.1; http://www.a-und-h.de"
82.94.179.38 - - [03/Jan/2015:19:58:12 +0100] "GET /robots.txt HTTP/1.0" 200 35 "-" "Mozilla/4.0 (compatible; Vagabondo/4.0/EU; http://webagent.wise-guys.nl/)"
82.94.179.38 - - [03/Jan/2015:19:58:13 +0100] "GET /%D0%BE%D1%81%D1%83%D1%88%D0%B5%D0%BD%D0%B8%D0%B5-%D0%B2%D0%BE%D0%B7%D0%B4%D1%83%D1%85%D0%B0/%D0%BE%D0%B1%D0%BB%D0%B0%D1%81%D1%82%D1%8C-%D0%BF%D1%80%D0%B8%D0%BC%D0%B5%D0%BD%D0%B5%D0%BD%D0%B8%D1%8F HTTP/1.1" 200 23133 "http://www.a-und-h.de/ru" "Mozilla/4.0 (compatible; Vagabondo/4.0/EU; http://www.wise-guys.nl/)"
82.94.179.38 - - [03/Jan/2015:19:58:33 +0100] "GET /category/neuigkeiten HTTP/1.1" 200 45509 "http://www.a-und-h.de/agb" "Mozilla/4.0 (compatible; Vagabondo/4.0/EU; http://www.wise-guys.nl/)"
82.94.179.38 - - [03/Jan/2015:19:58:54 +0100] "GET /produkte/standardgerate/page/2 HTTP/1.1" 200 34215 "http://www.a-und-h.de/produkte/standardgerate" "Mozilla/4.0 (compatible; Vagabondo/4.0/EU; http://www.wise-guys.nl/)"
82.94.179.38 - - [03/Jan/2015:19:59:14 +0100] "GET /%D0%BF%D1%80%D0%BE%D0%B4%D1%83%D0%BA%D1%82%D1%8B/%D1%81%D1%82%D0%B0%D0%BD%D0%B4%D0%B0%D1%80%D1%82%D0%BD%D1%8B%D0%B5-%D0%BE%D1%81%D1%83%D1%88%D0%B8%D1%82%D0%B5%D0%BB%D0%B8/page/2 HTTP/1.1" 200 33936 "http://www.a-und-h.de/%D0%BF%D1%80%D0%BE%D0%B4%D1%83%D0%BA%D1%82%D1%8B/%D1%81%D1%82%D0%B0%D0%BD%D0%B4%D0%B0%D1%80%D1%82%D0%BD%D1%8B%D0%B5-%D0%BE%D1%81%D1%83%D1%88%D0%B8%D1%82%D0%B5%D0%BB%D0%B8" "Mozilla/4.0 (compatible; Vagabondo/4.0/EU; http://www.wise-guys.nl/)"
82.94.179.38 - - [03/Jan/2015:19:59:34 +0100] "GET /produkte/standardgerate HTTP/1.1" 200 45096 "http://www.a-und-h.de/" "Mozilla/4.0 (compatible; Vagabondo/4.0/EU; http://www.wise-guys.nl/)"
