66.249.89.12 - - [03/Jan/2015:21:20:21 +0100] "GET /wp-content/themes/purevision/scripts/superfish-1.4.8/css/superfish.css?ver=1.0 HTTP/1.1" 200 3275 "-" "AdsBot-Google (+http://www.google.com/adsbot.html)"
66.249.89.12 - - [03/Jan/2015:21:20:21 +0100] "GET /wp-content/plugins/contact-form-7/includes/js/jquery.form.min.js?ver=3.51.0-2014.06.20 HTTP/1.1" 200 15248 "-" "AdsBot-Google (+http://www.google.com/adsbot.html)"
66.249.89.14 - - [03/Jan/2015:21:20:22 +0100] "GET /wp-content/uploads/2014/10/Luftentfeuchtungsanlage-300x178.jpg HTTP/1.1" 200 13777 "-" "AdsBot-Google (+http://www.google.com/adsbot.html)"
66.249.89.14 - - [03/Jan/2015:21:20:23 +0100] "GET /wp-content/themes/purevision/styles/common-css/960.css?ver=1.0 HTTP/1.1" 200 7707 "-" "AdsBot-Google (+http://www.google.com/adsbot.html)"
66.249.89.12 - - [03/Jan/2015:21:20:23 +0100] "GET /wp-content/plugins/wp-slimbox2/javascript/slimbox2_autoload.js?ver=1.0.4b HTTP/1.1" 200 3027 "-" "AdsBot-Google (+http://www.google.com/adsbot.html)"
66.249.89.10 - - [03/Jan/2015:21:20:24 +0100] "GET /wp-content/uploads/facebook.png HTTP/1.1" 200 807 "-" "AdsBot-Google (+http://www.google.com/adsbot.html)"
66.249.89.10 - - [03/Jan/2015:21:20:25 +0100] "GET /wp-content/themes/purevision/styles/style1/css/style.css?ver=1.0 HTTP/1.1" 200 72108 "-" "AdsBot-Google (+http://www.google.com/adsbot.html)"
66.249.89.14 - - [03/Jan/2015:21:20:25 +0100] "GET /wp-content/themes/purevision/scripts/script.js?ver=1.0 HTTP/1.1" 200 7495 "-" "AdsBot-Google (+http://www.google.com/adsbot.html)"
66.249.89.12 - - [03/Jan/2015:21:20:26 +0100] "GET /wp-includes/js/jquery/jquery-migrate.min.js?ver=1.2.1 HTTP/1.1" 200 7200 "-" "AdsBot-Google (+http://www.google.com/adsbot.html)"
66.249.89.12 - - [03/Jan/2015:21:20:27 +0100] "GET /wp-content/plugins/snow-storm/snow-storm.js?ver=1.41 HTTP/1.1" 200 9852 "-" "AdsBot-Google (+http://www.google.com/adsbot.html)"
66.249.89.12 - - [03/Jan/2015:21:20:27 +0100] "GET /wp-content/themes/purevision/styles/style1/images/menu-btn_l.png HTTP/1.1" 200 767 "-" "AdsBot-Google (+http://www.google.com/adsbot.html)"
66.249.89.10 - - [03/Jan/2015:21:20:28 +0100] "GET /wp-content/themes/purevision/styles/style1/images/menu-active-btn_l.png HTTP/1.1" 200 754 "-" "AdsBot-Google (+http://www.google.com/adsbot.html)"
66.249.89.10 - - [03/Jan/2015:21:20:29 +0100] "GET /wp-content/themes/purevision/scripts/superfish-1.4.8/js/superfish.combined.js?ver=1.0.0 HTTP/1.1" 200 5387 "-" "AdsBot-Google (+http://www.google.com/adsbot.html)"
66.249.89.14 - - [03/Jan/2015:21:20:29 +0100] "GET /wp-content/themes/purevision/styles/style1/images/menu-btn_r.png HTTP/1.1" 200 670 "-" "AdsBot-Google (+http://www.google.com/adsbot.html)"
66.249.89.14 - - [03/Jan/2015:21:20:30 +0100] "GET /wp-content/uploads/2014/10/Luftentfeuchtungssystem-300x250.jpg HTTP/1.1" 200 15242 "-" "AdsBot-Google (+http://www.google.com/adsbot.html)"
66.249.89.14 - - [03/Jan/2015:21:20:31 +0100] "GET /wp-content/themes/purevision/styles/style1/images/menu-with-arrow-btn_r.png HTTP/1.1" 200 322 "-" "AdsBot-Google (+http://www.google.com/adsbot.html)"
66.249.89.10 - - [03/Jan/2015:21:20:31 +0100] "GET /wp-content/plugins/polylang/flags/en_US.png HTTP/1.1" 200 599 "-" "AdsBot-Google (+http://www.google.com/adsbot.html)"
66.249.89.12 - - [03/Jan/2015:21:20:32 +0100] "GET /wp-content/themes/purevision/scripts/superfish-1.4.8/images/auto-arrows.png HTTP/1.1" 200 295 "-" "AdsBot-Google (+http://www.google.com/adsbot.html)"
66.249.89.14 - - [03/Jan/2015:21:20:32 +0100] "GET /wp-content/themes/purevision/styles/style1/images/menu-active-btn_r.png HTTP/1.1" 200 967 "-" "AdsBot-Google (+http://www.google.com/adsbot.html)"
66.249.89.14 - - [03/Jan/2015:21:20:33 +0100] "GET /wp-content/plugins/wptouch/resources/icons/elegant/Questions.png HTTP/1.1" 200 2784 "-" "AdsBot-Google-Mobile (+http://www.google.com/mobile/adsbot.html) Mozilla (iPhone; U; CPU iPhone OS 3 0 like Mac OS X) AppleWebKit (KHTML, like Gecko) Mobile Safari"
66.249.89.10 - - [03/Jan/2015:21:20:34 +0100] "GET /wp-content/plugins/wptouch/resources/icons/elegant/World.png HTTP/1.1" 200 3483 "-" "AdsBot-Google-Mobile (+http://www.google.com/mobile/adsbot.html) Mozilla (iPhone; U; CPU iPhone OS 3 0 like Mac OS X) AppleWebKit (KHTML, like Gecko) Mobile Safari"
66.249.89.12 - - [03/Jan/2015:21:20:34 +0100] "GET /wp-content/plugins/wptouch/themes/foundation/modules/font-awesome/font-awesome.min.css?ver=2.2 HTTP/1.1" 200 22054 "-" "AdsBot-Google-Mobile (+http://www.google.com/mobile/adsbot.html) Mozilla (iPhone; U; CPU iPhone OS 3 0 like Mac OS X) AppleWebKit (KHTML, like Gecko) Mobile Safari"
66.249.89.12 - - [03/Jan/2015:21:20:35 +0100] "GET /wp-content/plugins/category-posts/cat-posts.css?ver=4.0.1 HTTP/1.1" 200 833 "-" "AdsBot-Google-Mobile (+http://www.google.com/mobile/adsbot.html) Mozilla (iPhone; U; CPU iPhone OS 3 0 like Mac OS X) AppleWebKit (KHTML, like Gecko) Mobile Safari"
66.249.89.14 - - [03/Jan/2015:21:20:35 +0100] "GET /wp-content/plugins/wptouch/resources/icons/elegant/Mail.png HTTP/1.1" 200 1245 "-" "AdsBot-Google-Mobile (+http://www.google.com/mobile/adsbot.html) Mozilla (iPhone; U; CPU iPhone OS 3 0 like Mac OS X) AppleWebKit (KHTML, like Gecko) Mobile Safari"
66.249.89.12 - - [03/Jan/2015:21:20:36 +0100] "GET /wp-content/plugins/cookie-opt-in/css/style.css?ver=4.0.1 HTTP/1.1" 200 2316 "-" "AdsBot-Google-Mobile (+http://www.google.com/mobile/adsbot.html) Mozilla (iPhone; U; CPU iPhone OS 3 0 like Mac OS X) AppleWebKit (KHTML, like Gecko) Mobile Safari"
66.249.89.10 - - [03/Jan/2015:21:20:37 +0100] "GET /wp-content/plugins/wptouch/themes/foundation/default/style.css?ver=3.5.3 HTTP/1.1" 200 23416 "-" "AdsBot-Google-Mobile (+http://www.google.com/mobile/adsbot.html) Mozilla (iPhone; U; CPU iPhone OS 3 0 like Mac OS X) AppleWebKit (KHTML, like Gecko) Mobile Safari"
66.249.89.12 - - [03/Jan/2015:21:20:37 +0100] "GET /wp-content/plugins/wptouch/resources/icons/elegant/Graph.png HTTP/1.1" 200 970 "-" "AdsBot-Google-Mobile (+http://www.google.com/mobile/adsbot.html) Mozilla (iPhone; U; CPU iPhone OS 3 0 like Mac OS X) AppleWebKit (KHTML, like Gecko) Mobile Safari"
66.249.89.10 - - [03/Jan/2015:21:20:38 +0100] "GET /wp-includes/js/jquery/jquery.js?ver=1.11.1 HTTP/1.1" 200 95807 "-" "AdsBot-Google-Mobile (+http://www.google.com/mobile/adsbot.html) Mozilla (iPhone; U; CPU iPhone OS 3 0 like Mac OS X) AppleWebKit (KHTML, like Gecko) Mobile Safari"
66.249.89.12 - - [03/Jan/2015:21:20:39 +0100] "GET /wp-content/plugins/wptouch/resources/icons/elegant/Paper.png HTTP/1.1" 200 336 "-" "AdsBot-Google-Mobile (+http://www.google.com/mobile/adsbot.html) Mozilla (iPhone; U; CPU iPhone OS 3 0 like Mac OS X) AppleWebKit (KHTML, like Gecko) Mobile Safari"
66.249.89.14 - - [03/Jan/2015:21:20:39 +0100] "GET /wp-content/uploads/2014/10/Anlagenbau-Banner-1024x266.jpg HTTP/1.1" 200 26280 "-" "AdsBot-Google-Mobile (+http://www.google.com/mobile/adsbot.html) Mozilla (iPhone; U; CPU iPhone OS 3 0 like Mac OS X) AppleWebKit (KHTML, like Gecko) Mobile Safari"
66.249.89.10 - - [03/Jan/2015:21:20:40 +0100] "GET /wp-content/plugins/contact-form-7/includes/js/scripts.js?ver=4.0.1 HTTP/1.1" 200 9658 "-" "AdsBot-Google (+http://www.google.com/adsbot.html)"
66.249.89.10 - - [03/Jan/2015:21:20:41 +0100] "GET /wp-content/plugins/wptouch/resources/icons/elegant/Pencil.png HTTP/1.1" 200 1370 "-" "AdsBot-Google-Mobile (+http://www.google.com/mobile/adsbot.html) Mozilla (iPhone; U; CPU iPhone OS 3 0 like Mac OS X) AppleWebKit (KHTML, like Gecko) Mobile Safari"
66.249.89.14 - - [03/Jan/2015:21:20:41 +0100] "GET /wp-content/uploads/google.png HTTP/1.1" 200 1718 "-" "AdsBot-Google (+http://www.google.com/adsbot.html)"
66.249.89.10 - - [03/Jan/2015:21:20:42 +0100] "GET /wp-content/wptouch-data/uploads/A+H-Markenzeichen%20f%C3%BCr%20Google.jpg HTTP/1.1" 200 20474 "-" "AdsBot-Google-Mobile (+http://www.google.com/mobile/adsbot.html) Mozilla (iPhone; U; CPU iPhone OS 3 0 like Mac OS X) AppleWebKit (KHTML, like Gecko) Mobile Safari"
66.249.89.12 - - [03/Jan/2015:21:20:42 +0100] "GET /wp-content/plugins/contact-form-7/includes/js/jquery.form.min.js?ver=3.51.0-2014.06.20 HTTP/1.1" 200 15248 "-" "AdsBot-Google-Mobile (+http://www.google.com/mobile/adsbot.html) Mozilla (iPhone; U; CPU iPhone OS 3 0 like Mac OS X) AppleWebKit (KHTML, like Gecko) Mobile Safari"
66.249.89.10 - - [03/Jan/2015:21:20:43 +0100] "GET /wp-content/uploads/2014/10/Luftentfeuchtungsanlage-Anlagenbau-300x267.jpg HTTP/1.1" 200 13934 "-" "AdsBot-Google (+http://www.google.com/adsbot.html)"
66.249.89.14 - - [03/Jan/2015:21:20:44 +0100] "GET /wp-content/plugins/wptouch/resources/icons/elegant/Config.png HTTP/1.1" 200 789 "-" "AdsBot-Google-Mobile (+http://www.google.com/mobile/adsbot.html) Mozilla (iPhone; U; CPU iPhone OS 3 0 like Mac OS X) AppleWebKit (KHTML, like Gecko) Mobile Safari"
66.249.89.14 - - [03/Jan/2015:21:20:44 +0100] "GET /wp-content/plugins/wp-slimbox2/javascript/slimbox2_autoload.js?ver=1.0.4b HTTP/1.1" 200 3027 "-" "AdsBot-Google-Mobile (+http://www.google.com/mobile/adsbot.html) Mozilla (iPhone; U; CPU iPhone OS 3 0 like Mac OS X) AppleWebKit (KHTML, like Gecko) Mobile Safari"
66.249.89.14 - - [03/Jan/2015:21:20:45 +0100] "GET /wp-content/uploads/twitter.png HTTP/1.1" 200 1258 "-" "AdsBot-Google (+http://www.google.com/adsbot.html)"
66.249.89.14 - - [03/Jan/2015:21:20:46 +0100] "GET /wp-content/wptouch-data/cache/wptouch-f5396d16806ec55b7e82bcb4a6d4752a1f2f5b33.js HTTP/1.1" 200 66433 "-" "AdsBot-Google-Mobile (+http://www.google.com/mobile/adsbot.html) Mozilla (iPhone; U; CPU iPhone OS 3 0 like Mac OS X) AppleWebKit (KHTML, like Gecko) Mobile Safari"
66.249.89.14 - - [03/Jan/2015:21:20:46 +0100] "GET /wp-content/plugins/snow-storm/snow-storm.js?ver=1.41 HTTP/1.1" 200 9852 "-" "AdsBot-Google-Mobile (+http://www.google.com/mobile/adsbot.html) Mozilla (iPhone; U; CPU iPhone OS 3 0 like Mac OS X) AppleWebKit (KHTML, like Gecko) Mobile Safari"
66.249.89.12 - - [03/Jan/2015:21:20:47 +0100] "GET /wp-content/plugins/newsletter/subscription/styles/widget-neutral.css HTTP/1.1" 200 1018 "-" "AdsBot-Google-Mobile (+http://www.google.com/mobile/adsbot.html) Mozilla (iPhone; U; CPU iPhone OS 3 0 like Mac OS X) AppleWebKit (KHTML, like Gecko) Mobile Safari"
66.249.89.10 - - [03/Jan/2015:21:20:48 +0100] "GET /wp-content/themes/purevision/styles/style1/images/menu-active-with-arrow-btn_r.png HTTP/1.1" 200 318 "-" "AdsBot-Google (+http://www.google.com/adsbot.html)"
66.249.89.12 - - [03/Jan/2015:21:20:49 +0100] "GET /wp-content/uploads/2014/10/Luftentfeuchtungssystem-300x250.jpg HTTP/1.1" 200 15242 "-" "AdsBot-Google-Mobile (+http://www.google.com/mobile/adsbot.html) Mozilla (iPhone; U; CPU iPhone OS 3 0 like Mac OS X) AppleWebKit (KHTML, like Gecko) Mobile Safari"
66.249.89.14 - - [03/Jan/2015:21:20:49 +0100] "GET /wp-content/plugins/wp-slimbox2/css/slimbox2.css?ver=1.1 HTTP/1.1" 200 917 "-" "AdsBot-Google (+http://www.google.com/adsbot.html)"
66.249.89.14 - - [03/Jan/2015:21:20:50 +0100] "GET /wp-content/plugins/wptouch/themes/foundation/modules/pushit/pushit.css?ver=4.0.1 HTTP/1.1" 200 484 "-" "AdsBot-Google-Mobile (+http://www.google.com/mobile/adsbot.html) Mozilla (iPhone; U; CPU iPhone OS 3 0 like Mac OS X) AppleWebKit (KHTML, like Gecko) Mobile Safari"
66.249.89.10 - - [03/Jan/2015:21:20:51 +0100] "GET /wp-content/plugins/contact-form-7/includes/css/styles.css?ver=4.0.1 HTTP/1.1" 200 1103 "-" "AdsBot-Google-Mobile (+http://www.google.com/mobile/adsbot.html) Mozilla (iPhone; U; CPU iPhone OS 3 0 like Mac OS X) AppleWebKit (KHTML, like Gecko) Mobile Safari"
66.249.89.12 - - [03/Jan/2015:21:20:51 +0100] "GET /wp-content/plugins/contact-form-7/includes/js/scripts.js?ver=4.0.1 HTTP/1.1" 200 9658 "-" "AdsBot-Google-Mobile (+http://www.google.com/mobile/adsbot.html) Mozilla (iPhone; U; CPU iPhone OS 3 0 like Mac OS X) AppleWebKit (KHTML, like Gecko) Mobile Safari"
66.249.89.10 - - [03/Jan/2015:21:20:52 +0100] "GET /wp-content/themes/purevision/styles/style1/css/text.css?ver=1.0 HTTP/1.1" 200 1819 "-" "AdsBot-Google (+http://www.google.com/adsbot.html)"
66.249.89.12 - - [03/Jan/2015:21:20:53 +0100] "GET /wp-content/plugins/cookie-opt-in/js/cookie-opt-in-if.js?ver=1 HTTP/1.1" 403 336 "-" "AdsBot-Google-Mobile (+http://www.google.com/mobile/adsbot.html) Mozilla (iPhone; U; CPU iPhone OS 3 0 like Mac OS X) AppleWebKit (KHTML, like Gecko) Mobile Safari"
66.249.89.12 - - [03/Jan/2015:21:20:53 +0100] "GET /wp-content/plugins/wptouch/themes/bauhaus/default/style.css?ver=3.5.3 HTTP/1.1" 200 18657 "-" "AdsBot-Google-Mobile (+http://www.google.com/mobile/adsbot.html) Mozilla (iPhone; U; CPU iPhone OS 3 0 like Mac OS X) AppleWebKit (KHTML, like Gecko) Mobile Safari"
66.249.89.14 - - [03/Jan/2015:21:20:54 +0100] "GET /wp-content/uploads/2014/10/Luftentfeuchtungsanlage-300x178.jpg HTTP/1.1" 200 13777 "-" "AdsBot-Google-Mobile (+http://www.google.com/mobile/adsbot.html) Mozilla (iPhone; U; CPU iPhone OS 3 0 like Mac OS X) AppleWebKit (KHTML, like Gecko) Mobile Safari"
66.249.89.12 - - [03/Jan/2015:21:20:55 +0100] "GET /wp-includes/js/jquery/jquery-migrate.min.js?ver=1.2.1 HTTP/1.1" 200 7200 "-" "AdsBot-Google-Mobile (+http://www.google.com/mobile/adsbot.html) Mozilla (iPhone; U; CPU iPhone OS 3 0 like Mac OS X) AppleWebKit (KHTML, like Gecko) Mobile Safari"
66.249.89.10 - - [03/Jan/2015:21:20:55 +0100] "GET /wp-content/themes/purevision/style.css?ver=1.0 HTTP/1.1" 200 885 "-" "AdsBot-Google (+http://www.google.com/adsbot.html)"
66.249.89.10 - - [03/Jan/2015:21:20:56 +0100] "GET /wp-includes/js/comment-reply.min.js?ver=4.0.1 HTTP/1.1" 200 757 "-" "AdsBot-Google (+http://www.google.com/adsbot.html)"
66.249.89.10 - - [03/Jan/2015:21:20:57 +0100] "GET /wp-content/uploads/2014/10/Luftentfeuchtungsanlage-Anlagenbau-300x267.jpg HTTP/1.1" 200 13934 "-" "AdsBot-Google-Mobile (+http://www.google.com/mobile/adsbot.html) Mozilla (iPhone; U; CPU iPhone OS 3 0 like Mac OS X) AppleWebKit (KHTML, like Gecko) Mobile Safari"
66.249.89.14 - - [03/Jan/2015:21:20:58 +0100] "GET /wp-content/plugins/wp-slimbox2/javascript/slimbox2.js?ver=2.04 HTTP/1.1" 200 3777 "-" "AdsBot-Google-Mobile (+http://www.google.com/mobile/adsbot.html) Mozilla (iPhone; U; CPU iPhone OS 3 0 like Mac OS X) AppleWebKit (KHTML, like Gecko) Mobile Safari"
66.249.89.10 - - [03/Jan/2015:21:20:58 +0100] "GET /wp-content/plugins/cookie-opt-in/js/cookie-opt-in.js?ver=1 HTTP/1.1" 200 9405 "-" "AdsBot-Google-Mobile (+http://www.google.com/mobile/adsbot.html) Mozilla (iPhone; U; CPU iPhone OS 3 0 like Mac OS X) AppleWebKit (KHTML, like Gecko) Mobile Safari"
66.249.89.14 - - [03/Jan/2015:21:20:59 +0100] "GET /wp-content/plugins/wp-slimbox2/css/slimbox2.css?ver=1.1 HTTP/1.1" 200 917 "-" "AdsBot-Google-Mobile (+http://www.google.com/mobile/adsbot.html) Mozilla (iPhone; U; CPU iPhone OS 3 0 like Mac OS X) AppleWebKit (KHTML, like Gecko) Mobile Safari"
157.55.39.66 - - [03/Jan/2015:21:23:11 +0100] "GET /wp-content/uploads/2012/03/Header-Luftentfeuchter.jpg HTTP/1.1" 200 53240 "-" "Mozilla/5.0 (compatible; bingbot/2.0; +http://www.bing.com/bingbot.htm)"
188.40.35.97 - - [03/Jan/2015:21:23:38 +0100] "POST /wp-cron.php?doing_wp_cron=1420316618.5455029010772705078125 HTTP/1.0" 403 292 "-" "WordPress/4.0.1; http://www.a-und-h.de"
66.249.64.20 - - [03/Jan/2015:21:23:38 +0100] "GET /luftentfeuchtung/prinzip HTTP/1.1" 200 23629 "-" "Mozilla/5.0 (iPhone; CPU iPhone OS 6_0 like Mac OS X) AppleWebKit/536.26 (KHTML, like Gecko) Version/6.0 Mobile/10A5376e Safari/8536.25 (compatible; Googlebot/2.1; +http://www.google.com/bot.html)"
188.40.35.97 - - [03/Jan/2015:21:41:50 +0100] "POST /wp-cron.php?doing_wp_cron=1420317710.5918490886688232421875 HTTP/1.0" 200 - "-" "WordPress/4.0.1; http://www.a-und-h.de"
180.76.4.43 - - [03/Jan/2015:21:41:50 +0100] "GET / HTTP/1.1" 302 - "-" "Mozilla/4.0 (compatible; MSIE 7.0; Windows NT 6.0)"
180.76.6.58 - - [03/Jan/2015:22:00:03 +0100] "GET /robots.txt HTTP/1.1" 500 256 "-" "Mozilla/5.0 (Windows NT 5.1; rv:6.0.2) Gecko/20100101 Firefox/6.0.2"
185.10.104.195 - - [03/Jan/2015:22:02:46 +0100] "GET /wp-content/themes/purevision/styles/style1/css/style.css?ver=1.0 HTTP/1.1" 200 72108 "-" "Mozilla/5.0 (compatible; Baiduspider/2.0; +http://www.baidu.com/search/spider.html)"
188.40.35.97 - - [03/Jan/2015:22:11:32 +0100] "POST /wp-cron.php?doing_wp_cron=1420319492.8270430564880371093750 HTTP/1.0" 200 - "-" "WordPress/4.0.1; http://www.a-und-h.de"
66.249.64.24 - - [03/Jan/2015:22:11:32 +0100] "GET /de/ HTTP/1.1" 200 26581 "-" "Mozilla/5.0 (compatible; Googlebot/2.1; +http://www.google.com/bot.html)"
2.202.43.215 - - [03/Jan/2015:22:11:37 +0100] "GET /wp-content/uploads/2014/08/Hygroskopische-Materialien-140806.pdf HTTP/1.1" 200 264616 "http://www.google.de/url?sa=t&rct=j&q=&esrc=s&source=web&cd=3&sqi=2&ved=0CC4QFjAC&url=http%3A%2F%2Fwww.a-und-h.de%2Fwp-content%2Fuploads%2F2014%2F08%2FHygroskopische-Materialien-140806.pdf&ei=-VqoVPjDGMutU8Lug4AD&usg=AFQjCNEZ39hcN6X8gPMGv0_hnH8DshqLdA" "Mozilla/5.0 (Windows NT 6.3; WOW64; Trident/7.0; MAARJS; rv:11.0) like Gecko"
188.40.35.97 - - [03/Jan/2015:22:13:19 +0100] "POST /wp-cron.php?doing_wp_cron=1420319599.2829959392547607421875 HTTP/1.0" 200 - "-" "WordPress/4.0.1; http://www.a-und-h.de"
93.54.93.12 - - [03/Jan/2015:22:13:19 +0100] "POST /wp-login.php HTTP/1.1" 200 3898 "http://www.a-und-h.de/wp-login.php" "Mozilla/5.0 (Windows NT 6.1; WOW64) AppleWebKit/537.36 (KHTML like Gecko) Chrome/34.0.1847.116 Safari/537.36"
78.4.155.14 - - [03/Jan/2015:22:13:19 +0100] "POST /wp-login.php HTTP/1.1" 200 3898 "http://www.a-und-h.de/wp-login.php" "Mozilla/5.0 (Windows NT 6.1; Trident/7.0; rv:11.0) like Gecko"
78.4.33.122 - - [03/Jan/2015:22:13:20 +0100] "POST /wp-login.php HTTP/1.1" 200 3898 "http://www.a-und-h.de/wp-login.php" "Mozilla/5.0 (Windows NT 6.1; WOW64) AppleWebKit/537.4 (KHTML like Gecko) Chrome/22.0.1229.94 Safari/537.4"
89.96.106.215 - - [03/Jan/2015:22:13:21 +0100] "POST /wp-login.php HTTP/1.1" 200 3898 "http://www.a-und-h.de/wp-login.php" "Mozilla/5.0 (Windows NT 6.1; WOW64; rv:11.0) Gecko/20100101 Firefox/11.0"
93.61.27.38 - - [03/Jan/2015:22:13:22 +0100] "POST /wp-login.php HTTP/1.1" 200 3898 "http://www.a-und-h.de/wp-login.php" "Mozilla/5.0 (Windows NT 6.1; rv:13.0) Gecko/20100101 Firefox/13.0"
66.249.64.20 - - [03/Jan/2015:22:14:53 +0100] "GET /wp-content/themes/purevision/sliders/slider_de/piecemaker.swf?random_number=7163 HTTP/1.1" 200 208139 "-" "Mozilla/5.0 (compatible; Googlebot/2.1; +http://www.google.com/bot.html)"
199.30.25.17 - - [03/Jan/2015:22:18:11 +0100] "GET /wp-content/themes/purevision/styles/style1/images/feedback-btn.png HTTP/1.1" 200 2384 "http://www.a-und-h.de/produkte" "Mozilla/5.0 (Windows NT 6.1; WOW64) AppleWebKit/534+ (KHTML, like Gecko) BingPreview/1.0b"
199.30.25.17 - - [03/Jan/2015:22:18:11 +0100] "GET /wp-content/themes/purevision/styles/style1/images/double-arrow.png HTTP/1.1" 200 197 "http://www.a-und-h.de/produkte" "Mozilla/5.0 (Windows NT 6.1; WOW64) AppleWebKit/534+ (KHTML, like Gecko) BingPreview/1.0b"
180.76.6.45 - - [03/Jan/2015:22:32:46 +0100] "GET /wp-content/plugins/wp-slimbox2/javascript/slimbox2.js HTTP/1.1" 200 3777 "-" "Mozilla/5.0 (compatible; Baiduspider/2.0; +http://www.baidu.com/search/spider.html)"
141.8.147.20 - - [03/Jan/2015:22:39:04 +0100] "GET /products/equipment-construction HTTP/1.1" 500 256 "-" "Mozilla/5.0 (compatible; YandexBot/3.0; +http://yandex.com/bots)"
5.10.6.229 - - [03/Jan/2015:22:40:35 +0100] "GET / HTTP/1.1" 301 304 "-" "curl/7.26.0"
188.40.35.97 - - [03/Jan/2015:22:41:22 +0100] "POST /wp-cron.php?doing_wp_cron=1420321282.4227890968322753906250 HTTP/1.0" 200 - "-" "WordPress/4.0.1; http://www.a-und-h.de"
188.40.35.97 - - [03/Jan/2015:22:41:22 +0100] "POST /wp-cron.php?doing_wp_cron=1420321282.4235930442810058593750 HTTP/1.0" 200 - "-" "WordPress/4.0.1; http://www.a-und-h.de"
91.207.8.46 - - [03/Jan/2015:22:41:06 +0100] "GET / HTTP/1.1" 302 - "http://espeto.ru/" "Mozilla/4.0 (compatible; MSIE 6.0; Windows NT 5.1)"
91.207.8.46 - - [03/Jan/2015:22:41:08 +0100] "GET / HTTP/1.1" 302 - "http://espeto.ru/" "Mozilla/4.0 (compatible; MSIE 6.0; Windows NT 5.1)"
91.207.8.46 - - [03/Jan/2015:22:41:05 +0100] "GET / HTTP/1.1" 302 - "http://espeto.ru/" "Mozilla/4.0 (compatible; MSIE 6.0; Windows NT 5.1)"
188.40.35.97 - - [03/Jan/2015:22:41:22 +0100] "POST /wp-cron.php?doing_wp_cron=1420321282.4235930442810058593750 HTTP/1.0" 200 - "-" "WordPress/4.0.1; http://www.a-und-h.de"
180.76.6.134 - - [03/Jan/2015:22:47:46 +0100] "GET /wp-content/uploads/2014/08/Cleanroom140722.pdf HTTP/1.1" 200 401583 "-" "Mozilla/5.0 (compatible; Baiduspider/2.0; +http://www.baidu.com/search/spider.html)"
162.244.13.104 - - [03/Jan/2015:22:48:03 +0100] "GET /da-160-da-250-2 HTTP/1.1" 200 29494 "-" "Mozilla/4.0 (compatible; MSIE 6.0; Windows NT 5.1; SV1; Mozilla/4.0 (compatible; MSIE 6.0; Windows NT 5.1; SV1) ; .NET CLR 2.0.50727 ; .NET CLR 4.0.30319)"
66.249.64.24 - - [03/Jan/2015:22:52:16 +0100] "GET / HTTP/1.1" 302 - "-" "Mozilla/5.0 (iPhone; CPU iPhone OS 6_0 like Mac OS X) AppleWebKit/536.26 (KHTML, like Gecko) Version/6.0 Mobile/10A5376e Safari/8536.25 (compatible; Googlebot/2.1; +http://www.google.com/bot.html)"
66.249.64.24 - - [03/Jan/2015:22:52:37 +0100] "GET /de/ HTTP/1.1" 302 - "-" "Mozilla/5.0 (iPhone; CPU iPhone OS 6_0 like Mac OS X) AppleWebKit/536.26 (KHTML, like Gecko) Version/6.0 Mobile/10A5376e Safari/8536.25 (compatible; Googlebot/2.1; +http://www.google.com/bot.html)"
66.249.64.20 - - [03/Jan/2015:22:52:42 +0100] "GET /produkte HTTP/1.1" 200 24631 "-" "Mozilla/5.0 (iPhone; CPU iPhone OS 6_0 like Mac OS X) AppleWebKit/536.26 (KHTML, like Gecko) Version/6.0 Mobile/10A5376e Safari/8536.25 (compatible; Googlebot/2.1; +http://www.google.com/bot.html)"
66.249.64.24 - - [03/Jan/2015:23:03:36 +0100] "GET /kontakt-service HTTP/1.1" 200 23605 "-" "Mozilla/5.0 (iPhone; CPU iPhone OS 6_0 like Mac OS X) AppleWebKit/536.26 (KHTML, like Gecko) Version/6.0 Mobile/10A5376e Safari/8536.25 (compatible; Googlebot/2.1; +http://www.google.com/bot.html)"
66.249.64.20 - - [03/Jan/2015:23:14:20 +0100] "GET /wp-content/uploads/2012/03/MSR-Symbole+Kennbuchstaben.pdf HTTP/1.1" 304 - "-" "Mozilla/5.0 (compatible; Googlebot/2.1; +http://www.google.com/bot.html)"
157.55.39.66 - - [03/Jan/2015:23:22:42 +0100] "GET /wp-content/uploads/2012/03/MSR-Symbole+Kennbuchstaben.pdf HTTP/1.1" 200 511716 "-" "Mozilla/5.0 (compatible; bingbot/2.0; +http://www.bing.com/bingbot.htm)"
36.99.30.199 - - [03/Jan/2015:23:33:52 +0100] "GET / HTTP/1.1" 302 - "http://www.a-und-h.de/" "Mozilla/5.0 (Linux; U; Android 4.0.2; en-us; Galaxy Nexus Build/ICL53F) AppleWebKit/534.30 (KHTML, like Gecko) Version/4.0 Mobile Safari/534.30"
36.99.30.199 - - [03/Jan/2015:23:34:31 +0100] "GET /de/ HTTP/1.1" 302 - "http://www.a-und-h.de/" "Mozilla/5.0 (Linux; U; Android 4.0.2; en-us; Galaxy Nexus Build/ICL53F) AppleWebKit/534.30 (KHTML, like Gecko) Version/4.0 Mobile Safari/534.30"
36.99.30.199 - - [03/Jan/2015:23:34:33 +0100] "GET /produkte HTTP/1.1" 200 24635 "http://www.a-und-h.de/" "Mozilla/5.0 (Linux; U; Android 4.0.2; en-us; Galaxy Nexus Build/ICL53F) AppleWebKit/534.30 (KHTML, like Gecko) Version/4.0 Mobile Safari/534.30"
109.120.157.179 - - [03/Jan/2015:23:35:48 +0100] "GET / HTTP/1.1" 302 - "http://chimiver.info/" "Mozilla/5.0 (compatible; Add Catalog/2.1;)"
109.120.157.179 - - [03/Jan/2015:23:35:49 +0100] "GET / HTTP/1.1" 302 - "http://chimiver.info/" "Mozilla/5.0 (compatible; Add Catalog/2.1;)"
109.120.157.179 - - [03/Jan/2015:23:35:49 +0100] "GET / HTTP/1.1" 302 - "http://chimiver.info/" "Mozilla/5.0 (compatible; Add Catalog/2.1;)"
188.40.35.97 - - [04/Jan/2015:00:02:24 +0100] "POST /wp-cron.php?doing_wp_cron=1420326144.2636110782623291015625 HTTP/1.0" 200 - "-" "WordPress/4.0.1; http://www.a-und-h.de"
66.249.84.242 - - [04/Jan/2015:00:02:23 +0100] "GET /produkte/anlagenbau HTTP/1.1" 200 26863 "http://www.google.de/url?sa=t&rct=j&q=&esrc=s&source=web&cd=3&ved=0CEEQFjAB&url=http%3A%2F%2Fwww.a-und-h.de%2Fprodukte%2Fanlagenbau&ei=w3SoVIvqF4bmqgbAmQE&usg=AFQjCNFkYYE3pWtaxn3zPfUrTdGQvrurVA" "Mozilla/4.0 (compatible; MSIE 8.0; Windows NT 6.1; WOW64; Trident/4.0; GTB7.5; SLCC2; .NET CLR 2.0.50727; .NET CLR 3.5.30729; .NET CLR 3.0.30729; Media Center PC 6.0)"
66.249.84.242 - - [04/Jan/2015:00:02:27 +0100] "GET /wp-content/plugins/contact-form-7/includes/css/styles.css?ver=4.0.1 HTTP/1.1" 200 1103 "http://www.a-und-h.de/produkte/anlagenbau" "Mozilla/4.0 (compatible; MSIE 8.0; Windows NT 6.1; WOW64; Trident/4.0; GTB7.5; SLCC2; .NET CLR 2.0.50727; .NET CLR 3.5.30729; .NET CLR 3.0.30729; Media Center PC 6.0)"
66.249.84.128 - - [04/Jan/2015:00:02:27 +0100] "GET /wp-content/plugins/cookie-opt-in/css/style.css?ver=4.0.1 HTTP/1.1" 200 2316 "http://www.a-und-h.de/produkte/anlagenbau" "Mozilla/4.0 (compatible; MSIE 8.0; Windows NT 6.1; WOW64; Trident/4.0; GTB7.5; SLCC2; .NET CLR 2.0.50727; .NET CLR 3.5.30729; .NET CLR 3.0.30729; Media Center PC 6.0)"
66.249.84.236 - - [04/Jan/2015:00:02:28 +0100] "GET /wp-content/plugins/wp-slimbox2/css/slimbox2.css?ver=1.1 HTTP/1.1" 200 917 "http://www.a-und-h.de/produkte/anlagenbau" "Mozilla/4.0 (compatible; MSIE 8.0; Windows NT 6.1; WOW64; Trident/4.0; GTB7.5; SLCC2; .NET CLR 2.0.50727; .NET CLR 3.5.30729; .NET CLR 3.0.30729; Media Center PC 6.0)"
66.249.84.236 - - [04/Jan/2015:00:02:28 +0100] "GET /wp-content/plugins/category-posts/cat-posts.css?ver=4.0.1 HTTP/1.1" 200 833 "http://www.a-und-h.de/produkte/anlagenbau" "Mozilla/4.0 (compatible; MSIE 8.0; Windows NT 6.1; WOW64; Trident/4.0; GTB7.5; SLCC2; .NET CLR 2.0.50727; .NET CLR 3.5.30729; .NET CLR 3.0.30729; Media Center PC 6.0)"
66.249.84.128 - - [04/Jan/2015:00:02:28 +0100] "GET /wp-content/themes/purevision/styles/style1/css/text.css?ver=1.0 HTTP/1.1" 200 1819 "http://www.a-und-h.de/produkte/anlagenbau" "Mozilla/4.0 (compatible; MSIE 8.0; Windows NT 6.1; WOW64; Trident/4.0; GTB7.5; SLCC2; .NET CLR 2.0.50727; .NET CLR 3.5.30729; .NET CLR 3.0.30729; Media Center PC 6.0)"
66.249.84.242 - - [04/Jan/2015:00:02:28 +0100] "GET /wp-content/themes/purevision/scripts/superfish-1.4.8/css/superfish.css?ver=1.0 HTTP/1.1" 200 3275 "http://www.a-und-h.de/produkte/anlagenbau" "Mozilla/4.0 (compatible; MSIE 8.0; Windows NT 6.1; WOW64; Trident/4.0; GTB7.5; SLCC2; .NET CLR 2.0.50727; .NET CLR 3.5.30729; .NET CLR 3.0.30729; Media Center PC 6.0)"
66.249.84.236 - - [04/Jan/2015:00:02:29 +0100] "GET /wp-content/plugins/snow-storm/snow-storm.js?ver=1.41 HTTP/1.1" 200 9852 "http://www.a-und-h.de/produkte/anlagenbau" "Mozilla/4.0 (compatible; MSIE 8.0; Windows NT 6.1; WOW64; Trident/4.0; GTB7.5; SLCC2; .NET CLR 2.0.50727; .NET CLR 3.5.30729; .NET CLR 3.0.30729; Media Center PC 6.0)"
66.249.84.242 - - [04/Jan/2015:00:02:29 +0100] "GET /wp-content/themes/purevision/style.css?ver=1.0 HTTP/1.1" 200 885 "http://www.a-und-h.de/produkte/anlagenbau" "Mozilla/4.0 (compatible; MSIE 8.0; Windows NT 6.1; WOW64; Trident/4.0; GTB7.5; SLCC2; .NET CLR 2.0.50727; .NET CLR 3.5.30729; .NET CLR 3.0.30729; Media Center PC 6.0)"
66.249.84.242 - - [04/Jan/2015:00:02:29 +0100] "GET /wp-includes/js/jquery/jquery-migrate.min.js?ver=1.2.1 HTTP/1.1" 200 7200 "http://www.a-und-h.de/produkte/anlagenbau" "Mozilla/4.0 (compatible; MSIE 8.0; Windows NT 6.1; WOW64; Trident/4.0; GTB7.5; SLCC2; .NET CLR 2.0.50727; .NET CLR 3.5.30729; .NET CLR 3.0.30729; Media Center PC 6.0)"
66.249.84.236 - - [04/Jan/2015:00:02:29 +0100] "GET /wp-content/themes/purevision/styles/custom/custom_style.php?ver=4.0.1 HTTP/1.1" 200 4550 "http://www.a-und-h.de/produkte/anlagenbau" "Mozilla/4.0 (compatible; MSIE 8.0; Windows NT 6.1; WOW64; Trident/4.0; GTB7.5; SLCC2; .NET CLR 2.0.50727; .NET CLR 3.5.30729; .NET CLR 3.0.30729; Media Center PC 6.0)"
66.249.84.128 - - [04/Jan/2015:00:02:29 +0100] "GET /wp-includes/js/jquery/jquery.js?ver=1.11.1 HTTP/1.1" 200 95807 "http://www.a-und-h.de/produkte/anlagenbau" "Mozilla/4.0 (compatible; MSIE 8.0; Windows NT 6.1; WOW64; Trident/4.0; GTB7.5; SLCC2; .NET CLR 2.0.50727; .NET CLR 3.5.30729; .NET CLR 3.0.30729; Media Center PC 6.0)"
66.249.84.128 - - [04/Jan/2015:00:02:29 +0100] "GET /wp-content/plugins/wp-slimbox2/javascript/slimbox2.js?ver=2.04 HTTP/1.1" 200 3777 "http://www.a-und-h.de/produkte/anlagenbau" "Mozilla/4.0 (compatible; MSIE 8.0; Windows NT 6.1; WOW64; Trident/4.0; GTB7.5; SLCC2; .NET CLR 2.0.50727; .NET CLR 3.5.30729; .NET CLR 3.0.30729; Media Center PC 6.0)"
66.249.84.236 - - [04/Jan/2015:00:02:30 +0100] "GET /wp-content/plugins/wp-slimbox2/javascript/slimbox2_autoload.js?ver=1.0.4b HTTP/1.1" 200 3027 "http://www.a-und-h.de/produkte/anlagenbau" "Mozilla/4.0 (compatible; MSIE 8.0; Windows NT 6.1; WOW64; Trident/4.0; GTB7.5; SLCC2; .NET CLR 2.0.50727; .NET CLR 3.5.30729; .NET CLR 3.0.30729; Media Center PC 6.0)"
66.249.84.236 - - [04/Jan/2015:00:02:29 +0100] "GET /wp-content/themes/purevision/styles/common-css/960.css?ver=1.0 HTTP/1.1" 200 7707 "http://www.a-und-h.de/produkte/anlagenbau" "Mozilla/4.0 (compatible; MSIE 8.0; Windows NT 6.1; WOW64; Trident/4.0; GTB7.5; SLCC2; .NET CLR 2.0.50727; .NET CLR 3.5.30729; .NET CLR 3.0.30729; Media Center PC 6.0)"
66.249.84.128 - - [04/Jan/2015:00:02:29 +0100] "GET /wp-content/plugins/cookie-opt-in/js/cookie-opt-in.js?ver=1 HTTP/1.1" 200 9405 "http://www.a-und-h.de/produkte/anlagenbau" "Mozilla/4.0 (compatible; MSIE 8.0; Windows NT 6.1; WOW64; Trident/4.0; GTB7.5; SLCC2; .NET CLR 2.0.50727; .NET CLR 3.5.30729; .NET CLR 3.0.30729; Media Center PC 6.0)"
66.249.84.236 - - [04/Jan/2015:00:02:30 +0100] "GET /wp-content/themes/purevision/scripts/superfish-1.4.8/js/superfish.combined.js?ver=1.0.0 HTTP/1.1" 200 5387 "http://www.a-und-h.de/produkte/anlagenbau" "Mozilla/4.0 (compatible; MSIE 8.0; Windows NT 6.1; WOW64; Trident/4.0; GTB7.5; SLCC2; .NET CLR 2.0.50727; .NET CLR 3.5.30729; .NET CLR 3.0.30729; Media Center PC 6.0)"
66.249.84.242 - - [04/Jan/2015:00:02:30 +0100] "GET /wp-content/themes/purevision/scripts/script.js?ver=1.0 HTTP/1.1" 200 7495 "http://www.a-und-h.de/produkte/anlagenbau" "Mozilla/4.0 (compatible; MSIE 8.0; Windows NT 6.1; WOW64; Trident/4.0; GTB7.5; SLCC2; .NET CLR 2.0.50727; .NET CLR 3.5.30729; .NET CLR 3.0.30729; Media Center PC 6.0)"
66.249.84.236 - - [04/Jan/2015:00:02:30 +0100] "GET /wp-content/plugins/newsletter/subscription/styles/widget-neutral.css HTTP/1.1" 200 1018 "http://www.a-und-h.de/produkte/anlagenbau" "Mozilla/4.0 (compatible; MSIE 8.0; Windows NT 6.1; WOW64; Trident/4.0; GTB7.5; SLCC2; .NET CLR 2.0.50727; .NET CLR 3.5.30729; .NET CLR 3.0.30729; Media Center PC 6.0)"
66.249.84.236 - - [04/Jan/2015:00:02:30 +0100] "GET /wp-content/themes/purevision/styles/common-css/reset.css?ver=1.0 HTTP/1.1" 200 1004 "http://www.a-und-h.de/produkte/anlagenbau" "Mozilla/4.0 (compatible; MSIE 8.0; Windows NT 6.1; WOW64; Trident/4.0; GTB7.5; SLCC2; .NET CLR 2.0.50727; .NET CLR 3.5.30729; .NET CLR 3.0.30729; Media Center PC 6.0)"
66.249.84.128 - - [04/Jan/2015:00:02:30 +0100] "GET /wp-content/themes/purevision/styles/common-css/ie-all.css HTTP/1.1" 200 1234 "http://www.a-und-h.de/produkte/anlagenbau" "Mozilla/4.0 (compatible; MSIE 8.0; Windows NT 6.1; WOW64; Trident/4.0; GTB7.5; SLCC2; .NET CLR 2.0.50727; .NET CLR 3.5.30729; .NET CLR 3.0.30729; Media Center PC 6.0)"
66.249.84.236 - - [04/Jan/2015:00:02:29 +0100] "GET /wp-content/themes/purevision/styles/style1/css/style.css?ver=1.0 HTTP/1.1" 200 72108 "http://www.a-und-h.de/produkte/anlagenbau" "Mozilla/4.0 (compatible; MSIE 8.0; Windows NT 6.1; WOW64; Trident/4.0; GTB7.5; SLCC2; .NET CLR 2.0.50727; .NET CLR 3.5.30729; .NET CLR 3.0.30729; Media Center PC 6.0)"
66.249.84.236 - - [04/Jan/2015:00:02:34 +0100] "GET /wp-content/plugins/wp-table-reloaded/css/plugin.css?ver=1.9.4 HTTP/1.1" 200 980 "http://www.a-und-h.de/produkte/anlagenbau" "Mozilla/4.0 (compatible; MSIE 8.0; Windows NT 6.1; WOW64; Trident/4.0; GTB7.5; SLCC2; .NET CLR 2.0.50727; .NET CLR 3.5.30729; .NET CLR 3.0.30729; Media Center PC 6.0)"
66.249.84.242 - - [04/Jan/2015:00:02:34 +0100] "GET /wp-content/plugins/wp-table-reloaded/css/datatables.css?ver=1.9.4 HTTP/1.1" 200 2329 "http://www.a-und-h.de/produkte/anlagenbau" "Mozilla/4.0 (compatible; MSIE 8.0; Windows NT 6.1; WOW64; Trident/4.0; GTB7.5; SLCC2; .NET CLR 2.0.50727; .NET CLR 3.5.30729; .NET CLR 3.0.30729; Media Center PC 6.0)"
66.249.84.236 - - [04/Jan/2015:00:02:35 +0100] "GET /wp-content/plugins/polylang/flags/en_US.png HTTP/1.1" 200 599 "http://www.a-und-h.de/produkte/anlagenbau" "Mozilla/4.0 (compatible; MSIE 8.0; Windows NT 6.1; WOW64; Trident/4.0; GTB7.5; SLCC2; .NET CLR 2.0.50727; .NET CLR 3.5.30729; .NET CLR 3.0.30729; Media Center PC 6.0)"
66.249.84.236 - - [04/Jan/2015:00:02:35 +0100] "GET /wp-content/plugins/polylang/flags/de_DE.png HTTP/1.1" 200 545 "http://www.a-und-h.de/produkte/anlagenbau" "Mozilla/4.0 (compatible; MSIE 8.0; Windows NT 6.1; WOW64; Trident/4.0; GTB7.5; SLCC2; .NET CLR 2.0.50727; .NET CLR 3.5.30729; .NET CLR 3.0.30729; Media Center PC 6.0)"
66.249.84.242 - - [04/Jan/2015:00:02:35 +0100] "GET /wp-content/themes/purevision/styles/style1/images/menu-active-btn_l.png HTTP/1.1" 200 754 "http://www.a-und-h.de/produkte/anlagenbau" "Mozilla/4.0 (compatible; MSIE 8.0; Windows NT 6.1; WOW64; Trident/4.0; GTB7.5; SLCC2; .NET CLR 2.0.50727; .NET CLR 3.5.30729; .NET CLR 3.0.30729; Media Center PC 6.0)"
66.249.84.242 - - [04/Jan/2015:00:02:36 +0100] "GET /wp-content/themes/purevision/styles/style1/images/feedback-btn.png HTTP/1.1" 200 2384 "http://www.a-und-h.de/produkte/anlagenbau" "Mozilla/4.0 (compatible; MSIE 8.0; Windows NT 6.1; WOW64; Trident/4.0; GTB7.5; SLCC2; .NET CLR 2.0.50727; .NET CLR 3.5.30729; .NET CLR 3.0.30729; Media Center PC 6.0)"
66.249.84.236 - - [04/Jan/2015:00:02:36 +0100] "GET /wp-content/themes/purevision/styles/style1/images/menu-active-with-arrow-btn_r.png HTTP/1.1" 200 318 "http://www.a-und-h.de/produkte/anlagenbau" "Mozilla/4.0 (compatible; MSIE 8.0; Windows NT 6.1; WOW64; Trident/4.0; GTB7.5; SLCC2; .NET CLR 2.0.50727; .NET CLR 3.5.30729; .NET CLR 3.0.30729; Media Center PC 6.0)"
66.249.84.128 - - [04/Jan/2015:00:02:36 +0100] "GET /wp-content/themes/purevision/scripts/superfish-1.4.8/images/auto-arrows.png HTTP/1.1" 200 295 "http://www.a-und-h.de/produkte/anlagenbau" "Mozilla/4.0 (compatible; MSIE 8.0; Windows NT 6.1; WOW64; Trident/4.0; GTB7.5; SLCC2; .NET CLR 2.0.50727; .NET CLR 3.5.30729; .NET CLR 3.0.30729; Media Center PC 6.0)"
66.249.84.236 - - [04/Jan/2015:00:02:36 +0100] "GET /wp-content/themes/purevision/styles/style1/images/menu-active-btn_r.png HTTP/1.1" 200 967 "http://www.a-und-h.de/produkte/anlagenbau" "Mozilla/4.0 (compatible; MSIE 8.0; Windows NT 6.1; WOW64; Trident/4.0; GTB7.5; SLCC2; .NET CLR 2.0.50727; .NET CLR 3.5.30729; .NET CLR 3.0.30729; Media Center PC 6.0)"
66.249.84.242 - - [04/Jan/2015:00:02:36 +0100] "GET /wp-content/themes/purevision/styles/style1/images/menu-btn_l.png HTTP/1.1" 200 767 "http://www.a-und-h.de/produkte/anlagenbau" "Mozilla/4.0 (compatible; MSIE 8.0; Windows NT 6.1; WOW64; Trident/4.0; GTB7.5; SLCC2; .NET CLR 2.0.50727; .NET CLR 3.5.30729; .NET CLR 3.0.30729; Media Center PC 6.0)"
66.249.84.236 - - [04/Jan/2015:00:02:36 +0100] "GET /wp-content/themes/purevision/styles/style1/images/menu-with-arrow-btn_r.png HTTP/1.1" 200 322 "http://www.a-und-h.de/produkte/anlagenbau" "Mozilla/4.0 (compatible; MSIE 8.0; Windows NT 6.1; WOW64; Trident/4.0; GTB7.5; SLCC2; .NET CLR 2.0.50727; .NET CLR 3.5.30729; .NET CLR 3.0.30729; Media Center PC 6.0)"
66.249.84.236 - - [04/Jan/2015:00:02:36 +0100] "GET /wp-content/themes/purevision/styles/style1/images/menu-btn_r.png HTTP/1.1" 200 670 "http://www.a-und-h.de/produkte/anlagenbau" "Mozilla/4.0 (compatible; MSIE 8.0; Windows NT 6.1; WOW64; Trident/4.0; GTB7.5; SLCC2; .NET CLR 2.0.50727; .NET CLR 3.5.30729; .NET CLR 3.0.30729; Media Center PC 6.0)"
66.249.84.236 - - [04/Jan/2015:00:02:37 +0100] "GET /wp-content/uploads/2014/10/Luftentfeuchtungsanlage-Anlagenbau-300x267.jpg HTTP/1.1" 200 13934 "http://www.a-und-h.de/produkte/anlagenbau" "Mozilla/4.0 (compatible; MSIE 8.0; Windows NT 6.1; WOW64; Trident/4.0; GTB7.5; SLCC2; .NET CLR 2.0.50727; .NET CLR 3.5.30729; .NET CLR 3.0.30729; Media Center PC 6.0)"
66.249.84.236 - - [04/Jan/2015:00:02:37 +0100] "GET /wp-content/uploads/2014/10/Luftentfeuchtungsanlage-300x178.jpg HTTP/1.1" 200 13777 "http://www.a-und-h.de/produkte/anlagenbau" "Mozilla/4.0 (compatible; MSIE 8.0; Windows NT 6.1; WOW64; Trident/4.0; GTB7.5; SLCC2; .NET CLR 2.0.50727; .NET CLR 3.5.30729; .NET CLR 3.0.30729; Media Center PC 6.0)"
66.249.84.236 - - [04/Jan/2015:00:02:37 +0100] "GET /wp-content/uploads/2014/10/Anlagenbau-Banner-1024x266.jpg HTTP/1.1" 200 26280 "http://www.a-und-h.de/produkte/anlagenbau" "Mozilla/4.0 (compatible; MSIE 8.0; Windows NT 6.1; WOW64; Trident/4.0; GTB7.5; SLCC2; .NET CLR 2.0.50727; .NET CLR 3.5.30729; .NET CLR 3.0.30729; Media Center PC 6.0)"
66.249.84.236 - - [04/Jan/2015:00:02:37 +0100] "GET /wp-content/uploads/2014/10/Luftentfeuchtungssystem-300x250.jpg HTTP/1.1" 200 15242 "http://www.a-und-h.de/produkte/anlagenbau" "Mozilla/4.0 (compatible; MSIE 8.0; Windows NT 6.1; WOW64; Trident/4.0; GTB7.5; SLCC2; .NET CLR 2.0.50727; .NET CLR 3.5.30729; .NET CLR 3.0.30729; Media Center PC 6.0)"
66.249.84.128 - - [04/Jan/2015:00:02:37 +0100] "GET /wp-content/uploads/twitter.png HTTP/1.1" 200 1258 "http://www.a-und-h.de/produkte/anlagenbau" "Mozilla/4.0 (compatible; MSIE 8.0; Windows NT 6.1; WOW64; Trident/4.0; GTB7.5; SLCC2; .NET CLR 2.0.50727; .NET CLR 3.5.30729; .NET CLR 3.0.30729; Media Center PC 6.0)"
66.249.84.128 - - [04/Jan/2015:00:02:37 +0100] "GET /wp-content/uploads/google.png HTTP/1.1" 200 1718 "http://www.a-und-h.de/produkte/anlagenbau" "Mozilla/4.0 (compatible; MSIE 8.0; Windows NT 6.1; WOW64; Trident/4.0; GTB7.5; SLCC2; .NET CLR 2.0.50727; .NET CLR 3.5.30729; .NET CLR 3.0.30729; Media Center PC 6.0)"
66.249.84.242 - - [04/Jan/2015:00:02:37 +0100] "GET /wp-content/uploads/xing.png HTTP/1.1" 200 1343 "http://www.a-und-h.de/produkte/anlagenbau" "Mozilla/4.0 (compatible; MSIE 8.0; Windows NT 6.1; WOW64; Trident/4.0; GTB7.5; SLCC2; .NET CLR 2.0.50727; .NET CLR 3.5.30729; .NET CLR 3.0.30729; Media Center PC 6.0)"
66.249.84.236 - - [04/Jan/2015:00:02:37 +0100] "GET /wp-content/uploads/facebook.png HTTP/1.1" 200 807 "http://www.a-und-h.de/produkte/anlagenbau" "Mozilla/4.0 (compatible; MSIE 8.0; Windows NT 6.1; WOW64; Trident/4.0; GTB7.5; SLCC2; .NET CLR 2.0.50727; .NET CLR 3.5.30729; .NET CLR 3.0.30729; Media Center PC 6.0)"
66.249.84.175 - - [04/Jan/2015:00:02:38 +0100] "GET /wp-content/uploads/2012/03/a_und_h_logo.jpg HTTP/1.1" 301 348 "http://www.a-und-h.de/produkte/anlagenbau" "Mozilla/4.0 (compatible; MSIE 8.0; Windows NT 6.1; WOW64; Trident/4.0; GTB7.5; SLCC2; .NET CLR 2.0.50727; .NET CLR 3.5.30729; .NET CLR 3.0.30729; Media Center PC 6.0)"
66.249.84.128 - - [04/Jan/2015:00:02:38 +0100] "GET /wp-content/themes/purevision/styles/style1/images/searchbox.png HTTP/1.1" 200 2646 "http://www.a-und-h.de/produkte/anlagenbau" "Mozilla/4.0 (compatible; MSIE 8.0; Windows NT 6.1; WOW64; Trident/4.0; GTB7.5; SLCC2; .NET CLR 2.0.50727; .NET CLR 3.5.30729; .NET CLR 3.0.30729; Media Center PC 6.0)"
66.249.84.242 - - [04/Jan/2015:00:02:38 +0100] "GET /wp-content/themes/purevision/scripts/superfish-1.4.8/images/sf-menu-bg.png HTTP/1.1" 200 1869 "http://www.a-und-h.de/produkte/anlagenbau" "Mozilla/4.0 (compatible; MSIE 8.0; Windows NT 6.1; WOW64; Trident/4.0; GTB7.5; SLCC2; .NET CLR 2.0.50727; .NET CLR 3.5.30729; .NET CLR 3.0.30729; Media Center PC 6.0)"
66.249.84.242 - - [04/Jan/2015:00:02:38 +0100] "GET /piwik/piwik.js HTTP/1.1" 200 18716 "http://www.a-und-h.de/produkte/anlagenbau" "Mozilla/4.0 (compatible; MSIE 8.0; Windows NT 6.1; WOW64; Trident/4.0; GTB7.5; SLCC2; .NET CLR 2.0.50727; .NET CLR 3.5.30729; .NET CLR 3.0.30729; Media Center PC 6.0)"
66.249.84.236 - - [04/Jan/2015:00:02:39 +0100] "GET /wp-content/uploads/2012/03/a_und_h_logo.jpg HTTP/1.1" 200 5378 "http://www.a-und-h.de/produkte/anlagenbau" "Mozilla/4.0 (compatible; MSIE 8.0; Windows NT 6.1; WOW64; Trident/4.0; GTB7.5; SLCC2; .NET CLR 2.0.50727; .NET CLR 3.5.30729; .NET CLR 3.0.30729; Media Center PC 6.0)"
66.249.84.169 - - [04/Jan/2015:00:02:39 +0100] "GET /wp-content/uploads/2012/03/background3.png HTTP/1.1" 301 347 "http://www.a-und-h.de/produkte/anlagenbau" "Mozilla/4.0 (compatible; MSIE 8.0; Windows NT 6.1; WOW64; Trident/4.0; GTB7.5; SLCC2; .NET CLR 2.0.50727; .NET CLR 3.5.30729; .NET CLR 3.0.30729; Media Center PC 6.0)"
66.249.84.128 - - [04/Jan/2015:00:02:39 +0100] "GET /wp-content/uploads/2012/03/background3.png HTTP/1.1" 200 6997 "http://www.a-und-h.de/produkte/anlagenbau" "Mozilla/4.0 (compatible; MSIE 8.0; Windows NT 6.1; WOW64; Trident/4.0; GTB7.5; SLCC2; .NET CLR 2.0.50727; .NET CLR 3.5.30729; .NET CLR 3.0.30729; Media Center PC 6.0)"
66.249.84.236 - - [04/Jan/2015:00:02:40 +0100] "GET /wp-content/themes/purevision/styles/style1/images/double-arrow.png HTTP/1.1" 200 197 "http://www.a-und-h.de/produkte/anlagenbau" "Mozilla/4.0 (compatible; MSIE 8.0; Windows NT 6.1; WOW64; Trident/4.0; GTB7.5; SLCC2; .NET CLR 2.0.50727; .NET CLR 3.5.30729; .NET CLR 3.0.30729; Media Center PC 6.0)"
66.249.84.236 - - [04/Jan/2015:00:02:42 +0100] "GET /wp-content/plugins/cookie-opt-in/js/cookie-opt-in-if.js?ver=1 HTTP/1.1" 200 1119 "http://www.a-und-h.de/produkte/anlagenbau" "Mozilla/4.0 (compatible; MSIE 8.0; Windows NT 6.1; WOW64; Trident/4.0; GTB7.5; SLCC2; .NET CLR 2.0.50727; .NET CLR 3.5.30729; .NET CLR 3.0.30729; Media Center PC 6.0)"
66.249.84.242 - - [04/Jan/2015:00:02:45 +0100] "GET /wp-includes/js/comment-reply.min.js?ver=4.0.1 HTTP/1.1" 200 757 "http://www.a-und-h.de/produkte/anlagenbau" "Mozilla/4.0 (compatible; MSIE 8.0; Windows NT 6.1; WOW64; Trident/4.0; GTB7.5; SLCC2; .NET CLR 2.0.50727; .NET CLR 3.5.30729; .NET CLR 3.0.30729; Media Center PC 6.0)"
66.249.84.242 - - [04/Jan/2015:00:02:46 +0100] "GET /wp-content/plugins/contact-form-7/includes/js/jquery.form.min.js?ver=3.51.0-2014.06.20 HTTP/1.1" 200 15248 "http://www.a-und-h.de/produkte/anlagenbau" "Mozilla/4.0 (compatible; MSIE 8.0; Windows NT 6.1; WOW64; Trident/4.0; GTB7.5; SLCC2; .NET CLR 2.0.50727; .NET CLR 3.5.30729; .NET CLR 3.0.30729; Media Center PC 6.0)"
66.249.84.128 - - [04/Jan/2015:00:02:51 +0100] "GET /wp-content/plugins/contact-form-7/includes/js/scripts.js?ver=4.0.1 HTTP/1.1" 200 9658 "http://www.a-und-h.de/produkte/anlagenbau" "Mozilla/4.0 (compatible; MSIE 8.0; Windows NT 6.1; WOW64; Trident/4.0; GTB7.5; SLCC2; .NET CLR 2.0.50727; .NET CLR 3.5.30729; .NET CLR 3.0.30729; Media Center PC 6.0)"
66.249.84.236 - - [04/Jan/2015:00:02:54 +0100] "GET /produkte/www.a-und-h.de/favicon.ico HTTP/1.1" 404 22073 "-" "Mozilla/4.0 (compatible; MSIE 8.0; Windows NT 6.1; WOW64; Trident/4.0; GTB7.5; SLCC2; .NET CLR 2.0.50727; .NET CLR 3.5.30729; .NET CLR 3.0.30729; Media Center PC 6.0)"
66.249.84.128 - - [04/Jan/2015:00:03:00 +0100] "GET /wp-content/plugins/wp-slimbox2/images/de_DE/closelabel-de.gif HTTP/1.1" 200 886 "http://www.a-und-h.de/produkte/anlagenbau" "Mozilla/4.0 (compatible; MSIE 8.0; Windows NT 6.1; WOW64; Trident/4.0; GTB7.5; SLCC2; .NET CLR 2.0.50727; .NET CLR 3.5.30729; .NET CLR 3.0.30729; Media Center PC 6.0)"
66.249.84.128 - - [04/Jan/2015:00:02:42 +0100] "GET /piwik/piwik.php?action_name=Anlagenbau%20%7C%20A%2BH%20Adsorp&idsite=1&rec=1&r=175151&h=15&m=2&s=26&url=http%3A%2F%2Fwww.a-und-h.de%2Fprodukte%2Fanlagenbau&urlref=http%3A%2F%2Fwww.google.de%2Furl%3Fsa%3Dt%26rct%3Dj%26q%3D%26esrc%3Ds%26source%3Dweb%26cd%3D3%26ved%3D0CEEQFjAB%26url%3Dhttp%253A%252F%252Fwww.a-und-h.de%252Fprodukte%252Fanlagenbau%26ei%3Dw3SoVIvqF4bmqgbAmQE%26usg%3DAFQjCNFkYYE3pWtaxn3zPfUrTdGQvrurVA&_id=94324bb045c3823b&_idts=1420326146&_idvc=1&_idn=1&_refts=1420326146&_viewts=1420326146&_ref=http%3A%2F%2Fwww.google.de%2Furl%3Fsa%3Dt%26rct%3Dj%26q%3D%26esrc%3Ds%26source%3Dweb%26cd%3D3%26ved%3D0CEEQFjAB%26url%3Dhttp%253A%252F%252Fwww.a-und-h.de%252Fprodukte%252Fanlagenbau%26ei%3Dw3SoVIvqF4bmqgbAmQE%26usg%3DAFQjCNFkYYE3pWtaxn3zPfUrTdGQvrurVA&java=1&res=1024x768&cookie=1 HTTP/1.1" 200 970 "http://www.a-und-h.de/produkte/anlagenbau" "Mozilla/4.0 (compatible; MSIE 8.0; Windows NT 6.1; WOW64; Trident/4.0; GTB7.5; SLCC2; .NET CLR 2.0.50727; .NET CLR 3.5.30729; .NET CLR 3.0.30729; Media Center PC 6.0)"
94.153.11.109 - - [04/Jan/2015:00:08:44 +0100] "GET / HTTP/1.1" 302 - "http://banan.tv/" "Mozilla/4.0 (compatible; MSIE 5.0; Windows 2000) Opera 6.0 [en]"
94.153.11.109 - - [04/Jan/2015:00:08:45 +0100] "GET / HTTP/1.1" 302 - "http://banan.tv/" "Mozilla/4.0 (compatible; MSIE 5.0; Windows 2000) Opera 6.0 [en]"
94.153.11.109 - - [04/Jan/2015:00:08:45 +0100] "GET / HTTP/1.1" 302 - "http://banan.tv/" "Mozilla/4.0 (compatible; MSIE 5.0; Windows 2000) Opera 6.0 [en]"
66.249.64.24 - - [04/Jan/2015:00:12:54 +0100] "GET /wp-content/uploads/downloads/Powder.pdf HTTP/1.1" 304 - "-" "Mozilla/5.0 (compatible; Googlebot/2.1; +http://www.google.com/bot.html)"
141.8.147.20 - - [04/Jan/2015:00:20:03 +0100] "GET /air-dehumidification/application-examples HTTP/1.1" 200 34603 "-" "Mozilla/5.0 (compatible; YandexBot/3.0; +http://yandex.com/bots)"
141.8.147.20 - - [04/Jan/2015:00:22:57 +0100] "GET /products/equipment-construction HTTP/1.1" 200 22840 "-" "Mozilla/5.0 (compatible; YandexBot/3.0; +http://yandex.com/bots)"
141.8.147.20 - - [04/Jan/2015:00:23:25 +0100] "GET /products/equipment-construction HTTP/1.1" 200 22840 "-" "Mozilla/5.0 (compatible; YandexBot/3.0; +http://yandex.com/bots)"
66.249.64.24 - - [04/Jan/2015:00:37:51 +0100] "GET /produkte HTTP/1.1" 200 24631 "-" "Mozilla/5.0 (iPhone; CPU iPhone OS 6_0 like Mac OS X) AppleWebKit/536.26 (KHTML, like Gecko) Version/6.0 Mobile/10A5376e Safari/8536.25 (compatible; Googlebot/2.1; +http://www.google.com/bot.html)"
66.249.64.24 - - [04/Jan/2015:00:58:57 +0100] "GET /luftentfeuchtung HTTP/1.1" 200 24910 "-" "Mozilla/5.0 (compatible; Googlebot/2.1; +http://www.google.com/bot.html)"
207.46.13.29 - - [04/Jan/2015:01:09:16 +0100] "GET /luftentfeuchtung/anwendungsbereiche HTTP/1.1" 200 36781 "-" "Mozilla/5.0 (compatible; bingbot/2.0; +http://www.bing.com/bingbot.htm)"
182.118.20.211 - - [04/Jan/2015:01:13:14 +0100] "GET / HTTP/1.1" 301 305 "http://a-und-h.de/" "Mozilla/5.0 (compatible; MSIE 9.0; Windows NT 6.1; Trident/5.0); 360Spider"
182.118.20.212 - - [04/Jan/2015:01:13:20 +0100] "GET / HTTP/1.1" 302 - "http://a-und-h.de/" "Mozilla/5.0 (compatible; MSIE 9.0; Windows NT 6.1; Trident/5.0); 360Spider"
182.118.20.211 - - [04/Jan/2015:01:13:26 +0100] "GET /de/ HTTP/1.1" 200 26581 "http://a-und-h.de/" "Mozilla/5.0 (compatible; MSIE 9.0; Windows NT 6.1; Trident/5.0); 360Spider"
157.55.39.66 - - [04/Jan/2015:01:22:16 +0100] "GET /luftentfeuchtung/prinzip HTTP/1.1" 200 24304 "-" "Mozilla/5.0 (compatible; bingbot/2.0; +http://www.bing.com/bingbot.htm)"
95.85.47.123 - - [04/Jan/2015:01:27:01 +0100] "GET /robots.txt HTTP/1.1" 200 35 "-" "Mozilla/5.0 (Windows; U; Windows NT 6.1; en-US) AppleWebKit/534.16 (KHTML, like Gecko) Chrome/10.0.648.204 Safari/534.16"
95.85.47.123 - - [04/Jan/2015:01:27:02 +0100] "GET /de/ HTTP/1.1" 500 256 "-" "Mozilla/5.0 (Windows; U; Windows NT 6.1; en-US) AppleWebKit/534.16 (KHTML, like Gecko) Chrome/10.0.648.204 Safari/534.16"
222.96.187.61 - - [04/Jan/2015:01:33:42 +0100] "GET /wp-content/uploads/2012/05/Lifeboats.jpg HTTP/1.1" 200 24176 "-" "Mozilla/5.0 (compatible; MSIE 10.0; Windows NT 6.1; WOW64; Trident/6.0)"
188.100.46.11 - - [04/Jan/2015:01:53:32 +0100] "GET /easy/1.JPG HTTP/1.1" 404 22048 "http://easy-forum.net/index.php?PHPSESSID=97bg5s09gukh4psecsm1b1q7n0&topic=6923.0" "Mozilla/5.0 (Linux; U; Android 4.0.3; de-de; MD_LIFETAB_P9516 Build/IML74K) AppleWebKit/534.30 (KHTML, like Gecko) Version/4.0 Safari/534.30"
188.100.46.11 - - [04/Jan/2015:01:53:32 +0100] "GET /easy/3.JPG HTTP/1.1" 404 22048 "http://easy-forum.net/index.php?PHPSESSID=97bg5s09gukh4psecsm1b1q7n0&topic=6923.0" "Mozilla/5.0 (Linux; U; Android 4.0.3; de-de; MD_LIFETAB_P9516 Build/IML74K) AppleWebKit/534.30 (KHTML, like Gecko) Version/4.0 Safari/534.30"
188.100.46.11 - - [04/Jan/2015:01:53:32 +0100] "GET /easy/2.JPG HTTP/1.1" 404 22048 "http://easy-forum.net/index.php?PHPSESSID=97bg5s09gukh4psecsm1b1q7n0&topic=6923.0" "Mozilla/5.0 (Linux; U; Android 4.0.3; de-de; MD_LIFETAB_P9516 Build/IML74K) AppleWebKit/534.30 (KHTML, like Gecko) Version/4.0 Safari/534.30"
66.249.64.28 - - [04/Jan/2015:02:10:07 +0100] "GET / HTTP/1.1" 302 - "-" "Mozilla/5.0 (compatible; Googlebot/2.1; +http://www.google.com/bot.html)"
66.249.64.20 - - [04/Jan/2015:02:10:08 +0100] "GET /de/ HTTP/1.1" 200 26581 "-" "Mozilla/5.0 (compatible; Googlebot/2.1; +http://www.google.com/bot.html)"
134.249.51.137 - - [04/Jan/2015:02:16:04 +0100] "GET / HTTP/1.1" 302 - "http://bithack.ru/" "Mozilla/4.0 (compatible; MSIE 7.0b; Windows NT 6.0 ; .NET CLR 2.0.50215; SL Commerce Client v1.0; Tablet PC 2.0"
134.249.51.137 - - [04/Jan/2015:02:16:05 +0100] "GET / HTTP/1.1" 302 - "http://bithack.ru/" "Mozilla/4.0 (compatible; MSIE 7.0b; Windows NT 6.0 ; .NET CLR 2.0.50215; SL Commerce Client v1.0; Tablet PC 2.0"
134.249.51.137 - - [04/Jan/2015:02:16:05 +0100] "GET / HTTP/1.1" 302 - "http://bithack.ru/" "Mozilla/4.0 (compatible; MSIE 7.0b; Windows NT 6.0 ; .NET CLR 2.0.50215; SL Commerce Client v1.0; Tablet PC 2.0"
66.249.64.20 - - [04/Jan/2015:02:16:22 +0100] "GET /wp-content/themes/purevision/styles/common-css/reset.css?ver=1.0 HTTP/1.1" 200 1004 "-" "Mozilla/5.0 (compatible; Googlebot/2.1; +http://www.google.com/bot.html)"
66.249.64.24 - - [04/Jan/2015:02:16:23 +0100] "GET /wp-content/themes/purevision/style.css?ver=1.0 HTTP/1.1" 200 885 "-" "Mozilla/5.0 (compatible; Googlebot/2.1; +http://www.google.com/bot.html)"
66.249.64.24 - - [04/Jan/2015:02:16:25 +0100] "GET /wp-content/themes/purevision/scripts/superfish-1.4.8/css/superfish.css?ver=1.0 HTTP/1.1" 200 3275 "-" "Mozilla/5.0 (compatible; Googlebot/2.1; +http://www.google.com/bot.html)"
66.249.64.24 - - [04/Jan/2015:02:16:26 +0100] "GET /wp-content/plugins/wp-slimbox2/css/slimbox2.css?ver=1.1 HTTP/1.1" 200 917 "-" "Mozilla/5.0 (compatible; Googlebot/2.1; +http://www.google.com/bot.html)"
