178.255.215.80 - - [03/Jan/2015:07:18:14 +0100] "GET /luftentfeuchtung HTTP/1.1" 200 24910 "-" "Mozilla/5.0 (compatible; Exabot/3.0 (BiggerBetter); +http://www.exabot.com/go/robot)"
134.249.51.137 - - [03/Jan/2015:07:20:01 +0100] "GET / HTTP/1.1" 302 - "http://lider82.ru/" "Mozilla/4.0 (compatible; MSIE 6.0; Windows NT 5.1; MRA 4.3 (build 01218); .NET CLR 1.1.4322)"
134.249.51.137 - - [03/Jan/2015:07:20:02 +0100] "GET / HTTP/1.1" 302 - "http://lider82.ru/" "Mozilla/4.0 (compatible; MSIE 6.0; Windows NT 5.1; MRA 4.3 (build 01218); .NET CLR 1.1.4322)"
134.249.51.137 - - [03/Jan/2015:07:20:02 +0100] "GET / HTTP/1.1" 302 - "http://lider82.ru/" "Mozilla/4.0 (compatible; MSIE 6.0; Windows NT 5.1; MRA 4.3 (build 01218); .NET CLR 1.1.4322)"
188.40.35.97 - - [03/Jan/2015:07:40:24 +0100] "POST /wp-cron.php?doing_wp_cron=1420267224.8363919258117675781250 HTTP/1.0" 200 - "-" "WordPress/4.0.1; http://www.a-und-h.de"
66.249.64.28 - - [03/Jan/2015:07:40:24 +0100] "GET /produkte HTTP/1.1" 200 24631 "-" "Mozilla/5.0 (iPhone; CPU iPhone OS 6_0 like Mac OS X) AppleWebKit/536.26 (KHTML, like Gecko) Version/6.0 Mobile/10A5376e Safari/8536.25 (compatible; Googlebot/2.1; +http://www.google.com/bot.html)"
188.40.35.97 - - [03/Jan/2015:07:49:46 +0100] "POST /wp-cron.php?doing_wp_cron=1420267786.5910000801086425781250 HTTP/1.0" 200 - "-" "WordPress/4.0.1; http://www.a-und-h.de"
101.226.166.226 - - [03/Jan/2015:07:49:46 +0100] "GET / HTTP/1.1" 302 - "http://www.a-und-h.de/" "Mozilla/5.0 (Windows NT 6.1) AppleWebKit/537.1 (KHTML, like Gecko) Chrome/21.0.1180.89 Safari/537.1; 360Spider"
101.226.166.219 - - [03/Jan/2015:07:49:51 +0100] "GET /de/ HTTP/1.1" 403 284 "http://www.a-und-h.de/" "Mozilla/5.0 (Windows NT 6.1) AppleWebKit/537.1 (KHTML, like Gecko) Chrome/21.0.1180.89 Safari/537.1; 360Spider"
141.8.147.20 - - [03/Jan/2015:07:55:46 +0100] "GET /robots.txt HTTP/1.1" 301 315 "-" "Mozilla/5.0 (compatible; YandexBot/3.0; +http://yandex.com/bots)"
188.40.35.97 - - [03/Jan/2015:07:55:48 +0100] "POST /wp-cron.php?doing_wp_cron=1420268148.4539859294891357421875 HTTP/1.0" 200 - "-" "WordPress/4.0.1; http://www.a-und-h.de"
141.8.147.20 - - [03/Jan/2015:07:55:48 +0100] "GET /?p=1504 HTTP/1.1" 301 - "-" "Mozilla/5.0 (compatible; YandexBot/3.0; +http://yandex.com/bots)"
141.8.147.20 - - [03/Jan/2015:07:55:49 +0100] "GET / HTTP/1.1" 301 305 "-" "Mozilla/5.0 (compatible; YandexBot/3.0; +http://yandex.com/bots)"
141.8.147.20 - - [03/Jan/2015:07:55:51 +0100] "GET /produkte/angebote HTTP/1.1" 404 22077 "-" "Mozilla/5.0 (compatible; YandexBot/3.0; +http://yandex.com/bots)"
141.8.147.20 - - [03/Jan/2015:07:55:54 +0100] "GET /da-510-da-610-2 HTTP/1.1" 200 29358 "-" "Mozilla/5.0 (compatible; YandexBot/3.0; +http://yandex.com/bots)"
141.8.147.20 - - [03/Jan/2015:07:55:56 +0100] "GET /en/feed HTTP/1.1" 200 26121 "-" "Mozilla/5.0 (compatible; YandexBot/3.0; +http://yandex.com/bots)"
141.8.147.20 - - [03/Jan/2015:07:55:59 +0100] "GET /wp-content/uploads/downloads/Datasheet-DA310-DA410.pdf HTTP/1.1" 200 2610847 "-" "Mozilla/5.0 (compatible; YandexBot/3.0; +http://yandex.com/bots)"
141.8.147.20 - - [03/Jan/2015:07:56:02 +0100] "GET /luftentfeuchtung/prinzip HTTP/1.1" 200 24304 "-" "Mozilla/5.0 (compatible; YandexBot/3.0; +http://yandex.com/bots)"
141.8.147.20 - - [03/Jan/2015:07:56:04 +0100] "GET /contact-service/informationmaterial HTTP/1.1" 200 23338 "-" "Mozilla/5.0 (compatible; YandexBot/3.0; +http://yandex.com/bots)"
141.8.147.20 - - [03/Jan/2015:07:56:07 +0100] "GET / HTTP/1.1" 302 - "-" "Mozilla/5.0 (compatible; YandexBot/3.0; +http://yandex.com/bots)"
141.8.147.20 - - [03/Jan/2015:07:56:13 +0100] "GET /de/ HTTP/1.1" 200 26581 "-" "Mozilla/5.0 (compatible; YandexBot/3.0; +http://yandex.com/bots)"
141.8.147.20 - - [03/Jan/2015:07:56:17 +0100] "GET /de/ HTTP/1.1" 200 26581 "-" "Mozilla/5.0 (compatible; YandexBot/3.0; +http://yandex.com/bots)"
188.40.35.97 - - [03/Jan/2015:07:57:53 +0100] "POST /wp-cron.php?doing_wp_cron=1420268273.6244430541992187500000 HTTP/1.0" 200 - "-" "WordPress/4.0.1; http://www.a-und-h.de"
162.210.196.97 - - [03/Jan/2015:07:57:53 +0100] "GET /robots.txt HTTP/1.0" 200 35 "-" "Mozilla/5.0 (compatible; MJ12bot/v1.4.5; http://www.majestic12.co.uk/bot.php?+)"
162.210.196.97 - - [03/Jan/2015:07:57:55 +0100] "GET / HTTP/1.0" 302 - "-" "Mozilla/5.0 (compatible; MJ12bot/v1.4.5; http://www.majestic12.co.uk/bot.php?+)"
162.210.196.97 - - [03/Jan/2015:07:57:57 +0100] "GET /de/ HTTP/1.0" 200 26581 "-" "Mozilla/5.0 (compatible; MJ12bot/v1.4.5; http://www.majestic12.co.uk/bot.php?+)"
62.113.216.229 - - [03/Jan/2015:08:10:23 +0100] "POST /wp-login.php HTTP/1.1" 200 3949 "http://www.a-und-h.de/wp-login.php" "Opera/9.80 (Windows NT 5.1; U; ru) Presto/2.9.168 Version/11.50"
188.40.35.97 - - [03/Jan/2015:08:10:23 +0100] "POST /wp-cron.php?doing_wp_cron=1420269023.6210548877716064453125 HTTP/1.0" 200 - "-" "WordPress/4.0.1; http://www.a-und-h.de"
62.113.216.229 - - [03/Jan/2015:08:10:56 +0100] "POST /wp-login.php HTTP/1.1" 200 3949 "http://www.a-und-h.de/wp-login.php" "Opera/9.80 (Windows NT 5.1; U; ru) Presto/2.9.168 Version/11.50"
84.184.194.4 - - [03/Jan/2015:08:14:51 +0100] "GET /wp-content/uploads/2012/03/MSR-Symbole+Kennbuchstaben.pdf HTTP/1.1" 200 511716 "https://www.google.de/" "Mozilla/5.0 (Windows NT 6.1) AppleWebKit/537.36 (KHTML, like Gecko) Chrome/39.0.2171.95 Safari/537.36"
84.184.194.4 - - [03/Jan/2015:08:14:52 +0100] "GET /wp-content/uploads/2012/03/MSR-Symbole+Kennbuchstaben.pdf HTTP/1.1" 206 32768 "http://www.a-und-h.de/wp-content/uploads/2012/03/MSR-Symbole+Kennbuchstaben.pdf" "Mozilla/5.0 (Windows NT 6.1) AppleWebKit/537.36 (KHTML, like Gecko) Chrome/39.0.2171.95 Safari/537.36"
84.184.194.4 - - [03/Jan/2015:08:14:52 +0100] "GET /wp-content/uploads/2012/03/MSR-Symbole+Kennbuchstaben.pdf HTTP/1.1" 206 478948 "http://www.a-und-h.de/wp-content/uploads/2012/03/MSR-Symbole+Kennbuchstaben.pdf" "Mozilla/5.0 (Windows NT 6.1) AppleWebKit/537.36 (KHTML, like Gecko) Chrome/39.0.2171.95 Safari/537.36"
84.184.194.4 - - [03/Jan/2015:08:14:53 +0100] "GET /favicon.ico HTTP/1.1" 200 1406 "-" "Mozilla/5.0 (Windows NT 6.1) AppleWebKit/537.36 (KHTML, like Gecko) Chrome/39.0.2171.95 Safari/537.36"
188.40.35.97 - - [03/Jan/2015:08:28:13 +0100] "POST /wp-cron.php?doing_wp_cron=1420270093.1578540802001953125000 HTTP/1.0" 403 292 "-" "WordPress/4.0.1; http://www.a-und-h.de"
157.55.39.66 - - [03/Jan/2015:08:28:12 +0100] "GET /unternehmen HTTP/1.1" 200 25434 "-" "Mozilla/5.0 (compatible; bingbot/2.0; +http://www.bing.com/bingbot.htm)"
188.40.35.97 - - [03/Jan/2015:08:34:10 +0100] "POST /wp-cron.php?doing_wp_cron=1420270450.0803658962249755859375 HTTP/1.0" 200 - "-" "WordPress/4.0.1; http://www.a-und-h.de"
36.99.30.172 - - [03/Jan/2015:08:34:09 +0100] "GET / HTTP/1.1" 302 - "http://www.a-und-h.de/" "Mozilla/5.0 (Linux; U; Android 4.0.2; en-us; Galaxy Nexus Build/ICL53F) AppleWebKit/534.30 (KHTML, like Gecko) Version/4.0 Mobile Safari/534.30"
36.99.30.172 - - [03/Jan/2015:08:34:11 +0100] "GET /de/ HTTP/1.1" 302 - "http://www.a-und-h.de/" "Mozilla/5.0 (Linux; U; Android 4.0.2; en-us; Galaxy Nexus Build/ICL53F) AppleWebKit/534.30 (KHTML, like Gecko) Version/4.0 Mobile Safari/534.30"
36.99.30.172 - - [03/Jan/2015:08:34:12 +0100] "GET /produkte HTTP/1.1" 200 24635 "http://www.a-und-h.de/" "Mozilla/5.0 (Linux; U; Android 4.0.2; en-us; Galaxy Nexus Build/ICL53F) AppleWebKit/534.30 (KHTML, like Gecko) Version/4.0 Mobile Safari/534.30"
188.40.35.97 - - [03/Jan/2015:08:39:32 +0100] "POST /wp-cron.php?doing_wp_cron=1420270772.4688920974731445312500 HTTP/1.0" 200 - "-" "WordPress/4.0.1; http://www.a-und-h.de"
68.180.228.219 - - [03/Jan/2015:08:39:32 +0100] "GET /category/neuigkeiten HTTP/1.1" 200 45509 "-" "Mozilla/5.0 (compatible; Yahoo! Slurp; http://help.yahoo.com/help/us/ysearch/slurp)"
68.180.228.219 - - [03/Jan/2015:08:40:36 +0100] "GET /tag/luftentfeuchter-mieten HTTP/1.1" 200 26875 "-" "Mozilla/5.0 (compatible; Yahoo! Slurp; http://help.yahoo.com/help/us/ysearch/slurp)"
68.180.228.219 - - [03/Jan/2015:08:40:45 +0100] "GET /tag/neuigkeiten HTTP/1.1" 200 26949 "-" "Mozilla/5.0 (compatible; Yahoo! Slurp; http://help.yahoo.com/help/us/ysearch/slurp)"
68.180.228.219 - - [03/Jan/2015:08:40:59 +0100] "GET /category/neuigkeiten/feed HTTP/1.1" 200 17770 "-" "Mozilla/5.0 (compatible; Yahoo! Slurp; http://help.yahoo.com/help/us/ysearch/slurp)"
68.180.228.219 - - [03/Jan/2015:08:41:56 +0100] "GET /wp-content/uploads/2014/10/Installation-Adsorption-Dryer-141015.pdf HTTP/1.1" 200 114463 "-" "Mozilla/5.0 (compatible; Yahoo! Slurp; http://help.yahoo.com/help/us/ysearch/slurp)"
188.40.35.97 - - [03/Jan/2015:08:42:51 +0100] "POST /wp-cron.php?doing_wp_cron=1420270971.4687690734863281250000 HTTP/1.0" 200 - "-" "WordPress/4.0.1; http://www.a-und-h.de"
68.180.228.219 - - [03/Jan/2015:08:42:51 +0100] "GET /tag/neuigkeiten/feed HTTP/1.1" 200 2797 "-" "Mozilla/5.0 (compatible; Yahoo! Slurp; http://help.yahoo.com/help/us/ysearch/slurp)"
188.40.35.97 - - [03/Jan/2015:08:47:40 +0100] "POST /wp-cron.php?doing_wp_cron=1420271260.1284680366516113281250 HTTP/1.0" 200 - "-" "WordPress/4.0.1; http://www.a-und-h.de"
68.180.228.219 - - [03/Jan/2015:08:47:39 +0100] "GET /?p=31 HTTP/1.1" 301 - "-" "Mozilla/5.0 (compatible; Yahoo! Slurp; http://help.yahoo.com/help/us/ysearch/slurp)"
68.180.228.219 - - [03/Jan/2015:08:47:41 +0100] "GET /luftentfeuchtung/anwendungsbereiche HTTP/1.1" 200 36781 "-" "Mozilla/5.0 (compatible; Yahoo! Slurp; http://help.yahoo.com/help/us/ysearch/slurp)"
66.249.64.28 - - [03/Jan/2015:08:50:44 +0100] "GET / HTTP/1.1" 302 - "-" "Mozilla/5.0 (iPhone; CPU iPhone OS 6_0 like Mac OS X) AppleWebKit/536.26 (KHTML, like Gecko) Version/6.0 Mobile/10A5376e Safari/8536.25 (compatible; Googlebot/2.1; +http://www.google.com/bot.html)"
66.249.64.28 - - [03/Jan/2015:08:50:45 +0100] "GET /de/ HTTP/1.1" 302 - "-" "Mozilla/5.0 (iPhone; CPU iPhone OS 6_0 like Mac OS X) AppleWebKit/536.26 (KHTML, like Gecko) Version/6.0 Mobile/10A5376e Safari/8536.25 (compatible; Googlebot/2.1; +http://www.google.com/bot.html)"
66.249.64.28 - - [03/Jan/2015:08:50:45 +0100] "GET /produkte HTTP/1.1" 200 24631 "-" "Mozilla/5.0 (iPhone; CPU iPhone OS 6_0 like Mac OS X) AppleWebKit/536.26 (KHTML, like Gecko) Version/6.0 Mobile/10A5376e Safari/8536.25 (compatible; Googlebot/2.1; +http://www.google.com/bot.html)"
188.40.35.97 - - [03/Jan/2015:08:53:33 +0100] "POST /wp-cron.php?doing_wp_cron=1420271613.6109869480133056640625 HTTP/1.0" 200 - "-" "WordPress/4.0.1; http://www.a-und-h.de"
217.69.133.234 - - [03/Jan/2015:08:53:33 +0100] "GET /robots.txt HTTP/1.1" 200 35 "-" "Mozilla/5.0 (compatible; Linux x86_64; Mail.RU_Bot/2.0; +http://go.mail.ru/help/robots)"
217.69.133.239 - - [03/Jan/2015:08:53:35 +0100] "GET /downloads-de HTTP/1.1" 200 29245 "-" "Mozilla/5.0 (compatible; Linux x86_64; Mail.RU_Bot/2.0; +http://go.mail.ru/help/robots)"
188.40.35.97 - - [03/Jan/2015:08:56:53 +0100] "POST /wp-cron.php?doing_wp_cron=1420271812.9983100891113281250000 HTTP/1.0" 200 - "-" "WordPress/4.0.1; http://www.a-und-h.de"
66.249.64.20 - - [03/Jan/2015:08:56:52 +0100] "GET /pdf/Typenblatt%20DA%20250-W%20NEU%202009-03-10.pdf HTTP/1.1" 404 22088 "-" "Googlebot/2.1 (+http://www.google.com/bot.html)"
188.40.35.97 - - [03/Jan/2015:09:14:23 +0100] "POST /wp-cron.php?doing_wp_cron=1420272863.7700281143188476562500 HTTP/1.0" 200 - "-" "WordPress/4.0.1; http://www.a-und-h.de"
207.46.13.11 - - [03/Jan/2015:09:14:23 +0100] "GET / HTTP/1.1" 302 - "-" "Mozilla/5.0 (compatible; bingbot/2.0; +http://www.bing.com/bingbot.htm)"
66.249.64.103 - - [03/Jan/2015:09:18:26 +0100] "GET /robots.txt HTTP/1.1" 301 318 "-" "Mozilla/5.0 (compatible; Googlebot/2.1; +http://www.google.com/bot.html)"
188.40.35.97 - - [03/Jan/2015:09:18:27 +0100] "POST /wp-cron.php?doing_wp_cron=1420273107.3139710426330566406250 HTTP/1.0" 200 - "-" "WordPress/4.0.1; http://www.a-und-h.de"
66.249.64.20 - - [03/Jan/2015:09:18:27 +0100] "GET /robots.txt HTTP/1.1" 200 35 "-" "Mozilla/5.0 (compatible; Googlebot/2.1; +http://www.google.com/bot.html)"
66.249.64.99 - - [03/Jan/2015:09:18:28 +0100] "GET / HTTP/1.1" 301 308 "-" "Mozilla/5.0 (iPhone; CPU iPhone OS 6_0 like Mac OS X) AppleWebKit/536.26 (KHTML, like Gecko) Version/6.0 Mobile/10A5376e Safari/8536.25 (compatible; Googlebot/2.1; +http://www.google.com/bot.html)"
182.118.22.204 - - [03/Jan/2015:09:25:32 +0100] "GET /robots.txt HTTP/1.1" 301 315 "http://a-und-h.de/robots.txt" "Mozilla/5.0 (compatible; MSIE 9.0; Windows NT 6.1; Trident/5.0); 360Spider"
188.40.35.97 - - [03/Jan/2015:09:25:40 +0100] "POST /wp-cron.php?doing_wp_cron=1420273540.0944259166717529296875 HTTP/1.0" 200 - "-" "WordPress/4.0.1; http://www.a-und-h.de"
182.118.22.203 - - [03/Jan/2015:09:25:39 +0100] "GET /robots.txt HTTP/1.1" 200 35 "http://a-und-h.de/robots.txt" "Mozilla/5.0 (compatible; MSIE 9.0; Windows NT 6.1; Trident/5.0); 360Spider"
188.40.35.97 - - [03/Jan/2015:09:35:37 +0100] "POST /wp-cron.php?doing_wp_cron=1420274137.7064919471740722656250 HTTP/1.0" 200 - "-" "WordPress/4.0.1; http://www.a-und-h.de"
66.249.64.28 - - [03/Jan/2015:09:35:37 +0100] "GET /pdf/Typenblatt%20DA%20250%20T-TP%20NEU%202009-03-10.pdf HTTP/1.1" 404 22093 "-" "Googlebot/2.1 (+http://www.google.com/bot.html)"
41.190.2.58 - - [03/Jan/2015:09:35:39 +0100] "GET / HTTP/1.1" 302 - "http://www.fhb-online.de/register.php?cmd=mysearch&fr=Ojo6Ojo6Ojo6OjIyNTQ3Ojo6Ojo6Ojo6Ojo6Ojo%3D" "Mozilla/4.0 (compatible; MSIE 7.0; Windows NT 6.1; WOW64; Trident/6.0; SLCC2; .NET CLR 2.0.50727; .NET CLR 3.5.30729; .NET CLR 3.0.30729; .NET4.0C; .NET4.0E; InfoPath.2; BRI/2)"
41.190.2.58 - - [03/Jan/2015:09:35:40 +0100] "GET /de/ HTTP/1.1" 200 26581 "http://www.fhb-online.de/register.php?cmd=mysearch&fr=Ojo6Ojo6Ojo6OjIyNTQ3Ojo6Ojo6Ojo6Ojo6Ojo%3D" "Mozilla/4.0 (compatible; MSIE 7.0; Windows NT 6.1; WOW64; Trident/6.0; SLCC2; .NET CLR 2.0.50727; .NET CLR 3.5.30729; .NET CLR 3.0.30729; .NET4.0C; .NET4.0E; InfoPath.2; BRI/2)"
87.142.98.224 - - [03/Jan/2015:09:39:30 +0100] "GET / HTTP/1.1" 301 305 "-" "Mozilla/5.0 (Windows NT 6.1; Win64; x64; rv:22.0) Gecko/20130328 Firefox/22.0"
188.40.35.97 - - [03/Jan/2015:09:39:32 +0100] "POST /wp-cron.php?doing_wp_cron=1420274372.4812788963317871093750 HTTP/1.0" 200 - "-" "WordPress/4.0.1; http://www.a-und-h.de"
87.142.98.224 - - [03/Jan/2015:09:39:32 +0100] "GET / HTTP/1.1" 302 - "-" "Mozilla/5.0 (Windows NT 6.1; Win64; x64; rv:22.0) Gecko/20130328 Firefox/22.0"
87.142.98.224 - - [03/Jan/2015:09:39:33 +0100] "GET /de/ HTTP/1.1" 200 26581 "-" "Mozilla/5.0 (Windows NT 6.1; Win64; x64; rv:22.0) Gecko/20130328 Firefox/22.0"
87.142.98.224 - - [03/Jan/2015:09:39:37 +0100] "GET /wp-content/themes/purevision/sliders/slider_de/piecemaker.swf?random_number=5833 HTTP/1.1" 200 208139 "-" "Java/1.7.0_60"
87.142.98.224 - - [03/Jan/2015:09:39:37 +0100] "GET /unternehmen/ueber-uns HTTP/1.1" 200 24908 "-" "Mozilla/5.0 (Windows NT 6.1; Win64; x64; rv:22.0) Gecko/20130328 Firefox/22.0"
87.142.98.224 - - [03/Jan/2015:09:39:40 +0100] "GET /unternehmen HTTP/1.1" 200 25434 "-" "Mozilla/5.0 (Windows NT 6.1; Win64; x64; rv:22.0) Gecko/20130328 Firefox/22.0"
87.142.98.224 - - [03/Jan/2015:09:39:42 +0100] "GET /de HTTP/1.1" 301 - "-" "Mozilla/5.0 (Windows NT 6.1; Win64; x64; rv:22.0) Gecko/20130328 Firefox/22.0"
87.142.98.224 - - [03/Jan/2015:09:39:42 +0100] "GET /de/ HTTP/1.1" 403 284 "-" "Mozilla/5.0 (Windows NT 6.1; Win64; x64; rv:22.0) Gecko/20130328 Firefox/22.0"
87.142.98.224 - - [03/Jan/2015:09:39:44 +0100] "GET /sitemap HTTP/1.1" 200 28601 "-" "Mozilla/5.0 (Windows NT 6.1; Win64; x64; rv:22.0) Gecko/20130328 Firefox/22.0"
87.142.98.224 - - [03/Jan/2015:09:39:47 +0100] "GET /karriere-bei-ah HTTP/1.1" 200 26034 "-" "Mozilla/5.0 (Windows NT 6.1; Win64; x64; rv:22.0) Gecko/20130328 Firefox/22.0"
180.76.5.194 - - [03/Jan/2015:09:39:48 +0100] "GET /kontakt-service HTTP/1.1" 200 23791 "-" "Mozilla/5.0 (compatible; Baiduspider/2.0; +http://www.baidu.com/search/spider.html)"
78.7.229.26 - - [03/Jan/2015:09:49:32 +0100] "POST /wp-login.php HTTP/1.1" 200 3898 "http://www.a-und-h.de/wp-login.php" "Mozilla/5.0 (Windows NT 6.1; rv:2.0b7pre) Gecko/20100921 Firefox/4.0b7pre"
188.40.35.97 - - [03/Jan/2015:09:49:32 +0100] "POST /wp-cron.php?doing_wp_cron=1420274972.3229749202728271484375 HTTP/1.0" 200 - "-" "WordPress/4.0.1; http://www.a-und-h.de"
78.5.134.66 - - [03/Jan/2015:09:49:32 +0100] "POST /wp-login.php HTTP/1.1" 200 3898 "http://www.a-und-h.de/wp-login.php" "Mozilla/5.0 (Windows NT 6.1; rv:23.0) Gecko/20100101 Firefox/23.0"
78.4.194.202 - - [03/Jan/2015:09:49:32 +0100] "POST /wp-login.php HTTP/1.1" 200 3898 "http://www.a-und-h.de/wp-login.php" "Mozilla/5.0 (Windows NT 6.2; WOW64) AppleWebKit/537.36 (KHTML like Gecko) Chrome/31.0.1650.63 Safari/537.36"
93.61.51.72 - - [03/Jan/2015:09:49:34 +0100] "POST /wp-login.php HTTP/1.1" 200 3898 "http://www.a-und-h.de/wp-login.php" "Mozilla/5.0 (Windows NT 6.1; rv:10.0.2) Gecko/20100101 Firefox/10.0.2"
177.134.173.79 - - [03/Jan/2015:09:49:38 +0100] "GET /wp-content/themes/index.php?php HTTP/1.1" 200 - "http://www.a-und-h.de/wp-content/themes/index.php?php" "Mozilla/4.0 (compatible; MSIE 6.0; Windows NT 5.1; SV1)"
14.207.3.217 - - [03/Jan/2015:09:49:39 +0100] "GET /wp-content/uploads/index.php?php HTTP/1.1" 301 - "http://www.a-und-h.de/wp-content/uploads/index.php?php" "Mozilla/4.0 (compatible; MSIE 6.0; Windows NT 5.1; SV1)"
14.207.3.217 - - [03/Jan/2015:09:49:42 +0100] "GET /wp-content/uploads/?php HTTP/1.1" 403 300 "http://www.a-und-h.de/wp-content/uploads/index.php?php" "Mozilla/4.0 (compatible; MSIE 6.0; Windows NT 5.1; SV1)"
46.151.196.182 - - [03/Jan/2015:09:49:46 +0100] "GET /wp-content/plugins/index.php?php HTTP/1.1" 200 - "http://www.a-und-h.de/wp-content/plugins/index.php?php" "Mozilla/4.0 (compatible; MSIE 6.0; Windows NT 5.1; SV1)"
78.4.106.62 - - [03/Jan/2015:09:49:55 +0100] "POST /wp-login.php HTTP/1.1" 200 3898 "http://www.a-und-h.de/wp-login.php" "Mozilla/5.0 (Windows NT 6.1) AppleWebKit/537.1 (KHTML like Gecko) Chrome/21.0.1180.89 Safari/537.1"
180.76.6.139 - - [03/Jan/2015:09:54:48 +0100] "GET /wp-content/plugins/category-posts/cat-posts.css?ver=3.9.2 HTTP/1.1" 200 833 "-" "Mozilla/5.0 (compatible; Baiduspider/2.0; +http://www.baidu.com/search/spider.html)"
66.249.64.20 - - [03/Jan/2015:09:58:56 +0100] "GET /wp-content/themes/purevision/sliders/slider_de/piecemaker.swf?random_number=1123 HTTP/1.1" 200 208139 "-" "Mozilla/5.0 (iPhone; CPU iPhone OS 6_0 like Mac OS X) AppleWebKit/536.26 (KHTML, like Gecko) Version/6.0 Mobile/10A5376e Safari/8536.25 (compatible; Googlebot/2.1; +http://www.google.com/bot.html)"
188.40.35.97 - - [03/Jan/2015:10:00:34 +0100] "POST /wp-cron.php?doing_wp_cron=1420275634.2933170795440673828125 HTTP/1.0" 200 - "-" "WordPress/4.0.1; http://www.a-und-h.de"
66.249.64.28 - - [03/Jan/2015:10:00:34 +0100] "GET /pdf/Typenblatt%20DL%201000-1500%20NEU%202009-03-10.pdf HTTP/1.1" 404 22092 "-" "Googlebot/2.1 (+http://www.google.com/bot.html)"
199.58.86.206 - - [03/Jan/2015:10:00:52 +0100] "GET /robots.txt HTTP/1.0" 301 315 "-" "Mozilla/5.0 (compatible; MJ12bot/v1.4.5; http://www.majestic12.co.uk/bot.php?+)"
199.58.86.206 - - [03/Jan/2015:10:00:53 +0100] "GET /robots.txt HTTP/1.0" 200 35 "-" "Mozilla/5.0 (compatible; MJ12bot/v1.4.5; http://www.majestic12.co.uk/bot.php?+)"
199.58.86.206 - - [03/Jan/2015:10:00:54 +0100] "GET / HTTP/1.0" 301 305 "-" "Mozilla/5.0 (compatible; MJ12bot/v1.4.5; http://www.majestic12.co.uk/bot.php?+)"
199.58.86.206 - - [03/Jan/2015:10:00:55 +0100] "GET /robots.txt HTTP/1.0" 200 35 "-" "Mozilla/5.0 (compatible; MJ12bot/v1.4.5; http://www.majestic12.co.uk/bot.php?+)"
199.58.86.206 - - [03/Jan/2015:10:00:57 +0100] "GET / HTTP/1.0" 302 - "-" "Mozilla/5.0 (compatible; MJ12bot/v1.4.5; http://www.majestic12.co.uk/bot.php?+)"
199.58.86.206 - - [03/Jan/2015:10:00:59 +0100] "GET /de/ HTTP/1.0" 200 26581 "-" "Mozilla/5.0 (compatible; MJ12bot/v1.4.5; http://www.majestic12.co.uk/bot.php?+)"
188.40.35.97 - - [03/Jan/2015:10:09:48 +0100] "POST /wp-cron.php?doing_wp_cron=1420276188.5760159492492675781250 HTTP/1.0" 200 - "-" "WordPress/4.0.1; http://www.a-und-h.de"
180.76.5.170 - - [03/Jan/2015:10:09:48 +0100] "GET /products HTTP/1.1" 200 23326 "-" "Mozilla/5.0 (compatible; Baiduspider/2.0; +http://www.baidu.com/search/spider.html)"
188.40.35.97 - - [03/Jan/2015:10:18:24 +0100] "POST /wp-cron.php?doing_wp_cron=1420276704.6132950782775878906250 HTTP/1.0" 403 292 "-" "WordPress/4.0.1; http://www.a-und-h.de"
182.118.21.226 - - [03/Jan/2015:10:18:24 +0100] "GET /robots.txt HTTP/1.1" 200 35 "http://www.a-und-h.de/robots.txt" "Mozilla/5.0 (compatible; MSIE 9.0; Windows NT 6.1; Trident/5.0); 360Spider"
188.40.35.97 - - [03/Jan/2015:10:24:48 +0100] "POST /wp-cron.php?doing_wp_cron=1420277088.6680850982666015625000 HTTP/1.0" 200 - "-" "WordPress/4.0.1; http://www.a-und-h.de"
180.76.5.154 - - [03/Jan/2015:10:24:48 +0100] "GET /de/ HTTP/1.1" 200 26581 "-" "Mozilla/5.0 (compatible; Baiduspider/2.0; +http://www.baidu.com/search/spider.html)"
188.40.35.97 - - [03/Jan/2015:10:43:04 +0100] "POST /wp-cron.php?doing_wp_cron=1420278184.7998468875885009765625 HTTP/1.0" 403 292 "-" "WordPress/4.0.1; http://www.a-und-h.de"
157.55.39.66 - - [03/Jan/2015:10:43:04 +0100] "GET /robots.txt HTTP/1.1" 200 35 "-" "Mozilla/5.0 (compatible; bingbot/2.0; +http://www.bing.com/bingbot.htm)"
123.125.71.55 - - [03/Jan/2015:10:47:46 +0100] "GET /wp-content/plugins/polylang/flags/de_DE.png HTTP/1.1" 200 545 "-" "Baiduspider-image+(+http://www.baidu.com/search/spider.htm)"
178.201.216.164 - - [03/Jan/2015:11:11:20 +0100] "GET /luftentfeuchtung HTTP/1.1" 200 24366 "-" "Mozilla/5.0 (Linux; U; Android 4.3; de-de; GT-I9300 Build/JSS15J) AppleWebKit/534.30 (KHTML, like Gecko) Version/4.0 Mobile Safari/534.30"
188.40.35.97 - - [03/Jan/2015:11:11:20 +0100] "POST /wp-cron.php?doing_wp_cron=1420279880.9673290252685546875000 HTTP/1.0" 200 - "-" "WordPress/4.0.1; http://www.a-und-h.de"
178.201.216.164 - - [03/Jan/2015:11:11:23 +0100] "GET /wp-content/wptouch-data/uploads/A+H-Logo-Gross.png HTTP/1.1" 200 48851 "-" "Mozilla/5.0 (Linux; U; Android 4.3; de-de; GT-I9300 Build/JSS15J) AppleWebKit/534.30 (KHTML, like Gecko) Version/4.0 Mobile Safari/534.30"
178.201.216.164 - - [03/Jan/2015:11:11:24 +0100] "GET /piwik/piwik.php?action_name=Informationen%20%C3%BCber%20Luftentfeuchtung%20%7C%20A%2BH%20Adsorp&idsite=1&rec=1&r=828468&h=11&m=11&s=24&url=http%3A%2F%2Fwww.a-und-h.de%2Fluftentfeuchtung&_id=51c290ee207f5ea6&_idts=1420226112&_idvc=2&_idn=0&_refts=1420279885&_viewts=1420226112&_ref=http%3A%2F%2Fwww.google.de&res=720x1280&cookie=1 HTTP/1.1" 200 43 "http://www.a-und-h.de/luftentfeuchtung" "Mozilla/5.0 (Linux; U; Android 4.3; de-de; GT-I9300 Build/JSS15J) AppleWebKit/534.30 (KHTML, like Gecko) Version/4.0 Mobile Safari/534.30"
188.40.35.97 - - [03/Jan/2015:11:28:44 +0100] "POST /wp-cron.php?doing_wp_cron=1420280924.9544680118560791015625 HTTP/1.0" 200 - "-" "WordPress/4.0.1; http://www.a-und-h.de"
94.153.9.175 - - [03/Jan/2015:11:28:44 +0100] "GET / HTTP/1.1" 302 - "http://boleznikogi.com/" "Mozilla/4.0 (compatible; MSIE 6.0; Windows NT 5.1; en) Opera 8.00"
94.153.9.175 - - [03/Jan/2015:11:28:45 +0100] "GET / HTTP/1.1" 302 - "http://boleznikogi.com/" "Mozilla/4.0 (compatible; MSIE 6.0; Windows NT 5.1; en) Opera 8.00"
94.153.9.175 - - [03/Jan/2015:11:28:46 +0100] "GET / HTTP/1.1" 302 - "http://boleznikogi.com/" "Mozilla/4.0 (compatible; MSIE 6.0; Windows NT 5.1; en) Opera 8.00"
94.153.11.109 - - [03/Jan/2015:11:31:18 +0100] "GET / HTTP/1.1" 302 - "http://infoprosto.com/" "Mozilla/4.0 (compatible; MSIE 5.5; Windows 98)"
94.153.11.109 - - [03/Jan/2015:11:31:19 +0100] "GET / HTTP/1.1" 302 - "http://infoprosto.com/" "Mozilla/4.0 (compatible; MSIE 5.5; Windows 98)"
94.153.11.109 - - [03/Jan/2015:11:31:20 +0100] "GET / HTTP/1.1" 302 - "http://infoprosto.com/" "Mozilla/4.0 (compatible; MSIE 5.5; Windows 98)"
188.40.35.97 - - [03/Jan/2015:11:39:10 +0100] "POST /wp-cron.php?doing_wp_cron=1420281550.9862220287322998046875 HTTP/1.0" 200 - "-" "WordPress/4.0.1; http://www.a-und-h.de"
62.113.216.229 - - [03/Jan/2015:11:39:10 +0100] "POST /wp-login.php HTTP/1.1" 200 3949 "http://www.a-und-h.de/wp-login.php" "Opera/9.80 (Windows NT 5.1; U; ru) Presto/2.9.168 Version/11.50"
62.113.216.229 - - [03/Jan/2015:11:39:45 +0100] "POST /wp-login.php HTTP/1.1" 200 3949 "http://www.a-und-h.de/wp-login.php" "Opera/9.80 (Windows NT 5.1; U; ru) Presto/2.9.168 Version/11.50"
188.40.35.97 - - [03/Jan/2015:11:42:27 +0100] "POST /wp-cron.php?doing_wp_cron=1420281747.2172389030456542968750 HTTP/1.0" 200 - "-" "WordPress/4.0.1; http://www.a-und-h.de"
207.46.13.29 - - [03/Jan/2015:11:42:27 +0100] "GET /dehumidification HTTP/1.1" 404 22054 "-" "Mozilla/5.0 (compatible; bingbot/2.0; +http://www.bing.com/bingbot.htm)"
194.246.16.14 - - [03/Jan/2015:11:45:15 +0100] "GET / HTTP/1.1" 302 - "-" "MSIE 5.0"
194.246.16.14 - - [03/Jan/2015:11:45:15 +0100] "GET /de/ HTTP/1.1" 200 17519 "-" "Mozilla/4.0 (compatible;)"
194.246.16.14 - - [03/Jan/2015:11:45:16 +0100] "GET /wp-content/plugins/cookie-opt-in/css/style.css?ver=4.0.1 HTTP/1.1" 200 2316 "-" "Mozilla/4.0 (compatible;)"
194.246.16.14 - - [03/Jan/2015:11:45:16 +0100] "GET /wp-content/themes/purevision/style.css?ver=1.0 HTTP/1.1" 200 885 "-" "Mozilla/4.0 (compatible;)"
194.246.16.14 - - [03/Jan/2015:11:45:16 +0100] "GET /wp-content/plugins/wp-slimbox2/javascript/slimbox2.js?ver=2.04 HTTP/1.1" 200 3777 "-" "Mozilla/4.0 (compatible;)"
194.246.16.14 - - [03/Jan/2015:11:45:16 +0100] "GET /wp-content/plugins/category-posts/cat-posts.css?ver=4.0.1 HTTP/1.1" 200 833 "-" "Mozilla/4.0 (compatible;)"
194.246.16.14 - - [03/Jan/2015:11:45:16 +0100] "GET /wp-content/plugins/wp-slimbox2/css/slimbox2.css?ver=1.1 HTTP/1.1" 200 917 "-" "Mozilla/4.0 (compatible;)"
194.246.16.14 - - [03/Jan/2015:11:45:16 +0100] "GET /wp-content/plugins/contact-form-7/includes/css/styles.css?ver=4.0.1 HTTP/1.1" 200 1103 "-" "Mozilla/4.0 (compatible;)"
194.246.16.14 - - [03/Jan/2015:11:45:16 +0100] "GET /wp-content/plugins/cookie-opt-in/js/cookie-opt-in.js?ver=1 HTTP/1.1" 200 9405 "-" "Mozilla/4.0 (compatible;)"
194.246.16.14 - - [03/Jan/2015:11:45:16 +0100] "GET /wp-content/themes/purevision/scripts/superfish-1.4.8/css/superfish.css?ver=1.0 HTTP/1.1" 200 3275 "-" "Mozilla/4.0 (compatible;)"
194.246.16.14 - - [03/Jan/2015:11:45:16 +0100] "GET /wp-includes/js/jquery/jquery-migrate.min.js?ver=1.2.1 HTTP/1.1" 200 7200 "-" "Mozilla/4.0 (compatible;)"
194.246.16.14 - - [03/Jan/2015:11:45:16 +0100] "GET /wp-content/plugins/snow-storm/snow-storm.js?ver=1.41 HTTP/1.1" 200 9852 "-" "Mozilla/4.0 (compatible;)"
194.246.16.14 - - [03/Jan/2015:11:45:16 +0100] "GET /wp-content/plugins/wp-slimbox2/javascript/slimbox2_autoload.js?ver=1.0.4b HTTP/1.1" 200 3027 "-" "Mozilla/4.0 (compatible;)"
194.246.16.14 - - [03/Jan/2015:11:45:16 +0100] "GET /wp-content/themes/purevision/styles/common-css/960.css?ver=1.0 HTTP/1.1" 200 7707 "-" "Mozilla/4.0 (compatible;)"
194.246.16.14 - - [03/Jan/2015:11:45:16 +0100] "GET /wp-content/themes/purevision/scripts/script.js?ver=1.0 HTTP/1.1" 200 7495 "-" "Mozilla/4.0 (compatible;)"
194.246.16.14 - - [03/Jan/2015:11:45:16 +0100] "GET /wp-content/themes/purevision/scripts/superfish-1.4.8/js/superfish.combined.js?ver=1.0.0 HTTP/1.1" 200 5387 "-" "Mozilla/4.0 (compatible;)"
194.246.16.14 - - [03/Jan/2015:11:45:16 +0100] "GET /wp-content/plugins/newsletter/subscription/styles/widget-neutral.css HTTP/1.1" 200 1018 "-" "Mozilla/4.0 (compatible;)"
194.246.16.14 - - [03/Jan/2015:11:45:16 +0100] "GET /wp-content/themes/purevision/styles/style1/css/text.css?ver=1.0 HTTP/1.1" 200 1819 "-" "Mozilla/4.0 (compatible;)"
194.246.16.14 - - [03/Jan/2015:11:45:16 +0100] "GET /wp-content/themes/purevision/styles/common-css/reset.css?ver=1.0 HTTP/1.1" 200 1004 "-" "Mozilla/4.0 (compatible;)"
194.246.16.14 - - [03/Jan/2015:11:45:16 +0100] "GET /wp-content/themes/purevision/sliders/piecemaker/js/swfobject.js?ver=1.5 HTTP/1.1" 200 6880 "-" "Mozilla/4.0 (compatible;)"
194.246.16.14 - - [03/Jan/2015:11:45:16 +0100] "GET /wp-includes/js/jquery/jquery.js?ver=1.11.1 HTTP/1.1" 200 95807 "-" "Mozilla/4.0 (compatible;)"
194.246.16.14 - - [03/Jan/2015:11:45:16 +0100] "GET /wp-content/plugins/polylang/flags/de_DE.png HTTP/1.1" 200 545 "-" "Mozilla/4.0 (compatible;)"
194.246.16.14 - - [03/Jan/2015:11:45:16 +0100] "GET /wp-includes/wlwmanifest.xml HTTP/1.1" 200 1045 "-" "Mozilla/4.0 (compatible;)"
194.246.16.14 - - [03/Jan/2015:11:45:16 +0100] "GET /wp-content/themes/purevision/styles/style1/images/menu-btn_r.png HTTP/1.1" 200 670 "-" "Mozilla/4.0 (compatible;)"
194.246.16.14 - - [03/Jan/2015:11:45:16 +0100] "GET /wp-content/themes/purevision/styles/style1/images/menu-btn_l.png HTTP/1.1" 403 345 "-" "Mozilla/4.0 (compatible;)"
194.246.16.14 - - [03/Jan/2015:11:45:16 +0100] "GET /wp-content/plugins/polylang/flags/en_US.png HTTP/1.1" 200 599 "-" "Mozilla/4.0 (compatible;)"
194.246.16.14 - - [03/Jan/2015:11:45:16 +0100] "GET /wp-content/themes/purevision/styles/style1/images/menu-active-btn_l.png HTTP/1.1" 200 754 "-" "Mozilla/4.0 (compatible;)"
194.246.16.14 - - [03/Jan/2015:11:45:16 +0100] "GET /wp-content/themes/purevision/styles/style1/images/menu-active-btn_r.png HTTP/1.1" 200 967 "-" "Mozilla/4.0 (compatible;)"
194.246.16.14 - - [03/Jan/2015:11:45:16 +0100] "GET /wp-content/themes/purevision/styles/style1/images/menu-active-with-arrow-btn_r.png HTTP/1.1" 200 318 "-" "Mozilla/4.0 (compatible;)"
194.246.16.14 - - [03/Jan/2015:11:45:16 +0100] "GET /wp-content/themes/purevision/styles/style1/images/menu-with-arrow-btn_r.png HTTP/1.1" 200 322 "-" "Mozilla/4.0 (compatible;)"
194.246.16.14 - - [03/Jan/2015:11:45:16 +0100] "GET /wp-content/themes/purevision/scripts/superfish-1.4.8/images/auto-arrows.png HTTP/1.1" 200 295 "-" "Mozilla/4.0 (compatible;)"
194.246.16.14 - - [03/Jan/2015:11:45:15 +0100] "GET /de/ HTTP/1.1" 200 26581 "-" "MSIE 5.0"
194.246.16.14 - - [03/Jan/2015:11:45:16 +0100] "GET /wp-content/uploads/Teaser-Produkte.jpg HTTP/1.1" 200 9420 "-" "Mozilla/4.0 (compatible;)"
194.246.16.14 - - [03/Jan/2015:11:45:16 +0100] "GET /wp-content/themes/purevision/styles/style1/css/style.css?ver=1.0 HTTP/1.1" 200 72108 "-" "Mozilla/4.0 (compatible;)"
194.246.16.14 - - [03/Jan/2015:11:45:16 +0100] "GET /wp-content/plugins/cookie-opt-in/js/cookie-opt-in-if.js?ver=1 HTTP/1.1" 200 1119 "-" "Mozilla/4.0 (compatible;)"
194.246.16.14 - - [03/Jan/2015:11:45:16 +0100] "GET /wp-content/uploads/facebook.png HTTP/1.1" 200 807 "-" "Mozilla/4.0 (compatible;)"
194.246.16.14 - - [03/Jan/2015:11:45:16 +0100] "GET /wp-content/uploads/twitter.png HTTP/1.1" 200 1258 "-" "Mozilla/4.0 (compatible;)"
194.246.16.14 - - [03/Jan/2015:11:45:16 +0100] "GET /wp-content/plugins/contact-form-7/includes/js/scripts.js?ver=4.0.1 HTTP/1.1" 200 9658 "-" "Mozilla/4.0 (compatible;)"
194.246.16.14 - - [03/Jan/2015:11:45:16 +0100] "GET /wp-content/uploads/xing.png HTTP/1.1" 200 1343 "-" "Mozilla/4.0 (compatible;)"
194.246.16.14 - - [03/Jan/2015:11:45:16 +0100] "GET /wp-content/plugins/contact-form-7/includes/js/jquery.form.min.js?ver=3.51.0-2014.06.20 HTTP/1.1" 200 15248 "-" "Mozilla/4.0 (compatible;)"
194.246.16.14 - - [03/Jan/2015:11:45:16 +0100] "GET /wp-content/uploads/google.png HTTP/1.1" 200 1718 "-" "Mozilla/4.0 (compatible;)"
194.246.16.14 - - [03/Jan/2015:11:45:16 +0100] "GET /wp-content/uploads/Teaser-kompetenzen.jpg HTTP/1.1" 200 13434 "-" "Mozilla/4.0 (compatible;)"
194.246.16.14 - - [03/Jan/2015:11:45:16 +0100] "GET /wp-includes/images/partner-logos.png HTTP/1.1" 200 51457 "-" "Mozilla/4.0 (compatible;)"
194.246.16.14 - - [03/Jan/2015:11:45:16 +0100] "GET /wp-content/uploads/Teaser-Luftentfeuchtung.jpg HTTP/1.1" 200 18918 "-" "Mozilla/4.0 (compatible;)"
194.246.16.14 - - [03/Jan/2015:11:45:16 +0100] "GET /wp-content/themes/purevision/sliders/piecemaker_2/contents/javascript.jpg HTTP/1.1" 301 378 "-" "Mozilla/4.0 (compatible;)"
194.246.16.14 - - [03/Jan/2015:11:45:16 +0100] "GET /wp-content/themes/purevision/sliders/piecemaker_2/contents/javascript.jpg HTTP/1.1" 200 102007 "-" "Mozilla/4.0 (compatible;)"
194.246.16.14 - - [03/Jan/2015:11:45:16 +0100] "GET /xmlrpc.php?rsd HTTP/1.1" 200 723 "-" "Mozilla/4.0 (compatible;)"
194.246.16.14 - - [03/Jan/2015:11:45:16 +0100] "GET /wp-content/themes/purevision/styles/custom/custom_style.php?ver=4.0.1 HTTP/1.1" 200 4550 "-" "Mozilla/4.0 (compatible;)"
194.246.16.14 - - [03/Jan/2015:11:45:16 +0100] "GET /en/ HTTP/1.1" 200 17693 "-" "Mozilla/4.0 (compatible;)"
194.246.16.14 - - [03/Jan/2015:11:45:16 +0100] "GET /de/comments/feed HTTP/1.1" 200 707 "-" "Mozilla/4.0 (compatible;)"
194.246.16.14 - - [03/Jan/2015:11:45:16 +0100] "GET /de/feed HTTP/1.1" 200 17851 "-" "Mozilla/4.0 (compatible;)"
194.246.16.14 - - [03/Jan/2015:11:45:16 +0100] "GET /de/www.a-und-h.de/favicon.ico HTTP/1.1" 404 17248 "-" "Mozilla/4.0 (compatible;)"
194.246.16.14 - - [03/Jan/2015:11:45:16 +0100] "GET /xmlrpc.php HTTP/1.1" 200 42 "-" "Mozilla/4.0 (compatible;)"
194.246.16.14 - - [03/Jan/2015:11:45:16 +0100] "GET /de/page/2 HTTP/1.1" 200 17534 "-" "Mozilla/4.0 (compatible;)"
194.246.16.14 - - [03/Jan/2015:11:45:16 +0100] "GET /en/feed HTTP/1.1" 200 13381 "-" "Mozilla/4.0 (compatible;)"
194.246.16.14 - - [03/Jan/2015:11:45:16 +0100] "GET /en/comments/feed HTTP/1.1" 200 704 "-" "Mozilla/4.0 (compatible;)"
194.246.16.14 - - [03/Jan/2015:11:45:16 +0100] "GET /en/www.a-und-h.de/favicon.ico HTTP/1.1" 404 17248 "-" "Mozilla/4.0 (compatible;)"
194.246.16.14 - - [03/Jan/2015:11:45:16 +0100] "GET /de/www.a-und-h.de/www.a-und-h.de/favicon.ico HTTP/1.1" 404 17263 "-" "Mozilla/4.0 (compatible;)"
194.246.16.14 - - [03/Jan/2015:11:45:16 +0100] "GET /de/page/www.a-und-h.de/favicon.ico HTTP/1.1" 404 17253 "-" "Mozilla/4.0 (compatible;)"
194.246.16.14 - - [03/Jan/2015:11:45:16 +0100] "GET /en/www.a-und-h.de/www.a-und-h.de/favicon.ico HTTP/1.1" 404 17263 "-" "Mozilla/4.0 (compatible;)"
194.246.16.14 - - [03/Jan/2015:11:45:16 +0100] "GET /de/www.a-und-h.de/www.a-und-h.de/www.a-und-h.de/favicon.ico HTTP/1.1" 404 17278 "-" "Mozilla/4.0 (compatible;)"
194.246.16.14 - - [03/Jan/2015:11:45:16 +0100] "GET /de/page/www.a-und-h.de/www.a-und-h.de/favicon.ico HTTP/1.1" 404 17268 "-" "Mozilla/4.0 (compatible;)"
220.181.108.121 - - [03/Jan/2015:11:54:25 +0100] "GET /wp-includes/images/partner-logos.png HTTP/1.1" 200 51457 "-" "Baiduspider-image+(+http://www.baidu.com/search/spider.htm)"
217.69.133.235 - - [03/Jan/2015:12:01:45 +0100] "GET /robots.txt HTTP/1.1" 200 35 "-" "Mozilla/5.0 (compatible; Linux x86_64; Mail.RU_Bot/2.0; +http://go.mail.ru/help/robots)"
188.40.35.97 - - [03/Jan/2015:12:01:45 +0100] "POST /wp-cron.php?doing_wp_cron=1420282905.5853800773620605468750 HTTP/1.0" 200 - "-" "WordPress/4.0.1; http://www.a-und-h.de"
217.69.133.70 - - [03/Jan/2015:12:01:47 +0100] "GET /da-160-da-250 HTTP/1.1" 200 31642 "-" "Mozilla/5.0 (compatible; Linux x86_64; Mail.RU_Bot/2.0; +http://go.mail.ru/help/robots)"
123.125.71.39 - - [03/Jan/2015:12:04:56 +0100] "GET / HTTP/1.1" 301 305 "-" "Mozilla/5.0 (compatible; Baiduspider/2.0; +http://www.baidu.com/search/spider.html)"
123.125.71.42 - - [03/Jan/2015:12:04:57 +0100] "GET / HTTP/1.1" 302 - "-" "Mozilla/5.0 (compatible; Baiduspider/2.0; +http://www.baidu.com/search/spider.html)"
123.125.71.29 - - [03/Jan/2015:12:04:58 +0100] "GET /de/ HTTP/1.1" 200 26581 "-" "Mozilla/5.0 (compatible; Baiduspider/2.0; +http://www.baidu.com/search/spider.html)"
220.181.108.165 - - [03/Jan/2015:12:10:04 +0100] "GET /wp-content/themes/purevision/styles/common-css/reset.css?ver=1.0 HTTP/1.1" 200 1004 "http://a-und-h.de/" "Mozilla/5.0 (compatible; Baiduspider/2.0; +http://www.baidu.com/search/spider.html)"
220.181.108.115 - - [03/Jan/2015:12:10:04 +0100] "GET /wp-content/themes/purevision/style.css?ver=1.0 HTTP/1.1" 200 885 "http://a-und-h.de/" "Mozilla/5.0 (compatible; Baiduspider/2.0; +http://www.baidu.com/search/spider.html)"
220.181.108.103 - - [03/Jan/2015:12:10:04 +0100] "GET /wp-content/themes/purevision/scripts/superfish-1.4.8/css/superfish.css?ver=1.0 HTTP/1.1" 200 3275 "http://a-und-h.de/" "Mozilla/5.0 (compatible; Baiduspider/2.0; +http://www.baidu.com/search/spider.html)"
220.181.108.78 - - [03/Jan/2015:12:10:04 +0100] "GET /wp-content/plugins/category-posts/cat-posts.css?ver=4.0.1 HTTP/1.1" 200 833 "http://a-und-h.de/" "Mozilla/5.0 (compatible; Baiduspider/2.0; +http://www.baidu.com/search/spider.html)"
220.181.108.141 - - [03/Jan/2015:12:10:04 +0100] "GET /wp-content/themes/purevision/styles/style1/css/style.css?ver=1.0 HTTP/1.1" 200 72108 "http://a-und-h.de/" "Mozilla/5.0 (compatible; Baiduspider/2.0; +http://www.baidu.com/search/spider.html)"
220.181.108.187 - - [03/Jan/2015:12:10:04 +0100] "GET /wp-content/themes/purevision/styles/custom/custom_style.php?ver=4.0.1 HTTP/1.1" 200 4550 "http://a-und-h.de/" "Mozilla/5.0 (compatible; Baiduspider/2.0; +http://www.baidu.com/search/spider.html)"
188.40.35.97 - - [03/Jan/2015:12:10:05 +0100] "POST /wp-cron.php?doing_wp_cron=1420283405.1973021030426025390625 HTTP/1.0" 200 - "-" "WordPress/4.0.1; http://www.a-und-h.de"
220.181.108.119 - - [03/Jan/2015:12:10:05 +0100] "GET /wp-includes/js/jquery/jquery.js?ver=1.11.1 HTTP/1.1" 200 95807 "http://a-und-h.de/" "Mozilla/5.0 (compatible; Baiduspider/2.0; +http://www.baidu.com/search/spider.html)"
220.181.108.187 - - [03/Jan/2015:12:10:07 +0100] "GET /wp-content/plugins/snow-storm/snow-storm.js?ver=1.41 HTTP/1.1" 200 9852 "http://a-und-h.de/" "Mozilla/5.0 (compatible; Baiduspider/2.0; +http://www.baidu.com/search/spider.html)"
220.181.108.103 - - [03/Jan/2015:12:10:08 +0100] "GET /wp-content/plugins/wp-slimbox2/javascript/slimbox2.js?ver=2.04 HTTP/1.1" 200 3777 "http://a-und-h.de/" "Mozilla/5.0 (compatible; Baiduspider/2.0; +http://www.baidu.com/search/spider.html)"
220.181.108.147 - - [03/Jan/2015:12:10:09 +0100] "GET /wp-content/themes/purevision/sliders/piecemaker/js/swfobject.js?ver=1.5 HTTP/1.1" 200 6880 "http://a-und-h.de/" "Mozilla/5.0 (compatible; Baiduspider/2.0; +http://www.baidu.com/search/spider.html)"
220.181.108.116 - - [03/Jan/2015:12:10:10 +0100] "GET /piwik/piwik.js HTTP/1.1" 301 319 "http://a-und-h.de/" "Mozilla/5.0 (compatible; Baiduspider/2.0; +http://www.baidu.com/search/spider.html)"
220.181.108.112 - - [03/Jan/2015:12:10:10 +0100] "GET /piwik/piwik.js HTTP/1.1" 200 18716 "http://a-und-h.de/" "Mozilla/5.0 (compatible; Baiduspider/2.0; +http://www.baidu.com/search/spider.html)"
220.181.108.76 - - [03/Jan/2015:12:10:11 +0100] "GET /piwik/piwik.php?action_name=A%2BH%20Adsorp%20Luftentfeuchtungssysteme%20GmbH&idsite=1&rec=1&r=393526&h=19&m=10&s=10&url=http%3A%2F%2Fa-und-h.de%2F&_id=84cccac6ac5ab7df&_idts=1420283411&_idvc=1&_idn=1&_refts=0&_viewts=1420283411&res=1600x1600&cookie=1 HTTP/1.1" 301 631 "http://a-und-h.de/" "Mozilla/5.0 (compatible; Baiduspider/2.0; +http://www.baidu.com/search/spider.html)"
220.181.108.174 - - [03/Jan/2015:12:10:12 +0100] "GET /wp-content/plugins/contact-form-7/includes/js/jquery.form.min.js?ver=3.51.0-2014.06.20 HTTP/1.1" 200 15248 "http://a-und-h.de/" "Mozilla/5.0 (compatible; Baiduspider/2.0; +http://www.baidu.com/search/spider.html)"
220.181.108.176 - - [03/Jan/2015:12:10:12 +0100] "GET /piwik/piwik.php?action_name=A%252BH%2520Adsorp%2520Luftentfeuchtungssysteme%2520GmbH&idsite=1&rec=1&r=393526&h=19&m=10&s=10&url=http%253A%252F%252Fa-und-h.de%252F&_id=84cccac6ac5ab7df&_idts=1420283411&_idvc=1&_idn=1&_refts=0&_viewts=1420283411&res=1600x1600&cookie=1 HTTP/1.1" 200 43 "http://a-und-h.de/" "Mozilla/5.0 (compatible; Baiduspider/2.0; +http://www.baidu.com/search/spider.html)"
220.181.108.103 - - [03/Jan/2015:12:10:13 +0100] "GET /wp-content/plugins/contact-form-7/includes/js/scripts.js?ver=4.0.1 HTTP/1.1" 200 9658 "http://a-und-h.de/" "Mozilla/5.0 (compatible; Baiduspider/2.0; +http://www.baidu.com/search/spider.html)"
188.40.35.97 - - [03/Jan/2015:12:14:26 +0100] "POST /wp-cron.php?doing_wp_cron=1420283666.8627250194549560546875 HTTP/1.0" 200 - "-" "WordPress/4.0.1; http://www.a-und-h.de"
66.249.64.20 - - [03/Jan/2015:12:14:26 +0100] "GET /de/ HTTP/1.1" 200 26581 "-" "Mozilla/5.0 (compatible; Googlebot/2.1; +http://www.google.com/bot.html)"
188.40.35.97 - - [03/Jan/2015:12:17:48 +0100] "POST /wp-cron.php?doing_wp_cron=1420283868.0388870239257812500000 HTTP/1.0" 200 - "-" "WordPress/4.0.1; http://www.a-und-h.de"
180.76.6.43 - - [03/Jan/2015:12:17:47 +0100] "GET /?p=1303 HTTP/1.1" 301 - "-" "Mozilla/5.0 (compatible; Baiduspider/2.0; +http://www.baidu.com/search/spider.html)"
180.76.5.153 - - [03/Jan/2015:12:17:49 +0100] "GET /legal-notice-2 HTTP/1.1" 200 21841 "-" "Mozilla/5.0 (compatible; Baiduspider/2.0; +http://www.baidu.com/search/spider.html)"
188.40.35.97 - - [03/Jan/2015:12:35:55 +0100] "POST /wp-cron.php?doing_wp_cron=1420284955.0265960693359375000000 HTTP/1.0" 200 - "-" "WordPress/4.0.1; http://www.a-und-h.de"
213.252.143.10 - - [03/Jan/2015:12:35:54 +0100] "GET / HTTP/1.1" 302 - "-" "Mozilla/5.0 (iPhone; CPU iPhone OS 8_1_2 like Mac OS X) AppleWebKit/600.1.4 (KHTML, like Gecko) Version/8.0 Mobile/12B440 Safari/600.1.4"
213.252.143.10 - - [03/Jan/2015:12:35:55 +0100] "GET /de/ HTTP/1.1" 302 - "-" "Mozilla/5.0 (iPhone; CPU iPhone OS 8_1_2 like Mac OS X) AppleWebKit/600.1.4 (KHTML, like Gecko) Version/8.0 Mobile/12B440 Safari/600.1.4"
213.252.143.10 - - [03/Jan/2015:12:35:56 +0100] "GET /produkte HTTP/1.1" 200 24636 "-" "Mozilla/5.0 (iPhone; CPU iPhone OS 8_1_2 like Mac OS X) AppleWebKit/600.1.4 (KHTML, like Gecko) Version/8.0 Mobile/12B440 Safari/600.1.4"
213.252.143.10 - - [03/Jan/2015:12:35:57 +0100] "GET /wp-content/plugins/cookie-opt-in/css/style.css?ver=4.0.1 HTTP/1.1" 200 2316 "http://www.a-und-h.de/produkte" "Mozilla/5.0 (iPhone; CPU iPhone OS 8_1_2 like Mac OS X) AppleWebKit/600.1.4 (KHTML, like Gecko) Version/8.0 Mobile/12B440 Safari/600.1.4"
213.252.143.10 - - [03/Jan/2015:12:35:57 +0100] "GET /wp-content/plugins/category-posts/cat-posts.css?ver=4.0.1 HTTP/1.1" 403 328 "http://www.a-und-h.de/produkte" "Mozilla/5.0 (iPhone; CPU iPhone OS 8_1_2 like Mac OS X) AppleWebKit/600.1.4 (KHTML, like Gecko) Version/8.0 Mobile/12B440 Safari/600.1.4"
213.252.143.10 - - [03/Jan/2015:12:35:57 +0100] "GET /wp-content/plugins/wptouch/themes/foundation/modules/pushit/pushit.css?ver=4.0.1 HTTP/1.1" 200 484 "http://www.a-und-h.de/produkte" "Mozilla/5.0 (iPhone; CPU iPhone OS 8_1_2 like Mac OS X) AppleWebKit/600.1.4 (KHTML, like Gecko) Version/8.0 Mobile/12B440 Safari/600.1.4"
213.252.143.10 - - [03/Jan/2015:12:35:57 +0100] "GET /wp-content/plugins/contact-form-7/includes/css/styles.css?ver=4.0.1 HTTP/1.1" 200 1103 "http://www.a-und-h.de/produkte" "Mozilla/5.0 (iPhone; CPU iPhone OS 8_1_2 like Mac OS X) AppleWebKit/600.1.4 (KHTML, like Gecko) Version/8.0 Mobile/12B440 Safari/600.1.4"
213.252.143.10 - - [03/Jan/2015:12:35:57 +0100] "GET /wp-content/plugins/wptouch/themes/bauhaus/default/style.css?ver=3.5.3 HTTP/1.1" 200 18657 "http://www.a-und-h.de/produkte" "Mozilla/5.0 (iPhone; CPU iPhone OS 8_1_2 like Mac OS X) AppleWebKit/600.1.4 (KHTML, like Gecko) Version/8.0 Mobile/12B440 Safari/600.1.4"
213.252.143.10 - - [03/Jan/2015:12:35:57 +0100] "GET /wp-content/plugins/newsletter/subscription/styles/widget-neutral.css HTTP/1.1" 200 1018 "http://www.a-und-h.de/produkte" "Mozilla/5.0 (iPhone; CPU iPhone OS 8_1_2 like Mac OS X) AppleWebKit/600.1.4 (KHTML, like Gecko) Version/8.0 Mobile/12B440 Safari/600.1.4"
213.252.143.10 - - [03/Jan/2015:12:35:57 +0100] "GET /wp-content/plugins/wptouch/themes/foundation/default/style.css?ver=3.5.3 HTTP/1.1" 200 23416 "http://www.a-und-h.de/produkte" "Mozilla/5.0 (iPhone; CPU iPhone OS 8_1_2 like Mac OS X) AppleWebKit/600.1.4 (KHTML, like Gecko) Version/8.0 Mobile/12B440 Safari/600.1.4"
213.252.143.10 - - [03/Jan/2015:12:35:57 +0100] "GET /wp-content/plugins/wp-table-reloaded/css/plugin.css?ver=1.9.4 HTTP/1.1" 200 980 "http://www.a-und-h.de/produkte" "Mozilla/5.0 (iPhone; CPU iPhone OS 8_1_2 like Mac OS X) AppleWebKit/600.1.4 (KHTML, like Gecko) Version/8.0 Mobile/12B440 Safari/600.1.4"
213.252.143.10 - - [03/Jan/2015:12:35:57 +0100] "GET /wp-content/plugins/wp-slimbox2/css/slimbox2.css?ver=1.1 HTTP/1.1" 200 917 "http://www.a-und-h.de/produkte" "Mozilla/5.0 (iPhone; CPU iPhone OS 8_1_2 like Mac OS X) AppleWebKit/600.1.4 (KHTML, like Gecko) Version/8.0 Mobile/12B440 Safari/600.1.4"
213.252.143.10 - - [03/Jan/2015:12:35:57 +0100] "GET /wp-content/plugins/wptouch/themes/foundation/modules/font-awesome/font-awesome.min.css?ver=2.2 HTTP/1.1" 200 22054 "http://www.a-und-h.de/produkte" "Mozilla/5.0 (iPhone; CPU iPhone OS 8_1_2 like Mac OS X) AppleWebKit/600.1.4 (KHTML, like Gecko) Version/8.0 Mobile/12B440 Safari/600.1.4"
213.252.143.10 - - [03/Jan/2015:12:35:57 +0100] "GET /wp-content/plugins/wp-table-reloaded/css/datatables.css?ver=1.9.4 HTTP/1.1" 200 2329 "http://www.a-und-h.de/produkte" "Mozilla/5.0 (iPhone; CPU iPhone OS 8_1_2 like Mac OS X) AppleWebKit/600.1.4 (KHTML, like Gecko) Version/8.0 Mobile/12B440 Safari/600.1.4"
213.252.143.10 - - [03/Jan/2015:12:35:57 +0100] "GET /wp-includes/js/jquery/jquery-migrate.min.js?ver=1.2.1 HTTP/1.1" 200 7200 "http://www.a-und-h.de/produkte" "Mozilla/5.0 (iPhone; CPU iPhone OS 8_1_2 like Mac OS X) AppleWebKit/600.1.4 (KHTML, like Gecko) Version/8.0 Mobile/12B440 Safari/600.1.4"
213.252.143.10 - - [03/Jan/2015:12:35:57 +0100] "GET /wp-content/plugins/snow-storm/snow-storm.js?ver=1.41 HTTP/1.1" 200 9852 "http://www.a-und-h.de/produkte" "Mozilla/5.0 (iPhone; CPU iPhone OS 8_1_2 like Mac OS X) AppleWebKit/600.1.4 (KHTML, like Gecko) Version/8.0 Mobile/12B440 Safari/600.1.4"
213.252.143.10 - - [03/Jan/2015:12:35:57 +0100] "GET /wp-content/plugins/contact-form-7/includes/js/scripts.js?ver=4.0.1 HTTP/1.1" 200 9658 "http://www.a-und-h.de/produkte" "Mozilla/5.0 (iPhone; CPU iPhone OS 8_1_2 like Mac OS X) AppleWebKit/600.1.4 (KHTML, like Gecko) Version/8.0 Mobile/12B440 Safari/600.1.4"
213.252.143.10 - - [03/Jan/2015:12:35:57 +0100] "GET /wp-content/plugins/cookie-opt-in/js/cookie-opt-in.js?ver=1 HTTP/1.1" 200 9405 "http://www.a-und-h.de/produkte" "Mozilla/5.0 (iPhone; CPU iPhone OS 8_1_2 like Mac OS X) AppleWebKit/600.1.4 (KHTML, like Gecko) Version/8.0 Mobile/12B440 Safari/600.1.4"
213.252.143.10 - - [03/Jan/2015:12:35:57 +0100] "GET /wp-content/plugins/wp-slimbox2/javascript/slimbox2_autoload.js?ver=1.0.4b HTTP/1.1" 200 3027 "http://www.a-und-h.de/produkte" "Mozilla/5.0 (iPhone; CPU iPhone OS 8_1_2 like Mac OS X) AppleWebKit/600.1.4 (KHTML, like Gecko) Version/8.0 Mobile/12B440 Safari/600.1.4"
213.252.143.10 - - [03/Jan/2015:12:35:57 +0100] "GET /wp-content/plugins/cookie-opt-in/js/cookie-opt-in-if.js?ver=1 HTTP/1.1" 200 1119 "http://www.a-und-h.de/produkte" "Mozilla/5.0 (iPhone; CPU iPhone OS 8_1_2 like Mac OS X) AppleWebKit/600.1.4 (KHTML, like Gecko) Version/8.0 Mobile/12B440 Safari/600.1.4"
213.252.143.10 - - [03/Jan/2015:12:35:57 +0100] "GET /wp-content/plugins/wp-slimbox2/javascript/slimbox2.js?ver=2.04 HTTP/1.1" 200 3777 "http://www.a-und-h.de/produkte" "Mozilla/5.0 (iPhone; CPU iPhone OS 8_1_2 like Mac OS X) AppleWebKit/600.1.4 (KHTML, like Gecko) Version/8.0 Mobile/12B440 Safari/600.1.4"
213.252.143.10 - - [03/Jan/2015:12:35:57 +0100] "GET /wp-content/plugins/wptouch/resources/icons/elegant/Questions.png HTTP/1.1" 200 2784 "http://www.a-und-h.de/produkte" "Mozilla/5.0 (iPhone; CPU iPhone OS 8_1_2 like Mac OS X) AppleWebKit/600.1.4 (KHTML, like Gecko) Version/8.0 Mobile/12B440 Safari/600.1.4"
213.252.143.10 - - [03/Jan/2015:12:35:57 +0100] "GET /wp-content/plugins/wptouch/resources/icons/elegant/Mail.png HTTP/1.1" 200 1245 "http://www.a-und-h.de/produkte" "Mozilla/5.0 (iPhone; CPU iPhone OS 8_1_2 like Mac OS X) AppleWebKit/600.1.4 (KHTML, like Gecko) Version/8.0 Mobile/12B440 Safari/600.1.4"
213.252.143.10 - - [03/Jan/2015:12:35:57 +0100] "GET /wp-content/plugins/wptouch/resources/icons/elegant/Paper.png HTTP/1.1" 200 336 "http://www.a-und-h.de/produkte" "Mozilla/5.0 (iPhone; CPU iPhone OS 8_1_2 like Mac OS X) AppleWebKit/600.1.4 (KHTML, like Gecko) Version/8.0 Mobile/12B440 Safari/600.1.4"
213.252.143.10 - - [03/Jan/2015:12:35:57 +0100] "GET /wp-content/plugins/contact-form-7/includes/js/jquery.form.min.js?ver=3.51.0-2014.06.20 HTTP/1.1" 200 15248 "http://www.a-und-h.de/produkte" "Mozilla/5.0 (iPhone; CPU iPhone OS 8_1_2 like Mac OS X) AppleWebKit/600.1.4 (KHTML, like Gecko) Version/8.0 Mobile/12B440 Safari/600.1.4"
213.252.143.10 - - [03/Jan/2015:12:35:57 +0100] "GET /wp-content/plugins/wptouch/resources/icons/elegant/Pencil.png HTTP/1.1" 200 1370 "http://www.a-und-h.de/produkte" "Mozilla/5.0 (iPhone; CPU iPhone OS 8_1_2 like Mac OS X) AppleWebKit/600.1.4 (KHTML, like Gecko) Version/8.0 Mobile/12B440 Safari/600.1.4"
213.252.143.10 - - [03/Jan/2015:12:35:57 +0100] "GET /wp-content/plugins/wptouch/resources/icons/elegant/Graph.png HTTP/1.1" 200 970 "http://www.a-und-h.de/produkte" "Mozilla/5.0 (iPhone; CPU iPhone OS 8_1_2 like Mac OS X) AppleWebKit/600.1.4 (KHTML, like Gecko) Version/8.0 Mobile/12B440 Safari/600.1.4"
213.252.143.10 - - [03/Jan/2015:12:35:57 +0100] "GET /wp-content/plugins/wptouch/resources/icons/elegant/World.png HTTP/1.1" 200 3483 "http://www.a-und-h.de/produkte" "Mozilla/5.0 (iPhone; CPU iPhone OS 8_1_2 like Mac OS X) AppleWebKit/600.1.4 (KHTML, like Gecko) Version/8.0 Mobile/12B440 Safari/600.1.4"
213.252.143.10 - - [03/Jan/2015:12:35:57 +0100] "GET /wp-content/plugins/wptouch/resources/icons/elegant/Config.png HTTP/1.1" 200 789 "http://www.a-und-h.de/produkte" "Mozilla/5.0 (iPhone; CPU iPhone OS 8_1_2 like Mac OS X) AppleWebKit/600.1.4 (KHTML, like Gecko) Version/8.0 Mobile/12B440 Safari/600.1.4"
213.252.143.10 - - [03/Jan/2015:12:35:57 +0100] "GET /wp-includes/js/jquery/jquery.js?ver=1.11.1 HTTP/1.1" 200 95807 "http://www.a-und-h.de/produkte" "Mozilla/5.0 (iPhone; CPU iPhone OS 8_1_2 like Mac OS X) AppleWebKit/600.1.4 (KHTML, like Gecko) Version/8.0 Mobile/12B440 Safari/600.1.4"
213.252.143.10 - - [03/Jan/2015:12:35:57 +0100] "GET /wp-content/uploads/2012/03/Header-Luftentfeuchter.jpg HTTP/1.1" 200 53240 "http://www.a-und-h.de/produkte" "Mozilla/5.0 (iPhone; CPU iPhone OS 8_1_2 like Mac OS X) AppleWebKit/600.1.4 (KHTML, like Gecko) Version/8.0 Mobile/12B440 Safari/600.1.4"
