178.194.176.206 - - [01/Jan/2015:15:41:51 +0100] "GET /piwik/piwik.php?action_name=A%2BH%20Adsorp%20Luftentfeuchtungssysteme%20GmbH&idsite=1&rec=1&r=365403&h=15&m=41&s=41&url=http%3A%2F%2Fwww.a-und-h.de%2Fde%2F&urlref=http%3A%2F%2Fwww.a-und-h.de%2Fde%2F&_id=9eb59e49a34c1b25&_idts=1312191663&_idvc=31&_idn=0&_refts=1420123289&_viewts=1418324165&_ref=http%3A%2F%2Fwww.google.ch%2Furl%3Fsa%3Dt%26rct%3Dj%26q%3D%26esrc%3Ds%26frm%3D1%26source%3Dweb%26cd%3D1%26ved%3D0CB0QFjAA%26url%3Dhttp%253A%252F%252Fwww.a-und-h.de%252Fde%252F%26ei%3DnFylVMazKsS8Ud-Kg4gN%26usg%3DAFQjCNEKAgG5q_PP8DFyT5PlTEBe70dkhA%26bvm%3Dbv.82001339%2Cd.d24&java=1&res=1280x800&cookie=1 HTTP/1.1" 200 43 "http://www.a-und-h.de/de/" "Mozilla/5.0 (compatible; MSIE 9.0; Windows NT 6.0; Trident/5.0)"
178.194.176.206 - - [01/Jan/2015:15:41:51 +0100] "GET /wp-content/themes/purevision/sliders/slider_de/piecemaker.swf?random_number=3430 HTTP/1.1" 200 208139 "http://www.a-und-h.de/de/" "Mozilla/5.0 (compatible; MSIE 9.0; Windows NT 6.0; Trident/5.0)"
178.194.176.206 - - [01/Jan/2015:15:41:52 +0100] "GET /de/www.a-und-h.de/favicon.ico HTTP/1.1" 404 17248 "-" "Mozilla/5.0 (compatible; MSIE 9.0; Windows NT 6.0; Trident/5.0)"
62.210.215.119 - - [01/Jan/2015:15:41:55 +0100] "GET /de/feed HTTP/1.1" 200 22105 "-" "Mozilla/5.0 (X11; Linux i686) AppleWebKit/537.36 (KHTML, like Gecko) Chrome/30.0.1599.66 Safari/537.36"
178.194.176.206 - - [01/Jan/2015:15:42:03 +0100] "GET /category/standardgeraete HTTP/1.1" 200 33114 "http://www.a-und-h.de/de/" "Mozilla/5.0 (compatible; MSIE 9.0; Windows NT 6.0; Trident/5.0)"
178.194.176.206 - - [01/Jan/2015:15:42:03 +0100] "GET /wp-content/uploads/2014/09/Luftentfeuchter-250TP-249x300.jpg HTTP/1.1" 200 9661 "http://www.a-und-h.de/category/standardgeraete" "Mozilla/5.0 (compatible; MSIE 9.0; Windows NT 6.0; Trident/5.0)"
178.194.176.206 - - [01/Jan/2015:15:42:03 +0100] "GET /wp-content/uploads/2014/09/160er-mit-Logo-300x225.jpg HTTP/1.1" 200 10746 "http://www.a-und-h.de/category/standardgeraete" "Mozilla/5.0 (compatible; MSIE 9.0; Windows NT 6.0; Trident/5.0)"
178.194.176.206 - - [01/Jan/2015:15:42:03 +0100] "GET /wp-content/themes/purevision/styles/custom/custom_style.php?ver=4.0.1 HTTP/1.1" 200 4550 "http://www.a-und-h.de/category/standardgeraete" "Mozilla/5.0 (compatible; MSIE 9.0; Windows NT 6.0; Trident/5.0)"
178.194.176.206 - - [01/Jan/2015:15:42:03 +0100] "GET /wp-content/uploads/2014/09/Adsorp-700-1500.jpg HTTP/1.1" 200 87431 "http://www.a-und-h.de/category/standardgeraete" "Mozilla/5.0 (compatible; MSIE 9.0; Windows NT 6.0; Trident/5.0)"
178.194.176.206 - - [01/Jan/2015:15:42:04 +0100] "GET /wp-content/plugins/newsletter/subscription/styles/widget-neutral/button.png HTTP/1.1" 200 180 "http://www.a-und-h.de/category/standardgeraete" "Mozilla/5.0 (compatible; MSIE 9.0; Windows NT 6.0; Trident/5.0)"
178.194.176.206 - - [01/Jan/2015:15:42:04 +0100] "GET /piwik/piwik.php?action_name=Standardger%C3%A4te%20%7C%20A%2BH%20Adsorp&idsite=1&rec=1&r=282768&h=15&m=41&s=53&url=http%3A%2F%2Fwww.a-und-h.de%2Fcategory%2Fstandardgeraete&urlref=http%3A%2F%2Fwww.a-und-h.de%2Fde%2F&_id=9eb59e49a34c1b25&_idts=1312191663&_idvc=31&_idn=0&_refts=1420123289&_viewts=1418324165&_ref=http%3A%2F%2Fwww.google.ch%2Furl%3Fsa%3Dt%26rct%3Dj%26q%3D%26esrc%3Ds%26frm%3D1%26source%3Dweb%26cd%3D1%26ved%3D0CB0QFjAA%26url%3Dhttp%253A%252F%252Fwww.a-und-h.de%252Fde%252F%26ei%3DnFylVMazKsS8Ud-Kg4gN%26usg%3DAFQjCNEKAgG5q_PP8DFyT5PlTEBe70dkhA%26bvm%3Dbv.82001339%2Cd.d24&java=1&res=1280x800&cookie=1 HTTP/1.1" 200 43 "http://www.a-und-h.de/category/standardgeraete" "Mozilla/5.0 (compatible; MSIE 9.0; Windows NT 6.0; Trident/5.0)"
178.194.176.206 - - [01/Jan/2015:15:42:04 +0100] "GET /wp-content/uploads/2014/09/Luftentfeuchter-310-300x225.jpg HTTP/1.1" 200 13240 "http://www.a-und-h.de/category/standardgeraete" "Mozilla/5.0 (compatible; MSIE 9.0; Windows NT 6.0; Trident/5.0)"
178.194.176.206 - - [01/Jan/2015:15:42:04 +0100] "GET /wp-content/uploads/2014/09/Luftentfeuchter-DA-510.jpg HTTP/1.1" 200 37242 "http://www.a-und-h.de/category/standardgeraete" "Mozilla/5.0 (compatible; MSIE 9.0; Windows NT 6.0; Trident/5.0)"
178.194.176.206 - - [01/Jan/2015:15:42:04 +0100] "GET /category/www.a-und-h.de/favicon.ico HTTP/1.1" 404 17254 "-" "Mozilla/5.0 (compatible; MSIE 9.0; Windows NT 6.0; Trident/5.0)"
178.194.176.206 - - [01/Jan/2015:15:42:18 +0100] "GET /unternehmen/ueber-uns HTTP/1.1" 200 24908 "http://www.a-und-h.de/category/standardgeraete" "Mozilla/5.0 (compatible; MSIE 9.0; Windows NT 6.0; Trident/5.0)"
178.194.176.206 - - [01/Jan/2015:15:42:19 +0100] "GET /wp-content/uploads/2014/08/22303323-300x166.jpg HTTP/1.1" 200 12309 "http://www.a-und-h.de/unternehmen/ueber-uns" "Mozilla/5.0 (compatible; MSIE 9.0; Windows NT 6.0; Trident/5.0)"
178.194.176.206 - - [01/Jan/2015:15:42:19 +0100] "GET /wp-content/themes/purevision/styles/custom/custom_style.php?ver=4.0.1 HTTP/1.1" 200 4550 "http://www.a-und-h.de/unternehmen/ueber-uns" "Mozilla/5.0 (compatible; MSIE 9.0; Windows NT 6.0; Trident/5.0)"
178.194.176.206 - - [01/Jan/2015:15:42:19 +0100] "GET /wp-content/uploads/2014/08/p4k-fgp.jpg HTTP/1.1" 200 50008 "http://www.a-und-h.de/unternehmen/ueber-uns" "Mozilla/5.0 (compatible; MSIE 9.0; Windows NT 6.0; Trident/5.0)"
178.194.176.206 - - [01/Jan/2015:15:42:19 +0100] "GET /wp-includes/js/comment-reply.min.js?ver=4.0.1 HTTP/1.1" 200 757 "http://www.a-und-h.de/unternehmen/ueber-uns" "Mozilla/5.0 (compatible; MSIE 9.0; Windows NT 6.0; Trident/5.0)"
178.194.176.206 - - [01/Jan/2015:15:42:19 +0100] "GET /piwik/piwik.php?action_name=%C3%9Cber%20uns%20-%20das%20Team%20%7C%20A%2BH%20Adsorp&idsite=1&rec=1&r=179287&h=15&m=42&s=9&url=http%3A%2F%2Fwww.a-und-h.de%2Funternehmen%2Fueber-uns&urlref=http%3A%2F%2Fwww.a-und-h.de%2Fcategory%2Fstandardgeraete&_id=9eb59e49a34c1b25&_idts=1312191663&_idvc=31&_idn=0&_refts=1420123289&_viewts=1418324165&_ref=http%3A%2F%2Fwww.google.ch%2Furl%3Fsa%3Dt%26rct%3Dj%26q%3D%26esrc%3Ds%26frm%3D1%26source%3Dweb%26cd%3D1%26ved%3D0CB0QFjAA%26url%3Dhttp%253A%252F%252Fwww.a-und-h.de%252Fde%252F%26ei%3DnFylVMazKsS8Ud-Kg4gN%26usg%3DAFQjCNEKAgG5q_PP8DFyT5PlTEBe70dkhA%26bvm%3Dbv.82001339%2Cd.d24&java=1&res=1280x800&cookie=1 HTTP/1.1" 200 43 "http://www.a-und-h.de/unternehmen/ueber-uns" "Mozilla/5.0 (compatible; MSIE 9.0; Windows NT 6.0; Trident/5.0)"
178.194.176.206 - - [01/Jan/2015:15:42:20 +0100] "GET /unternehmen/www.a-und-h.de/favicon.ico HTTP/1.1" 404 17257 "-" "Mozilla/5.0 (compatible; MSIE 9.0; Windows NT 6.0; Trident/5.0)"
66.249.78.93 - - [01/Jan/2015:15:42:28 +0100] "GET / HTTP/1.1" 302 - "-" "Mozilla/5.0 (compatible; Googlebot/2.1; +http://www.google.com/bot.html)"
66.249.78.93 - - [01/Jan/2015:15:42:28 +0100] "GET /de/ HTTP/1.1" 200 26581 "-" "Mozilla/5.0 (compatible; Googlebot/2.1; +http://www.google.com/bot.html)"
178.194.176.206 - - [01/Jan/2015:15:42:40 +0100] "GET /piwik/piwik.php?download=http%3A%2F%2Fwww.a-und-h.de%2Fwp-content%2Fuploads%2F2014%2F09%2FA%2BH-Unternehmensbrosch%C3%BCre-140922.pdf&idsite=1&rec=1&r=337640&h=15&m=42&s=30&url=http%3A%2F%2Fwww.a-und-h.de%2Funternehmen%2Fueber-uns&urlref=http%3A%2F%2Fwww.a-und-h.de%2Fcategory%2Fstandardgeraete&_id=9eb59e49a34c1b25&_idts=1312191663&_idvc=31&_idn=0&_refts=1420123289&_viewts=1418324165&_ref=http%3A%2F%2Fwww.google.ch%2Furl%3Fsa%3Dt%26rct%3Dj%26q%3D%26esrc%3Ds%26frm%3D1%26source%3Dweb%26cd%3D1%26ved%3D0CB0QFjAA%26url%3Dhttp%253A%252F%252Fwww.a-und-h.de%252Fde%252F%26ei%3DnFylVMazKsS8Ud-Kg4gN%26usg%3DAFQjCNEKAgG5q_PP8DFyT5PlTEBe70dkhA%26bvm%3Dbv.82001339%2Cd.d24&java=1&res=1280x800&cookie=1 HTTP/1.1" 200 43 "http://www.a-und-h.de/unternehmen/ueber-uns" "Mozilla/5.0 (compatible; MSIE 9.0; Windows NT 6.0; Trident/5.0)"
178.194.176.206 - - [01/Jan/2015:15:42:41 +0100] "GET /wp-content/uploads/2014/09/A+H-Unternehmensbrosch%C3%BCre-140922.pdf HTTP/1.1" 200 319892 "http://www.a-und-h.de/unternehmen/ueber-uns" "Mozilla/5.0 (compatible; MSIE 9.0; Windows NT 6.0; Trident/5.0)"
178.194.176.206 - - [01/Jan/2015:15:42:42 +0100] "GET /wp-content/uploads/2014/09/A+H-Unternehmensbrosch\xfcre-140922.pdf HTTP/1.1" 404 22100 "-" "Mozilla/5.0 (compatible; MSIE 9.0; Windows NT 6.0; Trident/5.0)"
178.194.176.206 - - [01/Jan/2015:15:42:45 +0100] "GET /wp-content/uploads/2014/09/A+H-Unternehmensbrosch\xfcre-140922.pdf HTTP/1.1" 404 22100 "-" "Mozilla/5.0 (compatible; MSIE 9.0; Windows NT 6.0; Trident/5.0)"
66.249.78.79 - - [01/Jan/2015:15:45:28 +0100] "GET /wp-content/themes/purevision/sliders/slider_de/piecemaker.swf?random_number=6876 HTTP/1.1" 200 208139 "-" "Mozilla/5.0 (compatible; Googlebot/2.1; +http://www.google.com/bot.html)"
141.8.147.20 - - [01/Jan/2015:15:51:41 +0100] "GET /da-510-da-610-2 HTTP/1.1" 200 29358 "-" "Mozilla/5.0 (compatible; YandexBot/3.0; +http://yandex.com/bots)"
188.40.35.97 - - [01/Jan/2015:15:51:42 +0100] "POST /wp-cron.php?doing_wp_cron=1420123902.1711440086364746093750 HTTP/1.0" 200 - "-" "WordPress/4.0.1; http://www.a-und-h.de"
94.180.196.148 - - [01/Jan/2015:15:59:11 +0100] "GET / HTTP/1.0" 301 305 "http://yandex.ru/yandsearch?text=a-und-h.de&lr=213" "Mozilla/4.0 (compatible; MSIE 8.0; Windows NT 5.1; Trident/4.0)"
92.242.35.54 - - [01/Jan/2015:15:59:11 +0100] "GET /robots.txt HTTP/1.1" 301 315 "-" "WebIndex"
188.40.35.97 - - [01/Jan/2015:15:59:11 +0100] "POST /wp-cron.php?doing_wp_cron=1420124351.9213190078735351562500 HTTP/1.0" 200 - "-" "WordPress/4.0.1; http://www.a-und-h.de"
94.180.196.148 - - [01/Jan/2015:15:59:11 +0100] "GET / HTTP/1.0" 302 - "http://yandex.ru/yandsearch?text=a-und-h.de&lr=213" "Mozilla/4.0 (compatible; MSIE 8.0; Windows NT 5.1; Trident/4.0)"
188.40.35.97 - - [01/Jan/2015:15:59:11 +0100] "POST /wp-cron.php?doing_wp_cron=1420124351.9705948829650878906250 HTTP/1.0" 200 - "-" "WordPress/4.0.1; http://www.a-und-h.de"
188.40.35.97 - - [01/Jan/2015:15:59:11 +0100] "POST /wp-cron.php?doing_wp_cron=1420124351.9057528972625732421875 HTTP/1.0" 200 - "-" "WordPress/4.0.1; http://www.a-und-h.de"
92.242.35.54 - - [01/Jan/2015:15:59:11 +0100] "GET /robots.txt HTTP/1.1" 200 35 "-" "WebIndex"
92.242.35.54 - - [01/Jan/2015:15:59:11 +0100] "GET /robots.txt HTTP/1.1" 200 35 "-" "WebIndex"
92.242.35.54 - - [01/Jan/2015:15:59:13 +0100] "GET / HTTP/1.1" 301 305 "-" "WebIndex"
92.242.35.54 - - [01/Jan/2015:15:59:12 +0100] "GET / HTTP/1.1" 302 - "-" "WebIndex"
94.180.196.148 - - [01/Jan/2015:15:59:12 +0100] "GET /en/ HTTP/1.0" 200 24843 "http://yandex.ru/yandsearch?text=a-und-h.de&lr=213" "Mozilla/4.0 (compatible; MSIE 8.0; Windows NT 5.1; Trident/4.0)"
94.180.196.148 - - [01/Jan/2015:15:59:13 +0100] "GET /wp-content/plugins/cookie-opt-in/css/style.css?ver=4.0.1 HTTP/1.0" 200 2316 "http://www.a-und-h.de/en/" "Mozilla/4.0 (compatible; MSIE 8.0; Windows NT 5.1; Trident/4.0)"
94.180.196.148 - - [01/Jan/2015:15:59:14 +0100] "GET /wp-content/plugins/category-posts/cat-posts.css?ver=4.0.1 HTTP/1.0" 200 833 "http://www.a-und-h.de/en/" "Mozilla/4.0 (compatible; MSIE 8.0; Windows NT 5.1; Trident/4.0)"
94.180.196.148 - - [01/Jan/2015:15:59:14 +0100] "GET /wp-content/plugins/contact-form-7/includes/css/styles.css?ver=4.0.1 HTTP/1.0" 200 1103 "http://www.a-und-h.de/en/" "Mozilla/4.0 (compatible; MSIE 8.0; Windows NT 5.1; Trident/4.0)"
94.180.196.148 - - [01/Jan/2015:15:59:14 +0100] "GET /wp-content/plugins/wp-slimbox2/css/slimbox2.css?ver=1.1 HTTP/1.0" 200 917 "http://www.a-und-h.de/en/" "Mozilla/4.0 (compatible; MSIE 8.0; Windows NT 5.1; Trident/4.0)"
94.180.196.148 - - [01/Jan/2015:15:59:15 +0100] "GET /wp-content/themes/purevision/styles/common-css/reset.css?ver=1.0 HTTP/1.0" 200 1004 "http://www.a-und-h.de/en/" "Mozilla/4.0 (compatible; MSIE 8.0; Windows NT 5.1; Trident/4.0)"
94.180.196.148 - - [01/Jan/2015:15:59:15 +0100] "GET /wp-content/themes/purevision/styles/style1/css/text.css?ver=1.0 HTTP/1.0" 200 1819 "http://www.a-und-h.de/en/" "Mozilla/4.0 (compatible; MSIE 8.0; Windows NT 5.1; Trident/4.0)"
94.180.196.148 - - [01/Jan/2015:15:59:15 +0100] "GET /wp-content/themes/purevision/styles/common-css/960.css?ver=1.0 HTTP/1.0" 200 7707 "http://www.a-und-h.de/en/" "Mozilla/4.0 (compatible; MSIE 8.0; Windows NT 5.1; Trident/4.0)"
94.180.196.148 - - [01/Jan/2015:15:59:15 +0100] "GET /wp-content/themes/purevision/scripts/superfish-1.4.8/css/superfish.css?ver=1.0 HTTP/1.0" 200 3275 "http://www.a-und-h.de/en/" "Mozilla/4.0 (compatible; MSIE 8.0; Windows NT 5.1; Trident/4.0)"
94.180.196.148 - - [01/Jan/2015:15:59:16 +0100] "GET /wp-content/themes/purevision/styles/style1/css/style.css?ver=1.0 HTTP/1.0" 200 72108 "http://www.a-und-h.de/en/" "Mozilla/4.0 (compatible; MSIE 8.0; Windows NT 5.1; Trident/4.0)"
94.180.196.148 - - [01/Jan/2015:15:59:16 +0100] "GET /wp-content/themes/purevision/styles/custom/custom_style.php?ver=4.0.1 HTTP/1.0" 200 4550 "http://www.a-und-h.de/en/" "Mozilla/4.0 (compatible; MSIE 8.0; Windows NT 5.1; Trident/4.0)"
94.180.196.148 - - [01/Jan/2015:15:59:17 +0100] "GET /wp-content/themes/purevision/style.css?ver=1.0 HTTP/1.0" 200 885 "http://www.a-und-h.de/en/" "Mozilla/4.0 (compatible; MSIE 8.0; Windows NT 5.1; Trident/4.0)"
94.180.196.148 - - [01/Jan/2015:15:59:17 +0100] "GET /wp-includes/js/jquery/jquery.js?ver=1.11.1 HTTP/1.0" 200 95807 "http://www.a-und-h.de/en/" "Mozilla/4.0 (compatible; MSIE 8.0; Windows NT 5.1; Trident/4.0)"
94.180.196.148 - - [01/Jan/2015:15:59:18 +0100] "GET /wp-includes/js/jquery/jquery-migrate.min.js?ver=1.2.1 HTTP/1.0" 200 7200 "http://www.a-und-h.de/en/" "Mozilla/4.0 (compatible; MSIE 8.0; Windows NT 5.1; Trident/4.0)"
94.180.196.148 - - [01/Jan/2015:15:59:19 +0100] "GET /wp-content/plugins/cookie-opt-in/js/cookie-opt-in.js?ver=1 HTTP/1.0" 200 9405 "http://www.a-und-h.de/en/" "Mozilla/4.0 (compatible; MSIE 8.0; Windows NT 5.1; Trident/4.0)"
94.180.196.148 - - [01/Jan/2015:15:59:19 +0100] "GET /wp-content/plugins/snow-storm/snow-storm.js?ver=1.41 HTTP/1.0" 200 9852 "http://www.a-und-h.de/en/" "Mozilla/4.0 (compatible; MSIE 8.0; Windows NT 5.1; Trident/4.0)"
94.180.196.148 - - [01/Jan/2015:15:59:25 +0100] "GET /wp-content/plugins/wp-slimbox2/javascript/slimbox2.js?ver=2.04 HTTP/1.0" 200 3777 "http://www.a-und-h.de/en/" "Mozilla/4.0 (compatible; MSIE 8.0; Windows NT 5.1; Trident/4.0)"
94.180.196.148 - - [01/Jan/2015:15:59:25 +0100] "GET /wp-content/plugins/wp-slimbox2/javascript/slimbox2_autoload.js?ver=1.0.4b HTTP/1.0" 200 3027 "http://www.a-und-h.de/en/" "Mozilla/4.0 (compatible; MSIE 8.0; Windows NT 5.1; Trident/4.0)"
94.180.196.148 - - [01/Jan/2015:15:59:26 +0100] "GET /wp-content/themes/purevision/sliders/piecemaker/js/swfobject.js?ver=1.5 HTTP/1.0" 200 6880 "http://www.a-und-h.de/en/" "Mozilla/4.0 (compatible; MSIE 8.0; Windows NT 5.1; Trident/4.0)"
94.180.196.148 - - [01/Jan/2015:15:59:26 +0100] "GET /wp-content/themes/purevision/scripts/superfish-1.4.8/js/superfish.combined.js?ver=1.0.0 HTTP/1.0" 200 5387 "http://www.a-und-h.de/en/" "Mozilla/4.0 (compatible; MSIE 8.0; Windows NT 5.1; Trident/4.0)"
94.180.196.148 - - [01/Jan/2015:15:59:27 +0100] "GET /wp-content/themes/purevision/scripts/script.js?ver=1.0 HTTP/1.0" 200 7495 "http://www.a-und-h.de/en/" "Mozilla/4.0 (compatible; MSIE 8.0; Windows NT 5.1; Trident/4.0)"
94.180.196.148 - - [01/Jan/2015:15:59:27 +0100] "GET /wp-content/plugins/newsletter/subscription/styles/widget-neutral.css HTTP/1.0" 200 1018 "http://www.a-und-h.de/en/" "Mozilla/4.0 (compatible; MSIE 8.0; Windows NT 5.1; Trident/4.0)"
94.180.196.148 - - [01/Jan/2015:15:59:28 +0100] "GET /wp-content/plugins/wp-table-reloaded/css/plugin.css?ver=1.9.4 HTTP/1.0" 200 980 "http://www.a-und-h.de/en/" "Mozilla/4.0 (compatible; MSIE 8.0; Windows NT 5.1; Trident/4.0)"
94.180.196.148 - - [01/Jan/2015:15:59:28 +0100] "GET /wp-content/plugins/wp-table-reloaded/css/datatables.css?ver=1.9.4 HTTP/1.0" 200 2329 "http://www.a-und-h.de/en/" "Mozilla/4.0 (compatible; MSIE 8.0; Windows NT 5.1; Trident/4.0)"
94.180.196.148 - - [01/Jan/2015:15:59:28 +0100] "GET /wp-content/themes/purevision/styles/common-css/ie-all.css HTTP/1.0" 200 1234 "http://www.a-und-h.de/en/" "Mozilla/4.0 (compatible; MSIE 8.0; Windows NT 5.1; Trident/4.0)"
94.180.196.148 - - [01/Jan/2015:15:59:28 +0100] "GET /wp-content/themes/purevision/styles/common-css/ie6-7.css HTTP/1.0" 200 2324 "http://www.a-und-h.de/en/" "Mozilla/4.0 (compatible; MSIE 8.0; Windows NT 5.1; Trident/4.0)"
94.180.196.148 - - [01/Jan/2015:15:59:29 +0100] "GET /piwik/piwik.js HTTP/1.0" 200 18716 "http://www.a-und-h.de/en/" "Mozilla/4.0 (compatible; MSIE 8.0; Windows NT 5.1; Trident/4.0)"
94.180.196.148 - - [01/Jan/2015:15:59:29 +0100] "GET /wp-content/plugins/cookie-opt-in/js/cookie-opt-in-if.js?ver=1 HTTP/1.0" 200 1119 "http://www.a-und-h.de/en/" "Mozilla/4.0 (compatible; MSIE 8.0; Windows NT 5.1; Trident/4.0)"
94.180.196.148 - - [01/Jan/2015:15:59:29 +0100] "GET /wp-content/themes/purevision/sliders/slider_en/piecemaker.swf?random_number=7874 HTTP/1.0" 200 208139 "http://www.a-und-h.de/en/" "Mozilla/4.0 (compatible; MSIE 8.0; Windows NT 5.1; Trident/4.0)"
94.180.196.148 - - [01/Jan/2015:15:59:30 +0100] "GET /wp-content/themes/purevision/sliders/slider_en/piecemaker.xml HTTP/1.0" 200 2188 "http://www.a-und-h.de/wp-content/themes/purevision/sliders/slider_en/piecemaker.swf?random_number=7874" "Mozilla/4.0 (compatible; MSIE 8.0; Windows NT 5.1; Trident/4.0)"
94.180.196.148 - - [01/Jan/2015:15:59:30 +0100] "GET /wp-content/plugins/contact-form-7/includes/js/jquery.form.min.js?ver=3.51.0-2014.06.20 HTTP/1.0" 200 15248 "http://www.a-und-h.de/en/" "Mozilla/4.0 (compatible; MSIE 8.0; Windows NT 5.1; Trident/4.0)"
94.180.196.148 - - [01/Jan/2015:15:59:30 +0100] "GET /wp-content/plugins/contact-form-7/includes/js/scripts.js?ver=4.0.1 HTTP/1.0" 200 9658 "http://www.a-und-h.de/en/" "Mozilla/4.0 (compatible; MSIE 8.0; Windows NT 5.1; Trident/4.0)"
94.180.196.148 - - [01/Jan/2015:15:59:30 +0100] "GET /wp-content/themes/purevision/sliders/slider_en/piecemaker.css HTTP/1.0" 200 1227 "http://www.a-und-h.de/wp-content/themes/purevision/sliders/slider_en/piecemaker.swf?random_number=7874" "Mozilla/4.0 (compatible; MSIE 8.0; Windows NT 5.1; Trident/4.0)"
94.180.196.148 - - [01/Jan/2015:15:59:31 +0100] "GET /wp-content/themes/purevision/sliders/slider_en/header1.jpg HTTP/1.0" 200 78433 "http://www.a-und-h.de/wp-content/themes/purevision/sliders/slider_en/piecemaker.swf?random_number=7874" "Mozilla/4.0 (compatible; MSIE 8.0; Windows NT 5.1; Trident/4.0)"
94.180.196.148 - - [01/Jan/2015:15:59:32 +0100] "GET /wp-content/themes/purevision/sliders/slider_en/header2.jpg HTTP/1.0" 200 109946 "http://www.a-und-h.de/wp-content/themes/purevision/sliders/slider_en/piecemaker.swf?random_number=7874" "Mozilla/4.0 (compatible; MSIE 8.0; Windows NT 5.1; Trident/4.0)"
94.180.196.148 - - [01/Jan/2015:15:59:33 +0100] "GET /wp-content/themes/purevision/sliders/slider_en/header3.jpg HTTP/1.0" 200 72747 "http://www.a-und-h.de/wp-content/themes/purevision/sliders/slider_en/piecemaker.swf?random_number=7874" "Mozilla/4.0 (compatible; MSIE 8.0; Windows NT 5.1; Trident/4.0)"
85.178.126.110 - - [01/Jan/2015:15:59:57 +0100] "GET /wp-content/uploads/2012/03/MSR-Symbole+Kennbuchstaben.pdf HTTP/1.1" 200 511716 "http://www.google.de/url?sa=t&rct=j&q=&esrc=s&source=web&cd=2&sqi=2&ved=0CDoQFjAB&url=http%3A%2F%2Fwww.a-und-h.de%2Fwp-content%2Fuploads%2F2012%2F03%2FMSR-Symbole%2BKennbuchstaben.pdf&ei=3mClVLfjF4fGPemMgOgD&usg=AFQjCNH7QqWx-Vo33Ud7shqvy2hMX1jkSw&bvm=bv.82001339,d.ZWU" "Mozilla/5.0 (Windows NT 6.3; WOW64; rv:34.0) Gecko/20100101 Firefox/34.0"
85.178.126.110 - - [01/Jan/2015:15:59:58 +0100] "GET /favicon.ico HTTP/1.1" 200 1406 "-" "Mozilla/5.0 (Windows NT 6.3; WOW64; rv:34.0) Gecko/20100101 Firefox/34.0"
85.178.126.110 - - [01/Jan/2015:15:59:58 +0100] "GET /wp-content/uploads/2012/03/MSR-Symbole+Kennbuchstaben.pdf HTTP/1.1" 206 65536 "http://www.google.de/url?sa=t&rct=j&q=&esrc=s&source=web&cd=2&sqi=2&ved=0CDoQFjAB&url=http%3A%2F%2Fwww.a-und-h.de%2Fwp-content%2Fuploads%2F2012%2F03%2FMSR-Symbole%2BKennbuchstaben.pdf&ei=3mClVLfjF4fGPemMgOgD&usg=AFQjCNH7QqWx-Vo33Ud7shqvy2hMX1jkSw&bvm=bv.82001339,d.ZWU" "Mozilla/5.0 (Windows NT 6.3; WOW64; rv:34.0) Gecko/20100101 Firefox/34.0"
85.178.126.110 - - [01/Jan/2015:15:59:58 +0100] "GET /wp-content/uploads/2012/03/MSR-Symbole+Kennbuchstaben.pdf HTTP/1.1" 206 52964 "http://www.google.de/url?sa=t&rct=j&q=&esrc=s&source=web&cd=2&sqi=2&ved=0CDoQFjAB&url=http%3A%2F%2Fwww.a-und-h.de%2Fwp-content%2Fuploads%2F2012%2F03%2FMSR-Symbole%2BKennbuchstaben.pdf&ei=3mClVLfjF4fGPemMgOgD&usg=AFQjCNH7QqWx-Vo33Ud7shqvy2hMX1jkSw&bvm=bv.82001339,d.ZWU" "Mozilla/5.0 (Windows NT 6.3; WOW64; rv:34.0) Gecko/20100101 Firefox/34.0"
85.178.126.110 - - [01/Jan/2015:15:59:58 +0100] "GET /wp-content/uploads/2012/03/MSR-Symbole+Kennbuchstaben.pdf HTTP/1.1" 206 65536 "http://www.google.de/url?sa=t&rct=j&q=&esrc=s&source=web&cd=2&sqi=2&ved=0CDoQFjAB&url=http%3A%2F%2Fwww.a-und-h.de%2Fwp-content%2Fuploads%2F2012%2F03%2FMSR-Symbole%2BKennbuchstaben.pdf&ei=3mClVLfjF4fGPemMgOgD&usg=AFQjCNH7QqWx-Vo33Ud7shqvy2hMX1jkSw&bvm=bv.82001339,d.ZWU" "Mozilla/5.0 (Windows NT 6.3; WOW64; rv:34.0) Gecko/20100101 Firefox/34.0"
85.178.126.110 - - [01/Jan/2015:15:59:58 +0100] "GET /wp-content/uploads/2012/03/MSR-Symbole+Kennbuchstaben.pdf HTTP/1.1" 206 65536 "http://www.google.de/url?sa=t&rct=j&q=&esrc=s&source=web&cd=2&sqi=2&ved=0CDoQFjAB&url=http%3A%2F%2Fwww.a-und-h.de%2Fwp-content%2Fuploads%2F2012%2F03%2FMSR-Symbole%2BKennbuchstaben.pdf&ei=3mClVLfjF4fGPemMgOgD&usg=AFQjCNH7QqWx-Vo33Ud7shqvy2hMX1jkSw&bvm=bv.82001339,d.ZWU" "Mozilla/5.0 (Windows NT 6.3; WOW64; rv:34.0) Gecko/20100101 Firefox/34.0"
85.178.126.110 - - [01/Jan/2015:15:59:59 +0100] "GET /wp-content/uploads/2012/03/MSR-Symbole+Kennbuchstaben.pdf HTTP/1.1" 206 65536 "http://www.google.de/url?sa=t&rct=j&q=&esrc=s&source=web&cd=2&sqi=2&ved=0CDoQFjAB&url=http%3A%2F%2Fwww.a-und-h.de%2Fwp-content%2Fuploads%2F2012%2F03%2FMSR-Symbole%2BKennbuchstaben.pdf&ei=3mClVLfjF4fGPemMgOgD&usg=AFQjCNH7QqWx-Vo33Ud7shqvy2hMX1jkSw&bvm=bv.82001339,d.ZWU" "Mozilla/5.0 (Windows NT 6.3; WOW64; rv:34.0) Gecko/20100101 Firefox/34.0"
85.178.126.110 - - [01/Jan/2015:15:59:59 +0100] "GET /wp-content/uploads/2012/03/MSR-Symbole+Kennbuchstaben.pdf HTTP/1.1" 206 131072 "http://www.google.de/url?sa=t&rct=j&q=&esrc=s&source=web&cd=2&sqi=2&ved=0CDoQFjAB&url=http%3A%2F%2Fwww.a-und-h.de%2Fwp-content%2Fuploads%2F2012%2F03%2FMSR-Symbole%2BKennbuchstaben.pdf&ei=3mClVLfjF4fGPemMgOgD&usg=AFQjCNH7QqWx-Vo33Ud7shqvy2hMX1jkSw&bvm=bv.82001339,d.ZWU" "Mozilla/5.0 (Windows NT 6.3; WOW64; rv:34.0) Gecko/20100101 Firefox/34.0"
85.178.126.110 - - [01/Jan/2015:15:59:59 +0100] "GET /wp-content/uploads/2012/03/MSR-Symbole+Kennbuchstaben.pdf HTTP/1.1" 206 65536 "http://www.google.de/url?sa=t&rct=j&q=&esrc=s&source=web&cd=2&sqi=2&ved=0CDoQFjAB&url=http%3A%2F%2Fwww.a-und-h.de%2Fwp-content%2Fuploads%2F2012%2F03%2FMSR-Symbole%2BKennbuchstaben.pdf&ei=3mClVLfjF4fGPemMgOgD&usg=AFQjCNH7QqWx-Vo33Ud7shqvy2hMX1jkSw&bvm=bv.82001339,d.ZWU" "Mozilla/5.0 (Windows NT 6.3; WOW64; rv:34.0) Gecko/20100101 Firefox/34.0"
66.249.78.93 - - [01/Jan/2015:16:15:09 +0100] "GET /wp-content/themes/purevision/sliders/slider_de/piecemaker.swf?random_number=1124 HTTP/1.1" 200 208139 "-" "Mozilla/5.0 (iPhone; CPU iPhone OS 6_0 like Mac OS X) AppleWebKit/536.26 (KHTML, like Gecko) Version/6.0 Mobile/10A5376e Safari/8536.25 (compatible; Googlebot/2.1; +http://www.google.com/bot.html)"
198.36.86.81 - - [01/Jan/2015:16:17:54 +0100] "GET /wp-content/plugins/category-posts/cat-posts.css?ver=3.9.2 HTTP/1.1" 304 - "-" "Mozilla/4.0 (compatible;)"
220.181.108.159 - - [01/Jan/2015:16:31:13 +0100] "GET /wp-content/uploads/2012/06/Luftentfeuchter-da_160-300x225.jpg HTTP/1.1" 200 9779 "-" "Baiduspider-image+(+http://www.baidu.com/search/spider.htm)\\nReferer: http://image.baidu.com/i?ct=503316480&z=0&tn=baiduimagedetail"
207.46.13.29 - - [01/Jan/2015:16:53:12 +0100] "GET /da-510-da-610 HTTP/1.1" 200 31689 "-" "Mozilla/5.0 (compatible; bingbot/2.0; +http://www.bing.com/bingbot.htm)"
188.40.35.97 - - [01/Jan/2015:16:53:12 +0100] "POST /wp-cron.php?doing_wp_cron=1420127592.3251709938049316406250 HTTP/1.0" 200 - "-" "WordPress/4.0.1; http://www.a-und-h.de"
207.46.13.29 - - [01/Jan/2015:16:53:25 +0100] "GET /wp-content/themes/purevision/styles/custom/custom_style.php?ver=4.0.1 HTTP/1.1" 200 4550 "-" "Mozilla/5.0 (compatible; bingbot/2.0; +http://www.bing.com/bingbot.htm)"
188.40.35.97 - - [01/Jan/2015:17:08:04 +0100] "POST /wp-cron.php?doing_wp_cron=1420128484.0257120132446289062500 HTTP/1.0" 200 - "-" "WordPress/4.0.1; http://www.a-und-h.de"
62.94.206.25 - - [01/Jan/2015:17:08:03 +0100] "POST /wp-login.php HTTP/1.1" 200 3898 "http://www.a-und-h.de/wp-login.php" "Opera/9.80 (Windows NT 6.1) Presto/2.12 Version/12.14"
93.61.100.13 - - [01/Jan/2015:17:08:04 +0100] "POST /wp-login.php HTTP/1.1" 200 3898 "http://www.a-und-h.de/wp-login.php" "Mozilla/5.0 (Windows NT 6.1; rv:20.0) Gecko/20100101 Firefox/20.0"
93.54.82.22 - - [01/Jan/2015:17:08:04 +0100] "POST /wp-login.php HTTP/1.1" 200 3898 "http://www.a-und-h.de/wp-login.php" "Mozilla/5.0 (Windows NT 6.2; WOW64) AppleWebKit/537.36 (KHTML like Gecko) Chrome/28.0.1500.71 Safari/537.36"
93.61.54.115 - - [01/Jan/2015:17:08:06 +0100] "POST /wp-login.php HTTP/1.1" 200 3898 "http://www.a-und-h.de/wp-login.php" "Mozilla/5.0 (Windows NT 6.1) AppleWebKit/537.36 (KHTML like Gecko) Chrome/36.0.1985.125 Safari/537.36"
89.97.130.241 - - [01/Jan/2015:17:08:07 +0100] "POST /wp-login.php HTTP/1.1" 200 3898 "http://www.a-und-h.de/wp-login.php" "Mozilla/5.0 (Windows NT 6.3; WOW64; rv:29.0) Gecko/20100101 Firefox/29.0"
87.174.37.105 - - [01/Jan/2015:17:12:02 +0100] "GET /wp-content/uploads/2012/03/MSR-Symbole+Kennbuchstaben.pdf HTTP/1.1" 200 511716 "http://www.google.de/url?sa=t&rct=j&q=&esrc=s&source=web&cd=12&ved=0CHoQFjAL&url=http%3A%2F%2Fwww.a-und-h.de%2Fwp-content%2Fuploads%2F2012%2F03%2FMSR-Symbole%2BKennbuchstaben.pdf&ei=F3GlVNKZPM2y7QajiYCwDg&usg=AFQjCNH7QqWx-Vo33Ud7shqvy2hMX1jkSw&sig2=p7ZFycdwzPRdbSw22vZL6w&bvm=bv.82001339,d.d2s&cad=rja" "Mozilla/5.0 (X11; Ubuntu; Linux x86_64; rv:34.0) Gecko/20100101 Firefox/34.0"
87.174.37.105 - - [01/Jan/2015:17:12:03 +0100] "GET /favicon.ico HTTP/1.1" 200 1406 "-" "Mozilla/5.0 (X11; Ubuntu; Linux x86_64; rv:34.0) Gecko/20100101 Firefox/34.0"
87.174.37.105 - - [01/Jan/2015:17:12:03 +0100] "GET /wp-content/uploads/2012/03/MSR-Symbole+Kennbuchstaben.pdf HTTP/1.1" 206 65536 "http://www.google.de/url?sa=t&rct=j&q=&esrc=s&source=web&cd=12&ved=0CHoQFjAL&url=http%3A%2F%2Fwww.a-und-h.de%2Fwp-content%2Fuploads%2F2012%2F03%2FMSR-Symbole%2BKennbuchstaben.pdf&ei=F3GlVNKZPM2y7QajiYCwDg&usg=AFQjCNH7QqWx-Vo33Ud7shqvy2hMX1jkSw&sig2=p7ZFycdwzPRdbSw22vZL6w&bvm=bv.82001339,d.d2s&cad=rja" "Mozilla/5.0 (X11; Ubuntu; Linux x86_64; rv:34.0) Gecko/20100101 Firefox/34.0"
87.174.37.105 - - [01/Jan/2015:17:12:04 +0100] "GET /wp-content/uploads/2012/03/MSR-Symbole+Kennbuchstaben.pdf HTTP/1.1" 206 52964 "http://www.google.de/url?sa=t&rct=j&q=&esrc=s&source=web&cd=12&ved=0CHoQFjAL&url=http%3A%2F%2Fwww.a-und-h.de%2Fwp-content%2Fuploads%2F2012%2F03%2FMSR-Symbole%2BKennbuchstaben.pdf&ei=F3GlVNKZPM2y7QajiYCwDg&usg=AFQjCNH7QqWx-Vo33Ud7shqvy2hMX1jkSw&sig2=p7ZFycdwzPRdbSw22vZL6w&bvm=bv.82001339,d.d2s&cad=rja" "Mozilla/5.0 (X11; Ubuntu; Linux x86_64; rv:34.0) Gecko/20100101 Firefox/34.0"
87.174.37.105 - - [01/Jan/2015:17:12:05 +0100] "GET /wp-content/uploads/2012/03/MSR-Symbole+Kennbuchstaben.pdf HTTP/1.1" 206 65536 "http://www.google.de/url?sa=t&rct=j&q=&esrc=s&source=web&cd=12&ved=0CHoQFjAL&url=http%3A%2F%2Fwww.a-und-h.de%2Fwp-content%2Fuploads%2F2012%2F03%2FMSR-Symbole%2BKennbuchstaben.pdf&ei=F3GlVNKZPM2y7QajiYCwDg&usg=AFQjCNH7QqWx-Vo33Ud7shqvy2hMX1jkSw&sig2=p7ZFycdwzPRdbSw22vZL6w&bvm=bv.82001339,d.d2s&cad=rja" "Mozilla/5.0 (X11; Ubuntu; Linux x86_64; rv:34.0) Gecko/20100101 Firefox/34.0"
87.174.37.105 - - [01/Jan/2015:17:12:05 +0100] "GET /wp-content/uploads/2012/03/MSR-Symbole+Kennbuchstaben.pdf HTTP/1.1" 206 65536 "http://www.google.de/url?sa=t&rct=j&q=&esrc=s&source=web&cd=12&ved=0CHoQFjAL&url=http%3A%2F%2Fwww.a-und-h.de%2Fwp-content%2Fuploads%2F2012%2F03%2FMSR-Symbole%2BKennbuchstaben.pdf&ei=F3GlVNKZPM2y7QajiYCwDg&usg=AFQjCNH7QqWx-Vo33Ud7shqvy2hMX1jkSw&sig2=p7ZFycdwzPRdbSw22vZL6w&bvm=bv.82001339,d.d2s&cad=rja" "Mozilla/5.0 (X11; Ubuntu; Linux x86_64; rv:34.0) Gecko/20100101 Firefox/34.0"
87.174.37.105 - - [01/Jan/2015:17:12:06 +0100] "GET /wp-content/uploads/2012/03/MSR-Symbole+Kennbuchstaben.pdf HTTP/1.1" 206 65536 "http://www.google.de/url?sa=t&rct=j&q=&esrc=s&source=web&cd=12&ved=0CHoQFjAL&url=http%3A%2F%2Fwww.a-und-h.de%2Fwp-content%2Fuploads%2F2012%2F03%2FMSR-Symbole%2BKennbuchstaben.pdf&ei=F3GlVNKZPM2y7QajiYCwDg&usg=AFQjCNH7QqWx-Vo33Ud7shqvy2hMX1jkSw&sig2=p7ZFycdwzPRdbSw22vZL6w&bvm=bv.82001339,d.d2s&cad=rja" "Mozilla/5.0 (X11; Ubuntu; Linux x86_64; rv:34.0) Gecko/20100101 Firefox/34.0"
87.174.37.105 - - [01/Jan/2015:17:12:06 +0100] "GET /wp-content/uploads/2012/03/MSR-Symbole+Kennbuchstaben.pdf HTTP/1.1" 206 131072 "http://www.google.de/url?sa=t&rct=j&q=&esrc=s&source=web&cd=12&ved=0CHoQFjAL&url=http%3A%2F%2Fwww.a-und-h.de%2Fwp-content%2Fuploads%2F2012%2F03%2FMSR-Symbole%2BKennbuchstaben.pdf&ei=F3GlVNKZPM2y7QajiYCwDg&usg=AFQjCNH7QqWx-Vo33Ud7shqvy2hMX1jkSw&sig2=p7ZFycdwzPRdbSw22vZL6w&bvm=bv.82001339,d.d2s&cad=rja" "Mozilla/5.0 (X11; Ubuntu; Linux x86_64; rv:34.0) Gecko/20100101 Firefox/34.0"
87.174.37.105 - - [01/Jan/2015:17:12:07 +0100] "GET /wp-content/uploads/2012/03/MSR-Symbole+Kennbuchstaben.pdf HTTP/1.1" 206 65536 "http://www.google.de/url?sa=t&rct=j&q=&esrc=s&source=web&cd=12&ved=0CHoQFjAL&url=http%3A%2F%2Fwww.a-und-h.de%2Fwp-content%2Fuploads%2F2012%2F03%2FMSR-Symbole%2BKennbuchstaben.pdf&ei=F3GlVNKZPM2y7QajiYCwDg&usg=AFQjCNH7QqWx-Vo33Ud7shqvy2hMX1jkSw&sig2=p7ZFycdwzPRdbSw22vZL6w&bvm=bv.82001339,d.d2s&cad=rja" "Mozilla/5.0 (X11; Ubuntu; Linux x86_64; rv:34.0) Gecko/20100101 Firefox/34.0"
188.40.35.97 - - [01/Jan/2015:17:13:09 +0100] "POST /wp-cron.php?doing_wp_cron=1420128789.5120329856872558593750 HTTP/1.0" 200 - "-" "WordPress/4.0.1; http://www.a-und-h.de"
217.69.133.240 - - [01/Jan/2015:17:13:09 +0100] "GET /robots.txt HTTP/1.1" 200 35 "-" "Mozilla/5.0 (compatible; Linux x86_64; Mail.RU_Bot/2.0; +http://go.mail.ru/help/robots)"
217.69.133.237 - - [01/Jan/2015:17:13:11 +0100] "GET /wp-content/uploads/downloads/A+H_DA310_DA410_RU.pdf HTTP/1.1" 304 - "-" "Mozilla/5.0 (compatible; Linux x86_64; Mail.RU_Bot/2.0; +http://go.mail.ru/help/robots)"
217.69.133.238 - - [01/Jan/2015:17:13:12 +0100] "GET /da-250ttp-2 HTTP/1.1" 200 29414 "-" "Mozilla/5.0 (compatible; Linux x86_64; Mail.RU_Bot/2.0; +http://go.mail.ru/help/robots)"
66.249.78.79 - - [01/Jan/2015:17:15:36 +0100] "GET /robots.txt HTTP/1.1" 200 35 "-" "Mozilla/5.0 (compatible; Googlebot/2.1; +http://www.google.com/bot.html)"
66.249.78.79 - - [01/Jan/2015:17:15:36 +0100] "GET /wp-content/themes/purevision/sliders/slider_en/piecemaker.swf?random_number=9915&cssSource=http://www.a-und-h.de/wp-content/themes/purevision/sliders/slider_en/piecemaker.css&xmlSource=http://www.a-und-h.de/wp-content/themes/purevision/sliders/slider_en/piecemaker.xml HTTP/1.1" 200 208139 "-" "Googlebot-Video/1.0"
66.249.78.86 - - [01/Jan/2015:17:36:17 +0100] "GET /wp-content/themes/purevision/sliders/slider_en/piecemaker.xml HTTP/1.1" 200 2188 "-" "Mozilla/5.0 (compatible; Googlebot/2.1; +http://www.google.com/bot.html)"
188.40.35.97 - - [01/Jan/2015:17:36:37 +0100] "POST /wp-cron.php?doing_wp_cron=1420130197.6049339771270751953125 HTTP/1.0" 200 - "-" "WordPress/4.0.1; http://www.a-und-h.de"
141.8.147.20 - - [01/Jan/2015:17:36:37 +0100] "GET /robots.txt HTTP/1.1" 200 35 "-" "Mozilla/5.0 (compatible; YandexBot/3.0; +http://yandex.com/bots)"
188.40.35.97 - - [01/Jan/2015:17:46:46 +0100] "POST /wp-cron.php?doing_wp_cron=1420130806.9774301052093505859375 HTTP/1.0" 200 - "-" "WordPress/4.0.1; http://www.a-und-h.de"
207.46.13.29 - - [01/Jan/2015:17:46:46 +0100] "GET /robots.txt HTTP/1.1" 200 35 "-" "Mozilla/5.0 (compatible; bingbot/2.0; +http://www.bing.com/bingbot.htm)"
207.46.13.29 - - [01/Jan/2015:17:46:55 +0100] "GET /wp-content/uploads/downloads/a+h_luftentfeuchter_da_160_da_250.pdf HTTP/1.1" 200 2077482 "-" "Mozilla/5.0 (compatible; bingbot/2.0; +http://www.bing.com/bingbot.htm)"
207.46.13.11 - - [01/Jan/2015:17:55:02 +0100] "GET /wp-content/plugins/wp-table-reloaded/css/datatables.css?ver=1.9.4 HTTP/1.1" 200 2329 "-" "Mozilla/5.0 (compatible; bingbot/2.0; +http://www.bing.com/bingbot.htm)"
66.249.78.86 - - [01/Jan/2015:17:58:58 +0100] "GET /sitemap.xml HTTP/1.1" 404 22049 "-" "Mozilla/5.0 (compatible; Googlebot/2.1; +http://www.google.com/bot.html)"
188.40.35.97 - - [01/Jan/2015:17:58:58 +0100] "POST /wp-cron.php?doing_wp_cron=1420131538.5793600082397460937500 HTTP/1.0" 200 - "-" "WordPress/4.0.1; http://www.a-und-h.de"
134.249.51.137 - - [01/Jan/2015:18:02:34 +0100] "GET / HTTP/1.1" 302 - "http://www.filmsland.org/" "Mozilla/4.0 (compatible; MSIE 6.0; AOL 9.0; Windows NT 5.1)"
188.40.35.97 - - [01/Jan/2015:18:02:34 +0100] "POST /wp-cron.php?doing_wp_cron=1420131754.4114780426025390625000 HTTP/1.0" 200 - "-" "WordPress/4.0.1; http://www.a-und-h.de"
134.249.51.137 - - [01/Jan/2015:18:02:38 +0100] "GET / HTTP/1.1" 302 - "http://www.filmsland.org/" "Mozilla/4.0 (compatible; MSIE 6.0; AOL 9.0; Windows NT 5.1)"
134.249.51.137 - - [01/Jan/2015:18:02:38 +0100] "GET / HTTP/1.1" 302 - "http://www.filmsland.org/" "Mozilla/4.0 (compatible; MSIE 6.0; AOL 9.0; Windows NT 5.1)"
188.40.35.97 - - [01/Jan/2015:18:10:30 +0100] "POST /wp-cron.php?doing_wp_cron=1420132230.0607810020446777343750 HTTP/1.0" 200 - "-" "WordPress/4.0.1; http://www.a-und-h.de"
141.8.147.20 - - [01/Jan/2015:18:10:29 +0100] "GET /air-dehumidification/principle-of-air-dehumidification HTTP/1.1" 200 22248 "-" "Mozilla/5.0 (compatible; YandexBot/3.0; +http://yandex.com/bots)"
188.40.35.97 - - [01/Jan/2015:18:28:38 +0100] "POST /wp-cron.php?doing_wp_cron=1420133318.5684549808502197265625 HTTP/1.0" 200 - "-" "WordPress/4.0.1; http://www.a-und-h.de"
66.249.78.93 - - [01/Jan/2015:18:28:38 +0100] "GET /files/luftentfeuchter_da_160_da_250.pdf HTTP/1.1" 404 21295 "-" "Mozilla/5.0 (iPhone; CPU iPhone OS 6_0 like Mac OS X) AppleWebKit/536.26 (KHTML, like Gecko) Version/6.0 Mobile/10A5376e Safari/8536.25 (compatible; Googlebot/2.1; +http://www.google.com/bot.html)"
66.249.78.79 - - [01/Jan/2015:18:29:22 +0100] "GET /pdf/Typenblatt%20DL%201000-1500%20NEU%202009-03-10.pdf HTTP/1.1" 404 22092 "-" "Googlebot/2.1 (+http://www.google.com/bot.html)"
188.40.35.97 - - [01/Jan/2015:18:32:12 +0100] "POST /wp-cron.php?doing_wp_cron=1420133532.4921400547027587890625 HTTP/1.0" 200 - "-" "WordPress/4.0.1; http://www.a-und-h.de"
66.249.78.93 - - [01/Jan/2015:18:32:12 +0100] "GET /dl-700-1500 HTTP/1.1" 404 21237 "-" "Mozilla/5.0 (iPhone; CPU iPhone OS 6_0 like Mac OS X) AppleWebKit/536.26 (KHTML, like Gecko) Version/6.0 Mobile/10A5376e Safari/8536.25 (compatible; Googlebot/2.1; +http://www.google.com/bot.html)"
188.40.35.97 - - [01/Jan/2015:18:39:24 +0100] "POST /wp-cron.php?doing_wp_cron=1420133964.2120680809020996093750 HTTP/1.0" 200 - "-" "WordPress/4.0.1; http://www.a-und-h.de"
66.249.78.93 - - [01/Jan/2015:18:39:24 +0100] "GET /de/ HTTP/1.1" 200 26581 "-" "Mozilla/5.0 (compatible; Googlebot/2.1; +http://www.google.com/bot.html)"
188.40.35.97 - - [01/Jan/2015:18:49:10 +0100] "POST /wp-cron.php?doing_wp_cron=1420134550.4343280792236328125000 HTTP/1.0" 200 - "-" "WordPress/4.0.1; http://www.a-und-h.de"
217.69.133.235 - - [01/Jan/2015:18:49:10 +0100] "GET /robots.txt HTTP/1.1" 200 35 "-" "Mozilla/5.0 (compatible; Linux x86_64; Mail.RU_Bot/2.0; +http://go.mail.ru/help/robots)"
217.69.133.234 - - [01/Jan/2015:18:49:12 +0100] "GET /wp-content/uploads/downloads/A+H_DA160_DA250_RU.pdf HTTP/1.1" 304 - "-" "Mozilla/5.0 (compatible; Linux x86_64; Mail.RU_Bot/2.0; +http://go.mail.ru/help/robots)"
217.69.133.236 - - [01/Jan/2015:18:49:14 +0100] "GET /unternehmen/karriere HTTP/1.1" 301 - "-" "Mozilla/5.0 (compatible; Linux x86_64; Mail.RU_Bot/2.0; +http://go.mail.ru/help/robots)"
217.69.133.240 - - [01/Jan/2015:18:49:15 +0100] "GET /karriere-bei-ah HTTP/1.1" 200 26034 "-" "Mozilla/5.0 (compatible; Linux x86_64; Mail.RU_Bot/2.0; +http://go.mail.ru/help/robots)"
217.69.133.238 - - [01/Jan/2015:18:49:21 +0100] "GET /luftentfeuchtung/prinzip HTTP/1.1" 200 24304 "-" "Mozilla/5.0 (compatible; Linux x86_64; Mail.RU_Bot/2.0; +http://go.mail.ru/help/robots)"
188.40.35.97 - - [01/Jan/2015:18:59:03 +0100] "POST /wp-cron.php?doing_wp_cron=1420135143.8923199176788330078125 HTTP/1.0" 200 - "-" "WordPress/4.0.1; http://www.a-und-h.de"
207.46.13.11 - - [01/Jan/2015:18:59:03 +0100] "GET /produkte HTTP/1.1" 200 26150 "-" "Mozilla/5.0 (compatible; bingbot/2.0; +http://www.bing.com/bingbot.htm)"
188.40.35.97 - - [01/Jan/2015:19:16:46 +0100] "POST /wp-cron.php?doing_wp_cron=1420136206.0060100555419921875000 HTTP/1.0" 200 - "-" "WordPress/4.0.1; http://www.a-und-h.de"
123.125.71.73 - - [01/Jan/2015:19:16:45 +0100] "GET /unternehmen HTTP/1.1" 200 25434 "-" "Mozilla/5.0 (compatible; Baiduspider/2.0; +http://www.baidu.com/search/spider.html)"
141.8.147.20 - - [01/Jan/2015:19:23:06 +0100] "GET /wp-content/uploads/downloads/Datasheet-DA160-DA250.pdf HTTP/1.1" 200 2052725 "-" "Mozilla/5.0 (compatible; YandexBot/3.0; +http://yandex.com/bots)"
220.181.108.97 - - [01/Jan/2015:19:23:26 +0100] "GET /wp-content/themes/purevision/scripts/superfish-1.4.8/css/superfish.css?ver=1.0 HTTP/1.1" 200 3275 "http://www.a-und-h.de/unternehmen" "Mozilla/5.0 (compatible; Baiduspider/2.0; +http://www.baidu.com/search/spider.html)"
220.181.108.166 - - [01/Jan/2015:19:23:26 +0100] "GET /wp-content/themes/purevision/style.css?ver=1.0 HTTP/1.1" 200 885 "http://www.a-und-h.de/unternehmen" "Mozilla/5.0 (compatible; Baiduspider/2.0; +http://www.baidu.com/search/spider.html)"
220.181.108.93 - - [01/Jan/2015:19:23:26 +0100] "GET /wp-content/themes/purevision/styles/style1/css/style.css?ver=1.0 HTTP/1.1" 200 72108 "http://www.a-und-h.de/unternehmen" "Mozilla/5.0 (compatible; Baiduspider/2.0; +http://www.baidu.com/search/spider.html)"
220.181.108.101 - - [01/Jan/2015:19:23:26 +0100] "GET /wp-content/themes/purevision/styles/custom/custom_style.php?ver=4.0.1 HTTP/1.1" 200 4550 "http://www.a-und-h.de/unternehmen" "Mozilla/5.0 (compatible; Baiduspider/2.0; +http://www.baidu.com/search/spider.html)"
220.181.108.155 - - [01/Jan/2015:19:23:26 +0100] "GET /wp-includes/js/jquery/jquery.js?ver=1.11.1 HTTP/1.1" 200 95807 "http://www.a-und-h.de/unternehmen" "Mozilla/5.0 (compatible; Baiduspider/2.0; +http://www.baidu.com/search/spider.html)"
188.40.35.97 - - [01/Jan/2015:19:23:27 +0100] "POST /wp-cron.php?doing_wp_cron=1420136607.1874039173126220703125 HTTP/1.0" 200 - "-" "WordPress/4.0.1; http://www.a-und-h.de"
220.181.108.80 - - [01/Jan/2015:19:23:30 +0100] "GET /wp-content/plugins/snow-storm/snow-storm.js?ver=1.41 HTTP/1.1" 200 9852 "http://www.a-und-h.de/unternehmen" "Mozilla/5.0 (compatible; Baiduspider/2.0; +http://www.baidu.com/search/spider.html)"
220.181.108.174 - - [01/Jan/2015:19:23:32 +0100] "GET /piwik/piwik.js HTTP/1.1" 200 18716 "http://www.a-und-h.de/unternehmen" "Mozilla/5.0 (compatible; Baiduspider/2.0; +http://www.baidu.com/search/spider.html)"
123.125.71.105 - - [01/Jan/2015:19:23:33 +0100] "GET /robots.txt HTTP/1.1" 301 315 "-" "Mozilla/5.0 (Windows NT 5.1; rv:6.0.2) Gecko/20100101 Firefox/6.0.2"
220.181.108.119 - - [01/Jan/2015:19:23:33 +0100] "GET /wp-includes/js/comment-reply.min.js?ver=4.0.1 HTTP/1.1" 200 757 "http://www.a-und-h.de/unternehmen" "Mozilla/5.0 (compatible; Baiduspider/2.0; +http://www.baidu.com/search/spider.html)"
220.181.108.165 - - [01/Jan/2015:19:23:34 +0100] "GET /wp-content/plugins/contact-form-7/includes/js/scripts.js?ver=4.0.1 HTTP/1.1" 200 9658 "http://www.a-und-h.de/unternehmen" "Mozilla/5.0 (compatible; Baiduspider/2.0; +http://www.baidu.com/search/spider.html)"
123.125.71.106 - - [01/Jan/2015:19:23:34 +0100] "GET /robots.txt HTTP/1.1" 200 35 "-" "Mozilla/5.0 (Windows NT 5.1; rv:6.0.2) Gecko/20100101 Firefox/6.0.2"
220.181.108.140 - - [01/Jan/2015:19:23:33 +0100] "GET /piwik/piwik.php?action_name=Informationen%20%C3%BCber%20das%20Unternehmen%20%7C%20A%2BH%20Adsorp&idsite=1&rec=1&r=770236&h=2&m=23&s=32&url=http%3A%2F%2Fwww.a-und-h.de%2Funternehmen&_id=171f5464fed59d29&_idts=1420136612&_idvc=1&_idn=1&_refts=0&_viewts=1420136612&res=1600x1600&cookie=1 HTTP/1.1" 200 43 "http://www.a-und-h.de/unternehmen" "Mozilla/5.0 (compatible; Baiduspider/2.0; +http://www.baidu.com/search/spider.html)"
188.40.35.97 - - [01/Jan/2015:19:30:48 +0100] "POST /wp-cron.php?doing_wp_cron=1420137048.1674230098724365234375 HTTP/1.0" 200 - "-" "WordPress/4.0.1; http://www.a-und-h.de"
66.249.78.79 - - [01/Jan/2015:19:30:47 +0100] "GET /pdf/Typenblatt%20DA%20510%20NEU%202009-03-10.pdf HTTP/1.1" 404 22086 "-" "Googlebot/2.1 (+http://www.google.com/bot.html)"
198.36.86.81 - - [01/Jan/2015:19:39:35 +0100] "GET /wp-content/uploads/2012/03/Header-anlagenbau3.jpg HTTP/1.1" 304 - "-" "Mozilla/4.0 (compatible;)"
188.40.35.97 - - [01/Jan/2015:19:41:02 +0100] "POST /wp-cron.php?doing_wp_cron=1420137662.0160501003265380859375 HTTP/1.0" 200 - "-" "WordPress/4.0.1; http://www.a-und-h.de"
94.216.248.166 - - [01/Jan/2015:19:41:03 +0100] "GET /wp-content/plugins/cookie-opt-in/css/style.css?ver=4.0.1 HTTP/1.1" 200 2316 "http://www.a-und-h.de/produkte/anlagenbau?gclid=Cj0KEQiA_ZOlBRD64c7-gOzvrP0BEiQAAYBnd5AsdDP4za-3mvVVJpHhWlOpBhue8s9UCuT-OvFGYBwaAh1p8P8HAQ" "Mozilla/5.0 (Windows NT 6.1; WOW64; rv:34.0) Gecko/20100101 Firefox/34.0"
94.216.248.166 - - [01/Jan/2015:19:41:03 +0100] "GET /wp-content/plugins/category-posts/cat-posts.css?ver=4.0.1 HTTP/1.1" 200 833 "http://www.a-und-h.de/produkte/anlagenbau?gclid=Cj0KEQiA_ZOlBRD64c7-gOzvrP0BEiQAAYBnd5AsdDP4za-3mvVVJpHhWlOpBhue8s9UCuT-OvFGYBwaAh1p8P8HAQ" "Mozilla/5.0 (Windows NT 6.1; WOW64; rv:34.0) Gecko/20100101 Firefox/34.0"
94.216.248.166 - - [01/Jan/2015:19:41:03 +0100] "GET /wp-content/plugins/contact-form-7/includes/css/styles.css?ver=4.0.1 HTTP/1.1" 200 1103 "http://www.a-und-h.de/produkte/anlagenbau?gclid=Cj0KEQiA_ZOlBRD64c7-gOzvrP0BEiQAAYBnd5AsdDP4za-3mvVVJpHhWlOpBhue8s9UCuT-OvFGYBwaAh1p8P8HAQ" "Mozilla/5.0 (Windows NT 6.1; WOW64; rv:34.0) Gecko/20100101 Firefox/34.0"
94.216.248.166 - - [01/Jan/2015:19:41:01 +0100] "GET /produkte/anlagenbau?gclid=Cj0KEQiA_ZOlBRD64c7-gOzvrP0BEiQAAYBnd5AsdDP4za-3mvVVJpHhWlOpBhue8s9UCuT-OvFGYBwaAh1p8P8HAQ HTTP/1.1" 200 26863 "http://www.google.de/aclk?sa=L&ai=CWS-6ppSlVNb8AoWhygOFqoH4CPLY_4cGopuC77AB6tWVjzAIABABKANglfr8gZQHyAEBqQLQFdMqDUy0PqoEKk_Q_0jSxFqa4ARcyOEbLhcWDgNWd9LiT_EaWbNXjJ6ocI_y9qpg5iNWCIAHuu-TKogHAZAHAqgHpr4b&sig=AOD64_3KIqdEQBgHF_ES7WWefKOCLmAq9A&rct=j&q=&ved=0CCMQ0Qw&adurl=http://www.a-und-h.de/produkte/anlagenbau" "Mozilla/5.0 (Windows NT 6.1; WOW64; rv:34.0) Gecko/20100101 Firefox/34.0"
94.216.248.166 - - [01/Jan/2015:19:41:03 +0100] "GET /wp-content/plugins/wp-slimbox2/css/slimbox2.css?ver=1.1 HTTP/1.1" 200 917 "http://www.a-und-h.de/produkte/anlagenbau?gclid=Cj0KEQiA_ZOlBRD64c7-gOzvrP0BEiQAAYBnd5AsdDP4za-3mvVVJpHhWlOpBhue8s9UCuT-OvFGYBwaAh1p8P8HAQ" "Mozilla/5.0 (Windows NT 6.1; WOW64; rv:34.0) Gecko/20100101 Firefox/34.0"
94.216.248.166 - - [01/Jan/2015:19:41:03 +0100] "GET /wp-content/themes/purevision/styles/common-css/reset.css?ver=1.0 HTTP/1.1" 200 1004 "http://www.a-und-h.de/produkte/anlagenbau?gclid=Cj0KEQiA_ZOlBRD64c7-gOzvrP0BEiQAAYBnd5AsdDP4za-3mvVVJpHhWlOpBhue8s9UCuT-OvFGYBwaAh1p8P8HAQ" "Mozilla/5.0 (Windows NT 6.1; WOW64; rv:34.0) Gecko/20100101 Firefox/34.0"
94.216.248.166 - - [01/Jan/2015:19:41:03 +0100] "GET /wp-content/themes/purevision/styles/style1/css/text.css?ver=1.0 HTTP/1.1" 200 1819 "http://www.a-und-h.de/produkte/anlagenbau?gclid=Cj0KEQiA_ZOlBRD64c7-gOzvrP0BEiQAAYBnd5AsdDP4za-3mvVVJpHhWlOpBhue8s9UCuT-OvFGYBwaAh1p8P8HAQ" "Mozilla/5.0 (Windows NT 6.1; WOW64; rv:34.0) Gecko/20100101 Firefox/34.0"
94.216.248.166 - - [01/Jan/2015:19:41:03 +0100] "GET /wp-content/themes/purevision/styles/common-css/960.css?ver=1.0 HTTP/1.1" 200 7707 "http://www.a-und-h.de/produkte/anlagenbau?gclid=Cj0KEQiA_ZOlBRD64c7-gOzvrP0BEiQAAYBnd5AsdDP4za-3mvVVJpHhWlOpBhue8s9UCuT-OvFGYBwaAh1p8P8HAQ" "Mozilla/5.0 (Windows NT 6.1; WOW64; rv:34.0) Gecko/20100101 Firefox/34.0"
94.216.248.166 - - [01/Jan/2015:19:41:03 +0100] "GET /wp-content/themes/purevision/scripts/superfish-1.4.8/css/superfish.css?ver=1.0 HTTP/1.1" 200 3275 "http://www.a-und-h.de/produkte/anlagenbau?gclid=Cj0KEQiA_ZOlBRD64c7-gOzvrP0BEiQAAYBnd5AsdDP4za-3mvVVJpHhWlOpBhue8s9UCuT-OvFGYBwaAh1p8P8HAQ" "Mozilla/5.0 (Windows NT 6.1; WOW64; rv:34.0) Gecko/20100101 Firefox/34.0"
94.216.248.166 - - [01/Jan/2015:19:41:03 +0100] "GET /wp-content/themes/purevision/style.css?ver=1.0 HTTP/1.1" 200 885 "http://www.a-und-h.de/produkte/anlagenbau?gclid=Cj0KEQiA_ZOlBRD64c7-gOzvrP0BEiQAAYBnd5AsdDP4za-3mvVVJpHhWlOpBhue8s9UCuT-OvFGYBwaAh1p8P8HAQ" "Mozilla/5.0 (Windows NT 6.1; WOW64; rv:34.0) Gecko/20100101 Firefox/34.0"
94.216.248.166 - - [01/Jan/2015:19:41:03 +0100] "GET /wp-includes/js/jquery/jquery-migrate.min.js?ver=1.2.1 HTTP/1.1" 200 7200 "http://www.a-und-h.de/produkte/anlagenbau?gclid=Cj0KEQiA_ZOlBRD64c7-gOzvrP0BEiQAAYBnd5AsdDP4za-3mvVVJpHhWlOpBhue8s9UCuT-OvFGYBwaAh1p8P8HAQ" "Mozilla/5.0 (Windows NT 6.1; WOW64; rv:34.0) Gecko/20100101 Firefox/34.0"
94.216.248.166 - - [01/Jan/2015:19:41:03 +0100] "GET /wp-content/themes/purevision/styles/custom/custom_style.php?ver=4.0.1 HTTP/1.1" 200 4550 "http://www.a-und-h.de/produkte/anlagenbau?gclid=Cj0KEQiA_ZOlBRD64c7-gOzvrP0BEiQAAYBnd5AsdDP4za-3mvVVJpHhWlOpBhue8s9UCuT-OvFGYBwaAh1p8P8HAQ" "Mozilla/5.0 (Windows NT 6.1; WOW64; rv:34.0) Gecko/20100101 Firefox/34.0"
94.216.248.166 - - [01/Jan/2015:19:41:03 +0100] "GET /wp-content/themes/purevision/styles/style1/css/style.css?ver=1.0 HTTP/1.1" 200 72108 "http://www.a-und-h.de/produkte/anlagenbau?gclid=Cj0KEQiA_ZOlBRD64c7-gOzvrP0BEiQAAYBnd5AsdDP4za-3mvVVJpHhWlOpBhue8s9UCuT-OvFGYBwaAh1p8P8HAQ" "Mozilla/5.0 (Windows NT 6.1; WOW64; rv:34.0) Gecko/20100101 Firefox/34.0"
94.216.248.166 - - [01/Jan/2015:19:41:03 +0100] "GET /wp-content/plugins/cookie-opt-in/js/cookie-opt-in.js?ver=1 HTTP/1.1" 200 9405 "http://www.a-und-h.de/produkte/anlagenbau?gclid=Cj0KEQiA_ZOlBRD64c7-gOzvrP0BEiQAAYBnd5AsdDP4za-3mvVVJpHhWlOpBhue8s9UCuT-OvFGYBwaAh1p8P8HAQ" "Mozilla/5.0 (Windows NT 6.1; WOW64; rv:34.0) Gecko/20100101 Firefox/34.0"
94.216.248.166 - - [01/Jan/2015:19:41:03 +0100] "GET /wp-content/plugins/snow-storm/snow-storm.js?ver=1.41 HTTP/1.1" 200 9852 "http://www.a-und-h.de/produkte/anlagenbau?gclid=Cj0KEQiA_ZOlBRD64c7-gOzvrP0BEiQAAYBnd5AsdDP4za-3mvVVJpHhWlOpBhue8s9UCuT-OvFGYBwaAh1p8P8HAQ" "Mozilla/5.0 (Windows NT 6.1; WOW64; rv:34.0) Gecko/20100101 Firefox/34.0"
94.216.248.166 - - [01/Jan/2015:19:41:03 +0100] "GET /wp-content/plugins/wp-slimbox2/javascript/slimbox2.js?ver=2.04 HTTP/1.1" 200 3777 "http://www.a-und-h.de/produkte/anlagenbau?gclid=Cj0KEQiA_ZOlBRD64c7-gOzvrP0BEiQAAYBnd5AsdDP4za-3mvVVJpHhWlOpBhue8s9UCuT-OvFGYBwaAh1p8P8HAQ" "Mozilla/5.0 (Windows NT 6.1; WOW64; rv:34.0) Gecko/20100101 Firefox/34.0"
94.216.248.166 - - [01/Jan/2015:19:41:03 +0100] "GET /wp-includes/js/jquery/jquery.js?ver=1.11.1 HTTP/1.1" 200 95807 "http://www.a-und-h.de/produkte/anlagenbau?gclid=Cj0KEQiA_ZOlBRD64c7-gOzvrP0BEiQAAYBnd5AsdDP4za-3mvVVJpHhWlOpBhue8s9UCuT-OvFGYBwaAh1p8P8HAQ" "Mozilla/5.0 (Windows NT 6.1; WOW64; rv:34.0) Gecko/20100101 Firefox/34.0"
94.216.248.166 - - [01/Jan/2015:19:41:04 +0100] "GET /wp-content/plugins/wp-slimbox2/javascript/slimbox2_autoload.js?ver=1.0.4b HTTP/1.1" 200 3027 "http://www.a-und-h.de/produkte/anlagenbau?gclid=Cj0KEQiA_ZOlBRD64c7-gOzvrP0BEiQAAYBnd5AsdDP4za-3mvVVJpHhWlOpBhue8s9UCuT-OvFGYBwaAh1p8P8HAQ" "Mozilla/5.0 (Windows NT 6.1; WOW64; rv:34.0) Gecko/20100101 Firefox/34.0"
94.216.248.166 - - [01/Jan/2015:19:41:04 +0100] "GET /wp-content/themes/purevision/scripts/superfish-1.4.8/js/superfish.combined.js?ver=1.0.0 HTTP/1.1" 200 5387 "http://www.a-und-h.de/produkte/anlagenbau?gclid=Cj0KEQiA_ZOlBRD64c7-gOzvrP0BEiQAAYBnd5AsdDP4za-3mvVVJpHhWlOpBhue8s9UCuT-OvFGYBwaAh1p8P8HAQ" "Mozilla/5.0 (Windows NT 6.1; WOW64; rv:34.0) Gecko/20100101 Firefox/34.0"
94.216.248.166 - - [01/Jan/2015:19:41:04 +0100] "GET /wp-content/themes/purevision/scripts/script.js?ver=1.0 HTTP/1.1" 200 7495 "http://www.a-und-h.de/produkte/anlagenbau?gclid=Cj0KEQiA_ZOlBRD64c7-gOzvrP0BEiQAAYBnd5AsdDP4za-3mvVVJpHhWlOpBhue8s9UCuT-OvFGYBwaAh1p8P8HAQ" "Mozilla/5.0 (Windows NT 6.1; WOW64; rv:34.0) Gecko/20100101 Firefox/34.0"
94.216.248.166 - - [01/Jan/2015:19:41:04 +0100] "GET /wp-content/plugins/newsletter/subscription/styles/widget-neutral.css HTTP/1.1" 200 1018 "http://www.a-und-h.de/produkte/anlagenbau?gclid=Cj0KEQiA_ZOlBRD64c7-gOzvrP0BEiQAAYBnd5AsdDP4za-3mvVVJpHhWlOpBhue8s9UCuT-OvFGYBwaAh1p8P8HAQ" "Mozilla/5.0 (Windows NT 6.1; WOW64; rv:34.0) Gecko/20100101 Firefox/34.0"
94.216.248.166 - - [01/Jan/2015:19:41:04 +0100] "GET /wp-content/plugins/cookie-opt-in/js/cookie-opt-in-if.js?ver=1 HTTP/1.1" 200 1119 "http://www.a-und-h.de/produkte/anlagenbau?gclid=Cj0KEQiA_ZOlBRD64c7-gOzvrP0BEiQAAYBnd5AsdDP4za-3mvVVJpHhWlOpBhue8s9UCuT-OvFGYBwaAh1p8P8HAQ" "Mozilla/5.0 (Windows NT 6.1; WOW64; rv:34.0) Gecko/20100101 Firefox/34.0"
94.216.248.166 - - [01/Jan/2015:19:41:04 +0100] "GET /wp-includes/js/comment-reply.min.js?ver=4.0.1 HTTP/1.1" 200 757 "http://www.a-und-h.de/produkte/anlagenbau?gclid=Cj0KEQiA_ZOlBRD64c7-gOzvrP0BEiQAAYBnd5AsdDP4za-3mvVVJpHhWlOpBhue8s9UCuT-OvFGYBwaAh1p8P8HAQ" "Mozilla/5.0 (Windows NT 6.1; WOW64; rv:34.0) Gecko/20100101 Firefox/34.0"
94.216.248.166 - - [01/Jan/2015:19:41:04 +0100] "GET /wp-content/plugins/contact-form-7/includes/js/scripts.js?ver=4.0.1 HTTP/1.1" 200 9658 "http://www.a-und-h.de/produkte/anlagenbau?gclid=Cj0KEQiA_ZOlBRD64c7-gOzvrP0BEiQAAYBnd5AsdDP4za-3mvVVJpHhWlOpBhue8s9UCuT-OvFGYBwaAh1p8P8HAQ" "Mozilla/5.0 (Windows NT 6.1; WOW64; rv:34.0) Gecko/20100101 Firefox/34.0"
94.216.248.166 - - [01/Jan/2015:19:41:04 +0100] "GET /wp-content/plugins/wp-table-reloaded/css/plugin.css?ver=1.9.4 HTTP/1.1" 200 980 "http://www.a-und-h.de/produkte/anlagenbau?gclid=Cj0KEQiA_ZOlBRD64c7-gOzvrP0BEiQAAYBnd5AsdDP4za-3mvVVJpHhWlOpBhue8s9UCuT-OvFGYBwaAh1p8P8HAQ" "Mozilla/5.0 (Windows NT 6.1; WOW64; rv:34.0) Gecko/20100101 Firefox/34.0"
